
--
-- Table structure for table `projektiosallistuja`
--

CREATE TABLE `projektiosallistuja` (
  `projekti` int(11) NOT NULL,
  `kustannuspaikka` int(11) NOT NULL,
  `rooli` varchar(200) DEFAULT NULL,
  PRIMARY KEY (`projekti`,`kustannuspaikka`)
) ENGINE=MyISAM DEFAULT CHARSET=latin1;

--
-- Dumping data for table `projektiosallistuja`
--

INSERT INTO `projektiosallistuja` VALUES (2,8,NULL),(24,8,NULL),(25,8,NULL),(26,35,NULL),(35,50,NULL),(34,50,NULL),(29,36,NULL),(30,36,NULL),(31,36,NULL),(32,36,NULL),(36,24,NULL),(37,46,NULL),(38,46,NULL),(39,14,NULL),(40,14,NULL),(41,14,NULL),(42,14,NULL),(43,36,NULL),(47,51,NULL),(48,51,NULL),(49,49,NULL),(50,501,NULL),(51,8,NULL),(52,51,NULL),(53,51,NULL),(54,46,NULL),(55,14,NULL),(56,14,NULL),(57,14,NULL),(58,14,NULL);

--
-- Table structure for table `projektit`
--

CREATE TABLE `projektit` (
  `no` int(11) NOT NULL AUTO_INCREMENT COMMENT 'Projektinumero',
  `nimi` varchar(35) NOT NULL COMMENT 'Projektin nimi',
  `asiakas` int(11) DEFAULT NULL COMMENT 'Projektin asiakas',
  `laskutettu` double DEFAULT NULL,
  `kulut` double DEFAULT NULL,
  `aloitettu` date NOT NULL DEFAULT '0000-00-00' COMMENT 'Aloitusaika',
  `lopetettu` date NOT NULL DEFAULT '0000-00-00' COMMENT 'Lopetusaika',
  PRIMARY KEY (`no`)
) ENGINE=MyISAM AUTO_INCREMENT=59 DEFAULT CHARSET=latin1 COMMENT='Kustannuspaikan kaltainen toinen dimensio kirjanpitovienneis';

--
-- Dumping data for table `projektit`
--

INSERT INTO `projektit` VALUES (36,'lehtijutut01',70,NULL,NULL,'2014-11-03','0000-00-00'),(2,'Tulotili',331,NULL,NULL,'2013-03-09','0000-00-00'),(30,'30V',358,NULL,NULL,'2014-08-11','0000-00-00'),(31,'CERACON',358,NULL,NULL,'2014-08-11','0000-00-00'),(32,'KONST & FORM',480,NULL,NULL,'2014-08-11','0000-00-00'),(34,'SYKE',489,NULL,NULL,'2014-09-04','0000-00-00'),(29,'SOKERI',480,NULL,NULL,'2014-08-11','0000-00-00'),(35,'KERTAKEIKAT',492,NULL,NULL,'2014-10-16','0000-00-00'),(27,'Acamedia, intra',0,NULL,NULL,'2014-06-23','0000-00-00'),(26,'Ilmo Kaivos- ja louhintatekniikka, ',328,NULL,NULL,'2014-05-13','0000-00-00'),(25,'Aca-Työsuhde',473,NULL,NULL,'2009-01-01','0000-00-00'),(24,'FP-Työsuhde',217,NULL,NULL,'2013-11-01','0000-00-00'),(37,'Aarikka',437,NULL,NULL,'2014-09-01','0000-00-00'),(38,'acaPR etc.',504,NULL,NULL,'2014-09-01','0000-00-00'),(39,'Kik',349,NULL,NULL,'2015-02-01','0000-00-00'),(40,'Kuvausvalmistelut + kuvatoimitus',349,NULL,NULL,'2015-02-26','0000-00-00'),(41,'Kuvankäsittely',349,NULL,NULL,'2015-02-05','0000-00-00'),(42,'Kuvasalkku',520,NULL,NULL,'2015-02-01','0000-00-00'),(43,'Koristelutyöpaja',502,NULL,NULL,'2014-11-28','0000-00-00'),(47,'editointi',527,NULL,NULL,'2015-07-17','2015-07-22'),(48,'sisällöntuotanto',527,NULL,NULL,'2015-07-23','2015-11-13'),(49,'Taloushallinto',542,NULL,NULL,'2015-04-05','0000-00-00'),(50,'Hallintotyöt',544,NULL,NULL,'2015-11-02','0000-00-00'),(51,'MangHallintotyö',548,NULL,NULL,'2016-01-01','0000-00-00'),(52,'tuottaja',527,NULL,NULL,'2016-01-09','2016-01-31'),(53,'tuottaja 2',527,NULL,NULL,'2016-01-09','2016-01-31'),(54,'suunnittelu',523,NULL,NULL,'2015-01-18','0000-00-00'),(55,'Kik',349,NULL,NULL,'2015-11-01','0000-00-00'),(56,'Kik/kuvituskuvat',349,NULL,NULL,'2016-01-01','0000-00-00'),(57,'Kik/kuvankäsittelyj.',349,NULL,NULL,'2016-03-01','0000-00-00'),(58,'Kik_Hakemistot + kuvankäsittelyt',349,NULL,NULL,'2016-02-20','0000-00-00');

--
-- Table structure for table `projektityopanos`
--

CREATE TABLE `projektityopanos` (
  `projekti` int(11) NOT NULL COMMENT 'Viittaa projekteihin',
  `kustannuspaikka` int(11) NOT NULL COMMENT 'Viittaa kustannuspaikkoihin',
  `tyo` varchar(150) DEFAULT NULL COMMENT 'Työn kuvaus',
  `pvm` date NOT NULL DEFAULT '0000-00-00' COMMENT 'Työnteon pvm',
  `tunnit` float DEFAULT NULL COMMENT 'Tehty tuntimäärä',
  `tallennuspvm` date DEFAULT '0000-00-00' COMMENT 'Tallennuksen pvm',
  PRIMARY KEY (`projekti`,`kustannuspaikka`,`pvm`)
) ENGINE=MyISAM DEFAULT CHARSET=latin1;

--
-- Dumping data for table `projektityopanos`
--

INSERT INTO `projektityopanos` VALUES (25,8,'Taloushallinto','2014-03-10',4,'2014-06-18'),(25,8,'Taloushallinto','2014-03-11',5,'2014-06-18'),(25,8,'Taloushallinto','2014-03-12',4,'2014-06-18'),(25,8,'Taloushallinto','2014-03-13',3,'2014-06-18'),(25,8,'Taloushallinto','2014-03-14',5,'2014-06-18'),(24,8,'Normi','2014-03-17',4,'2014-06-18'),(24,8,'Normi','2014-03-18',4,'2014-06-18'),(24,8,'Normi','2014-03-19',5,'2014-06-18'),(24,8,'Normi','2014-03-20',5,'2014-06-18'),(24,8,'Normi','2014-03-21',2,'2014-06-18'),(24,8,'Seka','2014-04-07',2,'2014-06-18'),(24,8,'Seka','2014-04-08',6,'2014-06-18'),(24,8,'Seka','2014-04-09',5,'2014-06-18'),(24,8,'Seka','2014-04-10',4,'2014-06-18'),(24,8,'Seka','2014-04-11',3,'2014-06-18'),(24,8,'Normi','2014-05-12',4,'2014-06-18'),(24,8,'Normi','2014-05-13',4,'2014-06-18'),(24,8,'Normi','2014-05-14',4,'2014-06-18'),(24,8,'Normi','2014-05-15',4,'2014-06-18'),(24,8,'Normi','2014-05-16',4,'2014-06-18'),(26,35,'Ilmoitusaineisto','2014-05-13',1,'2014-06-23'),(27,35,'ulkoasu, css','2014-06-23',0,'2014-06-23'),(24,8,'Normi','2014-06-02',5,'2014-06-30'),(24,8,'Normi','2014-06-03',5,'2014-06-30'),(24,8,'Normi','2014-06-04',5,'2014-06-30'),(24,8,'Normi','2014-06-05',5,'2014-06-30'),(25,8,'Intran kehittäminen','2014-08-20',6,'2014-09-02'),(25,8,'Intran kehittäminen','2014-08-19',4,'2014-09-02'),(25,8,'Intran kehittäminen','2014-08-18',6,'2014-09-02'),(24,8,'Normi','2014-07-07',5,'2014-07-30'),(24,8,'Normi','2014-07-08',6,'2014-07-30'),(24,8,'Normi','2014-07-09',5,'2014-07-30'),(24,8,'Normi','2014-07-10',4,'2014-07-30'),(25,8,'Intran päivitys','2014-07-22',6,'2014-07-30'),(25,8,'Intran päivitys','2014-07-23',5,'2014-07-30'),(25,8,'Intran päivitys','2014-07-25',4,'2014-07-30'),(25,8,'Intran päivitys','2014-07-24',5,'2014-07-30'),(31,36,'Keramiikan valmistus','2014-08-15',3,'2014-08-05'),(32,36,'Keramiikan valmistus','2014-08-14',3,'2014-08-05'),(24,8,'Normi','2014-08-11',5,'2014-08-26'),(24,8,'Normi','2014-08-12',5,'2014-08-26'),(24,8,'Normi','2014-08-13',5,'2014-08-26'),(24,8,'Normi','2014-08-14',5,'2014-08-26'),(25,8,'Intran kehittäminen','2014-08-22',4,'2014-09-02'),(24,8,'Normi','2014-09-08',5,'2014-10-02'),(24,8,'Normi','2014-09-09',5,'2014-10-02'),(24,8,'Normi','2014-09-10',5,'2014-10-02'),(24,8,'Normi','2014-09-11',5,'2014-10-02'),(34,50,'Saku Anttila','2014-10-03',4,'2014-10-16'),(34,50,'Saku Anttila','2014-10-08',4,'2014-12-05'),(34,50,'Krisse Salminen','2014-10-10',4,'2014-12-05'),(35,50,'ilmastomarssi','2014-10-04',4,'2014-10-16'),(35,50,'TEAK Sietämättömät tunteet','2014-10-01',3,'2014-10-16'),(34,50,'MALTA','2014-09-16',4,'2014-10-16'),(34,50,'MALTA','2014-09-18',3,'2014-10-16'),(34,50,'MALTA','2014-09-19',4,'2014-10-16'),(34,50,'MALTA','2014-10-09',4,'2014-12-05'),(35,50,'TEAK Sietämättömät tunteet','2014-09-30',3,'2014-10-16'),(35,50,'TEAK Sietämättömät tunteet','2014-10-02',4,'2014-10-16'),(35,50,'TEAK Sietämättömät tunteet','2014-10-07',1,'2014-12-05'),(34,50,'Ilmastomarssi','2014-09-21',4,'2014-10-16'),(34,50,'Krisse Salminen','2014-10-11',5,'2014-12-05'),(34,50,'Lindgren','2014-08-28',3,'2014-10-16'),(34,50,'Lindgren','2014-09-01',2,'2014-10-16'),(34,50,'Lindgren','2014-09-02',3,'2014-10-16'),(35,50,'Manipura','2014-09-08',5,'2014-10-21'),(35,50,'Manipura','2014-09-15',4,'2014-10-16'),(34,50,'Ilmastomarssi','2014-10-07',1,'2014-12-05'),(35,50,'Linea Konsultit','2014-09-09',6,'2014-10-21'),(35,50,'Korhonen','2014-09-10',3,'2014-10-21'),(35,50,'LEHTINEN','2014-09-11',4,'2014-10-21'),(25,8,'Taloushallinto','2014-10-14',5,'2014-10-28'),(25,8,'Taloushallinto','2014-10-15',5,'2014-10-28'),(25,8,'Hallinto','2014-10-16',5,'2014-10-28'),(25,8,'Hallinto','2014-10-17',5,'2014-10-28'),(24,8,'Sekalaista','2014-10-06',4,'2014-10-28'),(24,8,'Sekalaista','2014-10-07',6,'2014-10-28'),(24,8,'Sekalaista','2014-10-08',4,'2014-10-28'),(24,8,'Sekalaista','2014-10-09',6,'2014-10-28'),(36,24,'kirjoitus','2014-11-03',7,'2014-11-04'),(36,24,'kirjoitus','2014-11-04',7,'2014-11-04'),(36,24,'kirjoitus','2014-11-05',7,'2014-11-04'),(36,24,'kirjoitus','2014-11-10',7,'2014-11-10'),(36,24,'kirjoitus','2014-11-11',7,'2014-11-10'),(36,24,'kirjoitus','2014-11-12',7,'2014-11-10'),(36,24,'Valokuvatyö','2014-11-17',7,'2014-11-27'),(36,24,'valokuvatyö','2014-11-18',7,'2014-11-27'),(36,24,'valokuvatyö','2014-11-19',7,'2014-11-27'),(24,8,'Normi','2014-11-03',5,'2014-11-20'),(24,8,'Normi','2014-11-04',5,'2014-11-20'),(24,8,'Normi','2014-11-05',5,'2014-11-20'),(24,8,'Normi','2014-11-06',5,'2014-11-20'),(36,24,'valokuvatyö','2014-11-24',7,'2014-11-27'),(36,24,'valokuvatyö','2014-11-25',7,'2014-11-27'),(36,24,'valokuvatyö','2014-11-26',7,'2014-11-27'),(25,8,'Hallinto','2014-11-10',4,'2014-11-28'),(25,8,'Hallinto','2014-11-11',4,'2014-11-28'),(25,8,'Hallinto','2014-11-12',4,'2014-11-28'),(25,8,'Hallinto','2014-11-13',4,'2014-11-28'),(25,8,'Hallinto','2014-11-14',4,'2014-11-28'),(35,50,'Manipura','2014-10-17',7,'2014-12-05'),(35,50,'Monsters','2014-10-12',8,'2014-12-05'),(35,50,'Manipura','2014-11-05',5,'2014-12-05'),(35,50,'Manipura','2014-11-04',7,'2014-12-05'),(35,50,'Manipura','2014-11-06',4,'2014-12-05'),(37,46,'näyttely','2014-09-01',3,'2014-12-12'),(37,46,'kuvasuunnittelu','2014-09-02',3,'2014-12-12'),(37,46,'kuvaus','2014-09-03',6.5,'2014-12-12'),(38,46,'kontaktit','2014-09-04',3,'2014-12-12'),(38,46,'PR','2014-09-01',3,'2014-12-12'),(38,46,'PR','2014-09-02',3,'2014-12-12'),(37,46,'näyttely','2014-09-04',3.5,'2014-12-12'),(37,46,'näyttely','2014-09-09',4,'2014-12-12'),(37,46,'tiedote','2014-09-10',4,'2014-12-12'),(37,46,'näyttely','2014-09-15',6,'2014-12-12'),(37,46,'kokousvalm','2014-09-12',3,'2014-12-12'),(38,46,'tsto','2014-09-10',3,'2014-12-12'),(37,46,'kutsu','2014-09-11',7,'2014-12-12'),(38,46,'kontaktit','2014-09-12',1,'2014-12-12'),(37,46,'näyttely','2014-09-16',6,'2014-12-12'),(37,46,'näyttely','2014-09-17',5,'2014-12-12'),(38,46,'tsto','2014-09-18',1.5,'2014-12-12'),(38,46,'tsto','2014-09-19',1.5,'2014-12-12'),(37,46,'näyttely','2014-09-18',4.5,'2014-12-12'),(37,46,'näyttely','2014-09-19',4.5,'2014-12-12'),(38,46,'tsto','2014-09-22',0.5,'2014-12-12'),(37,46,'pr,kutsu','2014-09-23',7,'2014-12-12'),(37,46,'palaverit','2014-09-25',6,'2014-12-12'),(38,46,'tsto','2014-09-26',1.5,'2014-12-12'),(37,46,'kutsu','2014-09-22',5.5,'2014-12-12'),(37,46,'kokous,haitari','2014-09-26',5.5,'2014-12-12'),(38,46,'tsto','2014-09-30',2.5,'2014-12-31'),(37,46,'isopaltsu','2014-09-30',5.5,'2014-12-31'),(37,46,'Homman nimi','2014-10-01',7.5,'2014-12-31'),(37,46,'näyttelysuunnittelu','2014-10-06',6,'2014-12-31'),(37,46,'näyttelysuunnittelu','2014-10-07',5.5,'2014-12-31'),(37,46,'näyttelysuunnittelu','2014-10-08',7,'2014-12-31'),(37,46,'Homman nimi','2014-10-09',5,'2014-12-31'),(37,46,'Homman nimi','2014-10-10',6.5,'2014-12-31'),(37,46,'Homman nimi näyttelysuunnittelu','2014-10-13',7,'2014-12-31'),(37,46,'Homman nimi näyttelysuunnittelu','2014-10-14',6.5,'2014-12-31'),(37,46,'Homman nimi näyttelysuunnittelu','2014-10-15',7,'2014-12-31'),(37,46,'Homman nimi näyttelysuunnittelu','2014-10-16',6.5,'2014-12-31'),(37,46,'Homman nimi näyttelysuunnittelu','2014-10-17',7.5,'2014-12-31'),(37,46,'näyttelysuunnittelua Homman nimi','2014-10-20',6,'2014-12-31'),(37,46,'näyttelysuunnittelua','2014-10-21',6,'2014-12-31'),(37,46,'näyttelysuunnittelua','2014-10-22',6,'2014-12-31'),(37,46,'näyttelysuunnittelua','2014-10-23',6,'2014-12-31'),(37,46,'näyttelysuunnittelua','2014-10-24',8,'2014-12-31'),(37,46,'näyttelyHomman nimi','2014-10-27',5.5,'2015-01-29'),(38,46,'näyttelyorganisointi','2014-10-28',3.5,'2015-01-29'),(38,46,'näyttelyorganisointi','2014-10-29',4,'2015-01-29'),(38,46,'näyttelyorganisointi','2014-10-30',2.5,'2015-01-29'),(38,46,'näyttelyorgaisointi','2014-10-31',2,'2015-01-29'),(24,8,'Normi','2014-12-08',5,'2015-01-09'),(24,8,'Normi','2014-12-09',5,'2015-01-09'),(24,8,'Normi','2014-12-11',5,'2015-01-09'),(24,8,'Normi','2014-12-12',5,'2015-01-09'),(25,8,'Vuodenvaihde','2015-01-05',4,'2015-01-27'),(25,8,'Vuodenvaihde','2015-01-06',6,'2015-01-27'),(25,8,'Vuodenvaihde','2015-01-07',4,'2015-01-27'),(25,8,'Vuodenvaihde','2015-01-08',4,'2015-01-27'),(25,8,'Vuodenvaihde','2015-01-09',2,'2015-01-27'),(24,8,'Vuodenvaihde','2015-01-12',5,'2015-01-27'),(24,8,'Vuodenvaihde','2015-01-13',5,'2015-01-27'),(24,8,'Vuodenvaihde','2015-01-14',5,'2015-01-27'),(24,8,'Vuodenvaihde','2015-01-15',5,'2015-01-27'),(37,46,'näyttelyorganisointi','2014-11-03',5.5,'2015-01-29'),(38,46,'näyttelyorganisointi','2014-11-04',3.5,'2015-01-29'),(38,46,'näyttelyorganisointi','2014-11-05',4,'2015-01-29'),(38,46,'näyttelyorganisointi','2014-11-06',2.5,'2015-01-29'),(38,46,'näyttelyorgaisointi','2014-11-07',2,'2015-01-29'),(37,46,'näyttely Homman nimi','2014-10-28',3.5,'2015-01-29'),(37,46,'näyttelyHomman nimi','2014-10-29',3.5,'2015-01-29'),(37,46,'näyttelyHomman nimi','2014-10-30',3,'2015-01-29'),(37,46,'näyttelyHomman nimi','2014-10-31',2,'2015-01-29'),(37,46,'näyttelyorganisointi','2014-11-04',4.5,'2015-01-29'),(37,46,'näyttelyorganisointi','2014-11-05',3.5,'2015-01-29'),(37,46,'näyttelyorganisointi','2014-11-06',3.5,'2015-01-29'),(37,46,'näyttelyorgaisointi','2014-11-07',6,'2015-01-29'),(38,46,'näyttelyorganisointi','2014-11-10',6.5,'2015-01-29'),(38,46,'näyttelyorganisointi','2014-11-11',1,'2015-01-29'),(37,46,'näyttelyorganisointi','2014-11-10',1.5,'2015-01-29'),(37,46,'näyttelyorganisointi','2014-11-11',6,'2015-01-29'),(38,46,'näyttelyorganisointi ja PR','2014-11-12',8,'2015-01-29'),(38,46,'näyttelyorganisointi ja PR','2014-11-13',4,'2015-01-29'),(38,46,'näyttelyorgaisointi ja PR','2014-11-14',7,'2015-01-29'),(37,46,'näyttelypurku','2014-11-17',4,'2015-01-29'),(37,46,'näyttelypurku','2014-11-20',3,'2015-01-29'),(36,24,'Suunnittelu','2015-03-05',7,'2015-03-07'),(24,8,'Sopimus','2015-02-09',5,'2015-03-09'),(24,8,'Sopimus','2015-02-10',5,'2015-03-09'),(24,8,'Sopimus','2015-02-11',6,'2015-03-09'),(24,8,'Sopimus','2015-02-12',4,'2015-03-09'),(25,8,'Taloushallinto','2015-03-09',6,'2015-03-19'),(25,8,'Taloushallinto','2015-03-10',6,'2015-03-19'),(25,8,'Taloushallinto','2015-03-11',4,'2015-03-19'),(25,8,'Taloushallinto','2015-03-12',4,'2015-03-19'),(37,46,'espanliikepaltsu','2015-01-07',3,'2015-03-26'),(37,46,'espansuunnittelu','2015-01-08',4.5,'2015-03-26'),(37,46,'espanliike suunnittelu','2015-01-20',4,'2015-03-26'),(37,46,'','2015-01-21',4,'2015-03-26'),(37,46,'Espan mylläys','2015-01-23',7.5,'2015-03-26'),(24,8,'Taloushallinto','2015-03-16',6,'2015-03-27'),(24,8,'Taloushallinto','2015-03-17',7,'2015-03-27'),(24,8,'Taloushallinto','2015-03-19',7,'2015-03-27'),(24,8,'Taloushallinto','2015-03-20',0,'2015-03-27'),(24,8,'Hallinto','2015-04-07',6,'2015-04-21'),(24,8,'Hallinto','2015-04-08',6,'2015-04-21'),(24,8,'Hallinto','2015-04-09',4,'2015-04-21'),(24,8,'Hallinto','2015-04-10',4,'2015-04-21'),(37,46,'stailaus','2015-02-09',8,'2015-04-28'),(37,46,'stailaus','2015-02-10',8,'2015-04-28'),(37,46,'stailaus','2015-02-11',8,'2015-04-28'),(37,46,'stailaus','2015-02-12',8,'2015-04-28'),(37,46,'stailaus','2015-02-13',2,'2015-04-28'),(37,46,'stailaus','2015-02-23',8,'2015-04-28'),(37,46,'stailaus','2015-02-24',8,'2015-04-28'),(37,46,'stailaus','2015-02-25',8,'2015-04-28'),(37,46,'stailaus','2015-02-26',8,'2015-04-28'),(37,46,'stailaus','2015-02-27',8,'2015-04-28'),(39,14,'Taitto, kuvankäsitt','2015-02-02',7,'2015-04-29'),(39,14,'Taitto, kuvankäsitt','2015-02-03',7,'2015-04-29'),(39,14,'Taitto','2015-02-04',7.5,'2015-04-29'),(39,14,'Taitto','2015-02-05',6.5,'2015-04-29'),(39,14,'Taitto','2015-02-06',7.5,'2015-04-29'),(39,14,'Taitto, kuvankäsittely','2015-02-01',2,'2015-04-29'),(39,14,'Taitto','2015-02-07',2,'2015-04-29'),(39,14,'Taitto, kuvankäsittely','2015-02-09',7,'2015-04-29'),(39,14,'Taitto, kuvankäsittely','2015-02-10',7,'2015-04-29'),(39,14,'Taitto','2015-02-11',6.5,'2015-04-29'),(39,14,'Scannaus','2015-02-12',7.5,'2015-04-29'),(39,14,'Taitto','2015-02-13',7,'2015-04-29'),(39,14,'Taittoa, kuvankäsitt','2015-02-16',7.5,'2015-04-29'),(39,14,'Taittoa','2015-02-17',7,'2015-04-29'),(39,14,'Taittoa','2015-02-18',8,'2015-04-29'),(39,14,'Taittoa','2015-02-19',7,'2015-04-29'),(39,14,'kuvankäsittelyä','2015-02-20',7,'2015-04-29'),(39,14,'Taittoa, kuvankäsittelyä','2015-02-21',1,'2015-04-29'),(39,14,'Taittoa','2015-02-23',7.5,'2015-04-29'),(39,14,'Taittoa','2015-02-24',7.5,'2015-04-29'),(39,14,'Kuvaus-valmistelut','2015-02-25',7,'2015-04-29'),(39,14,'Kuvaus-valmistelut','2015-02-26',7.5,'2015-04-29'),(39,14,'Kuvaus-valmistelut','2015-02-27',7,'2015-04-29'),(39,14,'Kuvaus-valmistelut','2015-02-28',2,'2015-04-29'),(39,14,'Kuvaus-valmistelut','2015-03-01',0,'2015-04-29'),(42,14,'Valokuvaus','2015-03-02',8,'2015-04-29'),(42,14,'Valokuvaus','2015-03-03',7.5,'2015-04-29'),(39,14,'kuvankäsittely','2015-03-04',8,'2015-04-29'),(39,14,'kuvankäsittely','2015-03-05',8,'2015-04-29'),(39,14,'kuvankäsittely','2015-03-06',8,'2015-04-29'),(39,14,'Valokuvaus','2015-03-09',7,'2015-04-29'),(39,14,'Valokuvaus','2015-03-10',7,'2015-04-29'),(39,14,'Kuvankäsittely','2015-03-11',8,'2015-04-29'),(39,14,'Kuvankäsittely','2015-03-12',6.5,'2015-04-29'),(39,14,'Kuvankäsittely','2015-03-13',7.5,'2015-04-29'),(39,14,'Valokuvaus','2015-03-16',7,'2015-04-29'),(39,14,'Valokuvaus','2015-03-17',7.5,'2015-04-29'),(39,14,'Valokuvaus','2015-03-18',7,'2015-04-29'),(39,14,'Kuvankäsittely','2015-03-19',8,'2015-04-29'),(39,14,'Kuvankäsittely','2015-03-20',8,'2015-04-29'),(39,14,'Kuvankäsittelyä','2015-03-23',8,'2015-04-29'),(39,14,'Kuvankäsittelyä','2015-03-24',6,'2015-04-29'),(39,14,'Kuvankäsittelyä','2015-03-25',8,'2015-04-29'),(39,14,'Kuvankäsittely','2015-03-26',7,'2015-04-29'),(39,14,'Kuvankäsittelyä','2015-03-27',7.5,'2015-04-29'),(25,8,'Taloushallinto','2015-05-04',5,'2015-05-16'),(25,8,'Taloushallinto','2015-05-05',5,'2015-05-16'),(25,8,'Taloushallinto','2015-05-06',5,'2015-05-16'),(25,8,'Taloushallinto','2015-05-07',5,'2015-05-16'),(24,8,'Hallintotyöt','2015-05-12',4.5,'2015-05-19'),(24,8,'Hallintotyöt','2015-05-13',6,'2015-05-19'),(24,8,'Hallintotyöt','2015-05-14',5.5,'2015-05-19'),(24,8,'Hallintotyöt','2015-05-15',4,'2015-05-19'),(36,24,'Acamedialta tilattujen lehtijuttujen valmistelu','2015-06-03',7,'2015-06-04'),(24,8,'Taloushallinto','2015-06-01',5,'2015-06-26'),(24,8,'Taloushallinto','2015-06-02',5,'2015-06-26'),(24,8,'Taloushallinto','2015-06-03',5,'2015-06-26'),(24,8,'Taloushallinto','2015-06-04',5,'2015-06-26'),(25,8,'Taloushallinto','2015-07-06',6,'2015-07-19'),(25,8,'Taloushallinto','2015-07-07',7,'2015-07-19'),(25,8,'Taloushallinto','2015-07-08',7,'2015-07-19'),(47,51,'editointityö','2015-07-17',7.5,'2015-08-16'),(47,51,'editointi','2015-07-20',7.5,'2015-08-16'),(47,51,'editointi','2015-07-21',7.5,'2015-08-16'),(47,51,'editointi','2015-07-22',7.5,'2015-08-16'),(48,51,'tuottaja','2015-07-23',7.5,'2015-08-16'),(48,51,'tuottaja','2015-07-24',7.5,'2015-08-16'),(48,51,'tuottaja','2015-07-27',7.5,'2015-08-16'),(48,51,'tuottaja','2015-07-28',7.5,'2015-08-16'),(48,51,'tuottaja','2015-07-29',7.5,'2015-08-16'),(48,51,'tuottaja','2015-07-30',7.5,'2015-08-16'),(48,51,'tuottaja','2015-07-31',7.5,'2015-08-16'),(48,51,'tuottaja','2015-08-03',7.5,'2015-08-16'),(48,51,'tuottaja','2015-08-04',7.5,'2015-08-16'),(48,51,'tuottaja','2015-08-05',7.5,'2015-08-16'),(48,51,'tuottaja','2015-08-06',7.5,'2015-08-16'),(48,51,'tuottaja','2015-08-07',7.5,'2015-08-16'),(48,51,'tuottaja','2015-08-10',7.5,'2015-08-16'),(48,51,'tuottaja','2015-08-11',7.5,'2015-08-16'),(48,51,'tuottaja','2015-08-12',7.5,'2015-08-16'),(48,51,'tuottaja','2015-08-13',7.5,'2015-08-16'),(48,51,'tuottaja','2015-08-14',7.5,'2015-08-16'),(24,8,'Taloushallinto','2015-08-03',5,'2015-08-19'),(24,8,'Taloushallinto','2015-08-04',5,'2015-08-19'),(24,8,'Taloushallinto','2015-08-05',5,'2015-08-19'),(24,8,'Taloushallinto','2015-08-06',5,'2015-08-19'),(24,8,'Normi','2015-09-07',6,'2015-09-21'),(24,8,'Normi','2015-09-08',6,'2015-09-21'),(24,8,'Normi','2015-09-09',6,'2015-09-21'),(24,8,'Normi','2015-09-10',2,'2015-09-21'),(49,49,'Laskut ja koulutus','2015-10-05',3,'2015-10-08'),(49,49,'Taloushallinto','2015-09-28',1,'2015-10-06'),(49,49,'Taloushallinto','2015-10-01',2.5,'2015-10-06'),(49,49,'Taloushallinto','2015-10-02',0.5,'2015-10-06'),(49,49,'Taloushallinto','2015-09-22',0.5,'2015-10-06'),(49,49,'Taloushallinto','2015-09-24',0.5,'2015-10-06'),(49,49,'Taloushallinto','2015-04-16',2,'2015-10-06'),(49,49,'Taloushallinto','2015-04-21',1,'2015-10-06'),(49,49,'Taloushallinto','2015-04-23',0.5,'2015-10-06'),(49,49,'Taloushallinto','2015-04-24',0.5,'2015-10-06'),(49,49,'Taloushallinto','2015-04-28',0.5,'2015-10-06'),(49,49,'Taloushallinto','2015-04-30',0.5,'2015-10-06'),(49,49,'Taloushallinto','2015-05-04',0.5,'2015-10-06'),(49,49,'Taloushallinto','2015-05-07',0.5,'2015-10-06'),(49,49,'Taloushallinto','2015-05-12',1,'2015-10-06'),(49,49,'Taloushallinto','2015-05-14',1,'2015-10-06'),(49,49,'Taloushallinto','2015-05-19',0.5,'2015-10-06'),(49,49,'Taloushallinto','2015-05-22',0.5,'2015-10-06'),(49,49,'Taloushallinto','2015-05-25',0.5,'2015-10-06'),(49,49,'Taloushallinto','2015-05-29',0.5,'2015-10-06'),(49,49,'Taloushallinto','2015-06-01',0.5,'2015-10-06'),(49,49,'Taloushallinto','2015-06-04',1,'2015-10-06'),(49,49,'Taloushallinto','2015-06-05',0.5,'2015-10-06'),(49,49,'Taloushallinto','2015-06-09',1.5,'2015-10-06'),(49,49,'Taloushallinto','2015-06-12',0.5,'2015-10-06'),(49,49,'Taloushallinto','2015-06-16',0.5,'2015-10-06'),(49,49,'Taloushallinto','2015-06-18',0.5,'2015-10-06'),(49,49,'Taloushallinto','2015-06-22',1,'2015-10-06'),(49,49,'Taloushallinto','2015-06-25',0.5,'2015-10-06'),(49,49,'Taloushallinto','2015-06-29',1,'2015-10-06'),(49,49,'Taloushallinto','2015-07-02',1,'2015-10-06'),(49,49,'Taloushallinto','2015-07-07',1,'2015-10-06'),(49,49,'Taloushallinto','2015-07-09',1,'2015-10-06'),(49,49,'Taloushallinto','2015-07-10',1,'2015-10-06'),(49,49,'Taloushallinto','2015-07-14',1,'2015-10-06'),(49,49,'Taloushallinto','2015-07-16',0.5,'2015-10-06'),(49,49,'Taloushallinto','2015-07-21',0.5,'2015-10-06'),(49,49,'Taloushallinto','2015-07-23',1.5,'2015-10-06'),(49,49,'1','2015-07-28',0,'2015-10-06'),(49,49,'1','2015-07-30',0,'2015-10-06'),(49,49,'Työaikakirjanpito + spostit','2015-10-06',1,'2015-10-08'),(25,8,'Taloushallinto','2015-09-29',4,'2015-10-06'),(25,8,'Taloushallinto','2015-09-30',6,'2015-10-06'),(25,8,'Taloushallinto','2015-10-01',6,'2015-10-06'),(25,8,'Taloushallinto','2015-10-02',4,'2015-10-06'),(49,49,'Taloushallinto','2015-10-08',1.5,'2015-10-08'),(49,49,'Taloushallinto','2015-10-12',0.5,'2015-10-16'),(49,49,'Kulttuurisetelien tilaus & spostit','2015-10-14',1,'2015-10-16'),(36,24,'Acamedialta tilattujen lehtijuttujen valmistelu','2015-10-08',6,'2015-10-15'),(36,24,'Acamedialta tilattujen lehtijuttujen valmistelu','2015-10-09',6,'2015-10-15'),(49,49,'Taloushallinto','2015-10-15',1,'2015-10-16'),(49,49,'Sähköpostia ja Smartum-maksu','2015-10-16',0.5,'2015-10-16'),(49,49,'Taloushallinto','2015-10-19',1.5,'2015-10-23'),(24,8,'Talhal','2015-10-05',5,'2015-10-20'),(24,8,'Talhal','2015-10-06',5,'2015-10-20'),(24,8,'Talhal','2015-10-07',5,'2015-10-20'),(24,8,'Talhal','2015-10-08',5,'2015-10-20'),(49,49,'Taloushallinto','2015-10-20',0.5,'2015-10-23'),(49,49,'Taloushallinto','2015-10-23',0.5,'2015-10-23'),(49,49,'Taloushallinto','2015-10-26',0.5,'2015-10-29'),(49,49,'Taloushallinto','2015-10-29',0.5,'2015-10-29'),(50,501,'Koulutus ja postilokero','2015-11-02',2.25,'2015-11-15'),(25,8,'Hallintotyöt','2015-10-27',5,'2015-11-02'),(25,8,'Hallintotyöt','2015-10-28',5,'2015-11-02'),(25,8,'Hallintotyöt','2015-10-29',4,'2015-11-02'),(25,8,'Hallintotyöt','2015-10-30',5,'2015-11-02'),(49,49,'Taloushallinto','2015-11-03',0.5,'2015-11-05'),(50,501,'Taloushallinto','2015-12-24',0.5,'2015-12-28'),(48,51,'Homman nimi','2015-08-17',7.5,'2015-11-04'),(48,51,'Homman nimi','2015-08-18',7.5,'2015-11-04'),(48,51,'Homman nimi','2015-08-19',7.5,'2015-11-04'),(48,51,'Homman nimi','2015-08-20',7.5,'2015-11-04'),(48,51,'Homman nimi','2015-08-21',7.5,'2015-11-04'),(48,51,'Homman nimi','2015-08-24',7.5,'2015-11-04'),(48,51,'Homman nimi','2015-08-25',7.5,'2015-11-04'),(48,51,'Homman nimi','2015-08-26',7.5,'2015-11-04'),(48,51,'Homman nimi','2015-08-27',7.5,'2015-11-04'),(48,51,'Homman nimi','2015-08-28',7.5,'2015-11-04'),(49,49,'Taloushallinto','2015-11-05',0.5,'2015-11-05'),(49,49,'Taloushallinto','2015-11-09',0.5,'2015-11-18'),(50,501,'Koulutus','2015-11-12',2,'2015-11-15'),(50,501,'Täsmäytys','2015-11-09',0.5,'2015-11-15'),(50,501,'Täsmäytys','2015-11-06',0.25,'2015-11-15'),(49,49,'Taloushallinto','2015-11-12',0.5,'2015-11-18'),(49,49,'Taloushallinto','2015-11-16',0.75,'2015-11-26'),(49,49,'Sähköpostirumbaa','2015-11-18',0.25,'2015-11-26'),(49,49,'Taloushallinto','2015-11-23',0.5,'2015-11-26'),(24,8,'Normi','2015-11-03',6,'2015-11-24'),(24,8,'Normi','2015-11-04',6,'2015-11-24'),(24,8,'Normi','2015-11-05',6,'2015-11-24'),(24,8,'Normi','2015-11-06',2,'2015-11-24'),(50,501,'Taloushallinto','2015-12-21',0.75,'2015-12-28'),(48,51,'tuottaja','2015-11-13',5,'2015-12-21'),(48,51,'tuottaja','2015-10-26',4,'2015-11-25'),(48,51,'tuottaja','2015-10-27',4,'2015-11-25'),(48,51,'tuottaja','2015-10-28',4,'2015-11-25'),(48,51,'tuottaja','2015-10-29',4,'2015-11-25'),(48,51,'tuottaja','2015-10-30',5,'2015-11-25'),(49,49,'0,5','2015-11-20',0,'2015-11-26'),(49,49,'Taloushallimto','2015-11-26',0.5,'2015-11-26'),(50,501,'Koulutus Talvitie','2015-11-20',0.5,'2015-11-30'),(50,501,'Osto- ja myyntilaskujen päivitys','2015-11-30',1.5,'2015-12-03'),(50,501,'Taloushallinto + täsmäytys','2015-12-03',0.75,'2015-12-03'),(48,51,'tuottaja','2015-11-02',4,'2015-12-07'),(48,51,'tuottaja','2015-11-03',4,'2015-12-07'),(48,51,'tuottaja','2015-11-04',4,'2015-12-07'),(48,51,'tuottaja','2015-11-05',4,'2015-12-07'),(48,51,'tuottaja','2015-11-06',5,'2015-12-07'),(48,51,'tuottaja','2015-11-12',4,'2015-12-21'),(48,51,'tuottaja','2015-11-11',4,'2015-12-21'),(48,51,'tuottaja','2015-11-10',4,'2015-12-21'),(48,51,'tuottaja','2015-11-09',4,'2015-12-21'),(50,501,'Taloushallinto','2015-12-07',0.5,'2015-12-14'),(50,501,'Taloushallinto','2015-12-10',0.75,'2015-12-14'),(50,501,'Taloushallinto','2015-12-14',0.75,'2015-12-17'),(25,8,'Hallinto ja koulutus','2015-11-30',4,'2015-12-15'),(25,8,'Hallinto ja koulutus','2015-12-01',4,'2015-12-15'),(25,8,'Hallinto ja koulutus','2015-12-02',6,'2015-12-15'),(25,8,'Hallinto ja koulutus','2015-12-03',4,'2015-12-15'),(25,8,'Hallinto ja koulutus','2015-12-04',4,'2015-12-15'),(50,501,'Taloushallinto','2015-12-17',0.5,'2015-12-17'),(50,501,'Taloushallinto','2015-12-28',0.5,'2016-01-07'),(50,501,'Homman nimi','2015-01-01',0.75,'2016-01-07'),(50,501,'Homman nimi','2016-01-04',0.5,'2016-01-07'),(50,501,'Taloushallinto','2016-01-07',0.75,'2016-01-07'),(25,8,'Homman nimi','2016-01-13',7,'2016-02-05'),(25,8,'Homman nimi','2016-01-12',7,'2016-02-05'),(25,8,'Homman nimi','2016-01-11',7,'2016-02-05'),(51,8,'Homman nimi','2016-01-04',5,'2016-01-08'),(51,8,'Homman nimi','2016-01-05',4,'2016-01-08'),(51,8,'Homman nimi','2016-01-06',5,'2016-01-08'),(51,8,'Homman nimi','2016-01-07',6,'2016-01-08'),(51,8,'Homman nimi','2016-01-08',4,'2016-01-08'),(52,51,'Tuottajan työ','2016-01-18',4,'2016-01-09'),(52,51,'Tuottajan työ','2016-01-19',4,'2016-01-09'),(52,51,'Tuottajan työ','2016-01-20',4,'2016-01-09'),(52,51,'Tuottajan työ','2016-01-21',4,'2016-01-09'),(52,51,'Tuottajan työ','2016-01-22',4,'2016-01-09'),(53,51,'Tuottajan työ','2016-01-15',4.5,'2016-01-09'),(53,51,'Tuottajan työ','2016-01-14',4,'2016-01-09'),(53,51,'Tuottajan työ','2016-01-13',4,'2016-01-09'),(53,51,'Tuottajan työ','2016-01-12',4,'2016-01-09'),(53,51,'Tuottajan työ','2016-01-11',4,'2016-01-09'),(50,501,'Taloushallinto','2016-01-11',0.25,'2016-01-14'),(50,501,'Taloushallinto','2016-01-12',0.5,'2016-01-14'),(50,501,'Taloushallinto','2016-01-14',0.5,'2016-01-14'),(50,501,'Taloushallinto','2016-01-18',0.5,'2016-01-21'),(50,501,'Taloushallinto','2016-01-21',0.75,'2016-01-21'),(50,501,'Taloushallinto','2016-01-25',0.75,'2016-02-03'),(50,501,'Taloushallinto','2016-01-28',0.5,'2016-02-03'),(50,501,'Täsmäytys+posti','2016-02-01',0.5,'2016-02-03'),(25,8,'Homman nimi','2016-01-14',7,'2016-02-05'),(25,8,'Homman nimi','2016-01-15',7,'2016-02-05'),(25,8,'Homman nimi','2016-01-18',8,'2016-02-05'),(25,8,'Homman nimi','2016-01-19',7,'2016-02-05'),(25,8,'Homman nimi','2016-01-20',7,'2016-02-05'),(25,8,'Homman nimi','2016-01-21',7,'2016-02-05'),(25,8,'Homman nimi','2016-01-22',7,'2016-02-05'),(25,8,'Homman nimi','2016-01-25',7,'2016-02-05'),(25,8,'Homman nimi','2016-01-26',8,'2016-02-05'),(25,8,'Homman nimi','2016-01-28',8,'2016-02-05'),(51,8,'Perus','2016-01-27',6,'2016-02-05'),(51,8,'Perus','2016-01-29',4,'2016-02-05'),(51,8,'Perus','2016-02-03',3,'2016-02-05'),(51,8,'Perus','2016-02-04',4,'2016-02-05'),(51,8,'Perus','2016-02-05',3,'2016-02-05'),(50,501,'Täsmäytys','2016-02-09',1.25,'2016-02-16'),(50,501,'Viranomaisilmoitukset+pe posti','2016-02-13',1,'2016-02-16'),(50,501,'Taloushallinto','2016-02-16',0.25,'2016-02-16'),(50,501,'posti','2016-02-24',0.25,'2016-03-03'),(50,501,'Posti+taloushallinto','2016-03-03',0.5,'2016-03-06'),(50,501,'Täsmäytys','2016-03-06',1,'2016-03-06'),(49,49,'Taloushallinto','2016-03-07',0.25,'2016-03-11'),(49,49,'Taloushallinto','2016-03-10',0.25,'2016-03-11'),(49,49,'Spostirumbaa / Taloushallinto','2016-03-11',0.25,'2016-03-11'),(49,49,'Taloushallinto','2016-03-01',0.25,'2016-03-11'),(49,49,'Taloushallinto','2016-03-04',0.25,'2016-03-11'),(50,501,'posti','2016-03-11',0.25,'2016-03-12'),(50,501,'viranomaisilmot','2016-03-12',0.5,'2016-03-12'),(50,501,'viranomaisilmo','2016-03-14',0.5,'2016-03-14'),(49,49,'Taloushallinto','2016-03-14',0.25,'2016-03-17'),(49,49,'Taloushallinto','2016-03-15',0.25,'2016-03-17'),(49,49,'Spostihommia','2016-03-16',0.2,'2016-03-17'),(49,49,'Taloushallinto','2016-03-17',0.25,'2016-03-17'),(25,8,'Homman nimi','2016-03-07',7,'2016-03-18'),(25,8,'Homman nimi','2016-03-08',8,'2016-03-18'),(25,8,'Homman nimi','2016-03-09',7,'2016-03-18'),(25,8,'Homman nimi','2016-03-10',6,'2016-03-18'),(51,8,'Normi','2016-03-11',7,'2016-03-18'),(51,8,'Normi','2016-03-14',7,'2016-03-28'),(51,8,'Normi','2016-03-15',6,'2016-03-28'),(54,46,'suunnittelu','2016-02-29',9,'2016-03-22'),(54,46,'suunnittelu','2016-03-01',8,'2016-03-22'),(54,46,'suunnittelu','2016-03-02',8,'2016-03-22'),(54,46,'suunittelu','2016-03-03',8,'2016-03-22'),(54,46,'suunnittelju','2016-03-04',8,'2016-03-22'),(54,46,'Homman nimi','2016-03-19',8,'2016-03-22'),(54,46,'Homman nimi','2016-03-18',8,'2016-03-22'),(54,46,'stailaus','2016-02-08',8,'2016-03-22'),(54,46,'Homman nimi','2016-02-24',2,'2016-03-22'),(54,46,'Homman nimi','2016-03-05',8,'2016-03-22'),(54,46,'Homman nimi','2016-02-25',2.5,'2016-03-22'),(54,46,'Homman nimi','2016-02-26',3,'2016-03-22'),(36,24,'kirjoitus','2016-02-12',8,'2016-03-23'),(36,24,'kirjoitus','2016-03-01',7,'2016-03-23'),(36,24,'kirjoitus','2016-03-02',7,'2016-03-23'),(36,24,'kirjoitus','2016-03-11',10,'2016-03-23'),(36,24,'kirjoitus','2016-03-17',7,'2016-03-23'),(36,24,'kirjoitus','2016-03-18',7,'2016-03-23'),(49,49,'Taloushallinto','2016-03-21',0.25,'2016-03-30'),(49,49,'Taloushallinto','2016-03-24',0.5,'2016-03-30'),(49,49,'Taloushallinto','2016-03-30',0.6,'2016-04-06'),(49,49,'Taloushallinto','2016-03-31',0.25,'2016-04-06'),(49,49,'Taloushallinto','2016-04-05',0.4,'2016-04-07'),(49,49,'Taloushallinto','2016-04-06',0.75,'2016-04-07'),(49,49,'Taloushallinto','2016-04-07',0.2,'2016-04-07'),(50,501,'posti','2016-03-23',0.25,'2016-04-11'),(50,501,'posti','2016-03-30',0.25,'2016-04-11'),(50,501,'Viranomaisilmot+taloushallinto','2016-04-09',0.75,'2016-04-11'),(50,501,'posti','2016-04-07',0.25,'2016-04-11'),(50,501,'viranomaisilmot','2016-04-11',0.5,'2016-04-11'),(49,49,'Taloushallinto','2016-04-11',1,'2016-04-21'),(49,49,'Taloushallinto','2016-04-14',0.5,'2016-04-21'),(49,49,'Taloushallinto','2016-04-18',0.8,'2016-04-21'),(49,49,'Taloushallinto','2016-04-21',0.3,'2016-04-21'),(50,501,'Veroilmoitus','2016-04-25',2,'2016-05-09'),(49,49,'Taloushallinto','2016-04-25',0.75,'2016-05-05'),(49,49,'Taloushallinto','2016-04-26',0.25,'2016-05-05'),(51,8,'Homman nimi','2016-04-12',4,'2016-04-28'),(51,8,'Homman nimi','2016-04-13',3,'2016-04-28'),(51,8,'Homman nimi','2016-04-15',3,'2016-04-28'),(51,8,'Homman nimi','2016-04-07',5,'2016-04-28'),(51,8,'Homman nimi','2016-04-08',5,'2016-04-28'),(50,501,'veroilmoitus','2016-04-27',0.75,'2016-05-09'),(50,501,'Ostoreskontra','2016-05-03',0.75,'2016-05-09'),(49,49,'Taloushallinto','2016-04-28',1,'2016-05-05'),(49,49,'Taloushallinto','2016-04-29',0.25,'2016-05-05'),(49,49,'Taloushallinto','2016-05-02',0.5,'2016-05-05'),(49,49,'Taloushallinto','2016-05-05',0.4,'2016-05-05'),(50,501,'Viranomaisilmoitukset','2016-05-09',0.5,'2016-05-12'),(50,501,'työpuhelu','2016-05-04',0.33,'2016-05-09'),(49,49,'Taloushallinto','2016-05-09',0.4,'2016-05-16'),(49,49,'Taloushallinto','2016-05-11',0.2,'2016-05-16'),(49,49,'Taloushallinto','2016-05-12',0.5,'2016-05-16'),(50,501,'Täsmäytys','2016-05-12',1,'2016-05-12'),(49,49,'Sähköpostivastailua','2016-05-13',0.2,'2016-05-16'),(49,49,'Taloushallinto','2016-05-16',0.6,'2016-05-26'),(50,501,'Posti','2016-05-17',0.25,'2016-05-24'),(50,501,'Meilit','2016-05-24',0.16,'2016-06-04'),(49,49,'Taloushallinto','2016-05-24',0.5,'2016-05-26'),(49,49,'Taloushallinto','2016-05-26',0.5,'2016-05-26'),(49,49,'Taloushallinto','2016-05-19',0.5,'2016-05-26'),(49,49,'Taloushallinto','2016-05-30',0.5,'2016-06-07'),(49,49,'Taloushallinto','2016-05-31',0.25,'2016-06-07'),(49,49,'Sähköpostirumba','2016-06-01',0.2,'2016-06-07'),(49,49,'Taloushallinto / sposti','2016-06-02',0.5,'2016-06-07'),(50,501,'posti','2016-05-26',0.25,'2016-06-04'),(50,501,'posti','2016-05-30',0.25,'2016-06-05'),(50,501,'meilit','2016-06-04',0.16,'2016-06-05'),(50,501,'täsmäytksen selvitystä + meilit','2016-06-02',0.5,'2016-06-05'),(50,501,'Talvitien kk vuokrien tallennus','2016-06-05',0.333,'2016-06-05'),(49,49,'Homman nimi','2016-06-03',0.25,'2016-06-07'),(49,49,'Taloushallinto','2016-06-07',1,'2016-06-13'),(49,49,'Sähköpostiliikenne','2016-06-08',0.2,'2016-06-13'),(49,49,'Spostiliikenne','2016-06-10',0.2,'2016-06-13'),(49,49,'Spostiliikenne','2016-06-11',0.2,'2016-06-13'),(49,49,'Taloushallinto, Tiinan alvisotku','2016-06-13',2.5,'2016-06-16'),(50,501,'posti','2016-06-08',0.25,'2016-06-13'),(50,501,'viranomaisilmot ja laskuselvittelyä','2016-06-13',1.25,'2016-06-20'),(49,49,'sposti','2016-06-14',0.1,'2016-06-16'),(49,49,'sposti','2016-06-15',0.15,'2016-06-16'),(49,49,'Taloushallinto','2016-06-16',0.6,'2016-06-16'),(50,501,'posti','2016-06-16',0.25,'2016-06-20'),(50,501,'työpuhelu ja int2000 ostolasku','2016-06-20',0.5,'2016-06-23'),(49,49,'Taloushallinto','2016-06-20',0.2,'2016-06-26'),(49,49,'Taloushallinto','2016-06-21',1,'2016-06-26'),(50,501,'Työpuhelu + täsmäytyksen selvittelyä','2016-06-23',1,'2016-06-23'),(49,49,'Taloushallinto','2016-06-23',0.5,'2016-06-26'),(49,49,'Taloushallinto','2016-06-26',0.2,'2016-06-26'),(49,49,'Taloushallinto','2016-06-27',0.15,'2016-07-01'),(49,49,'Taloushallinto','2016-06-28',1,'2016-07-01'),(49,49,'Taloushallinto','2016-07-01',0.2,'2016-07-01'),(50,501,'posti','2016-06-27',0.25,'2016-07-01'),(50,501,'Talvitien vuokrien skannaus ja uudelleentallentaminen ja yksi vienti','2016-07-01',0.75,'2016-07-01'),(49,49,'Taloushallinto','2016-07-04',0.75,'2016-07-07'),(49,49,'Taloushallinto','2016-07-05',0.3,'2016-07-07'),(49,49,'Taloushallinto','2016-07-07',0.2,'2016-07-07'),(50,501,'viranomaisilmot','2016-07-11',0.5,'2016-07-13'),(50,501,'täsmäytys','2016-07-13',0.5,'2016-07-13'),(49,49,'Sahkoposti','2016-07-11',0.2,'2016-07-15'),(49,49,'Talouashallinto','2016-07-12',0.25,'2016-07-15'),(49,49,'Taloushallinto','2016-07-15',0.25,'2016-07-15'),(49,49,'Taloush','2016-07-19',0.5,'2016-08-02'),(49,49,'Taloushallinto','2016-07-21',0.5,'2016-08-02'),(49,49,'Taloushallinto','2016-07-26',0.2,'2016-08-02'),(49,49,'Taloushallinto','2016-07-28',0.2,'2016-08-02'),(49,49,'Taloushallinto','2016-08-02',0.5,'2016-09-05'),(50,501,'posti','2016-07-20',0.25,'2016-08-11'),(50,501,'posti','2016-07-25',0.25,'2016-08-11'),(50,501,'posti','2016-08-02',0.25,'2016-08-11'),(50,501,'ALV, TAS ja palautusten tositteiden tallentamista','2016-08-11',1,'2016-08-11'),(36,24,'materiaalin keruu ja valokuvaus','2016-07-04',7,'2016-08-15'),(36,24,'materiaalin keruu ja valokuvaus','2016-07-05',7,'2016-08-15'),(36,24,'materiaalin keruu ja valokuvaus','2016-07-06',6,'2016-08-15'),(36,24,'materiaalin keruu','2016-07-11',7,'2016-08-15'),(36,24,'materiaalin keruu','2016-07-12',7,'2016-08-15'),(36,24,'materiaalin keruu','2016-07-13',6,'2016-08-15'),(36,24,'materiaalin keruu ja valokuvaus','2016-07-18',7,'2016-08-15'),(36,24,'materiaalin keruu ja valokuvaus','2016-07-19',7,'2016-08-15'),(36,24,'materiaalin keruu ja valokuvaus','2016-07-20',6,'2016-08-15'),(36,24,'materiaalin keruu ja valokuvaus','2016-07-25',7,'2016-08-15'),(36,24,'materiaalin keruu ja valokuvaus','2016-07-26',6,'2016-08-15'),(36,24,'materiaalin keruu ja valokuvaus','2016-07-27',6,'2016-08-15'),(49,49,'Taloushallinto','2016-08-09',0.5,'2016-09-05'),(49,49,'Kokoustamista','2016-08-10',2.5,'2016-09-05'),(49,49,'0,25','2016-08-12',0,'2016-09-05'),(49,49,'Sähkoposti - Laskuja','2016-08-05',0,'2016-09-05'),(49,49,'Taloushallinto','2016-08-16',0.5,'2016-09-05'),(49,49,'Taloushallinto','2016-08-19',0.25,'2016-09-05'),(49,49,'Taloushallinto','2016-08-22',0.25,'2016-09-05'),(49,49,'Palkkojen maksua - sposti','2016-08-24',0.5,'2016-09-05'),(49,49,'Sähkoposti - Laskuja','2016-08-26',0.5,'2016-09-05'),(49,49,'Sposti','2016-08-29',0.2,'2016-09-05'),(50,501,'täsmäytys, tyel, posti','2016-08-15',1.25,'2016-09-05'),(50,501,'posti','2016-09-01',0.25,'2016-09-05'),(50,501,'posti','2016-08-25',0.25,'2016-09-05'),(50,501,'Työpuhelu, meili ja Talvitien vuokra','2016-09-05',0.25,'2016-09-09'),(50,501,'posti','2016-09-07',0.25,'2016-09-09'),(50,501,'Osuuspääoman palautusten kirjaus','2016-09-09',0.16,'2016-09-09'),(50,501,'Eiran laskun kirjaus ja maksu','2016-09-08',0.083,'2016-09-09'),(50,501,'Viranomaisilmoitukset+posti','2016-09-12',0.5,'2016-09-19'),(50,501,'meilit','2016-09-18',0.166,'2016-09-19'),(50,501,'tyel, palkat, meilit','2016-09-19',0.5,'2016-09-26'),(50,501,'myyntireskontra, kilometrikorvaukset, meilit','2016-09-26',0.25,'2016-09-26'),(50,501,'posti','2016-09-22',0.25,'2016-09-26'),(50,501,'alv+tas','2016-10-12',0.25,'2016-10-18'),(50,501,'posti','2016-10-06',0.25,'2016-10-12'),(50,501,'tï¿½smï¿½ytys, laskujen tallennus','2016-10-15',1,'2016-10-18'),(50,501,'myynti/ostoreskontran tsekkaus ja palkat','2016-10-17',0.16,'2016-10-20'),(50,501,'palkkailmoitus+marin palkka ja km-korvaus','2016-10-18',0.5,'2016-10-20'),(50,501,'posti','2016-10-13',0.25,'2016-10-18'),(50,501,'posti','2016-10-19',0.25,'2016-10-20'),(50,501,'Tyel+ostolaskut','2016-10-20',0.333,'2016-10-20'),(50,501,'palkkailmoitus','2016-10-25',0.5,'2016-10-28'),(50,501,'Homman nimi','2016-10-26',0,'2016-10-28'),(50,501,'palkat ja palkkailmo','2016-10-24',0.25,'2016-10-28'),(50,501,'posti, myynti- ja ostoreskontra','2016-10-28',0.5,'2016-10-28'),(50,501,'myynti+ostoreskontra, palkat','2016-10-31',0.167,'2016-11-23'),(50,501,'taloushallinto+posti','2016-11-03',0.5,'2016-11-23'),(50,501,'taloushallinto','2016-11-07',0.25,'2016-11-23'),(50,501,'taloushallinto+posti','2016-11-10',0.5,'2016-11-23'),(50,501,'taloushallinto+posti','2016-11-17',0.5,'2016-11-23'),(50,501,'posti+taloushallinto','2016-11-21',0.5,'2016-11-23'),(50,501,'taloushallinto, tÃ¤smÃ¤ytys, viranomaisilmot','2016-11-14',0.5,'2016-11-23'),(50,501,'tyel','2016-11-20',0.16,'2016-11-23');

--
-- Table structure for table `prosentit`
--

CREATE TABLE `prosentit` (
  `id` int(11) NOT NULL AUTO_INCREMENT,
  `nimi` varchar(10) NOT NULL DEFAULT '',
  `prosentti` float DEFAULT NULL,
  `selitys` varchar(50) DEFAULT NULL,
  PRIMARY KEY (`id`)
) ENGINE=MyISAM AUTO_INCREMENT=19 DEFAULT CHARSET=latin1;

--
-- Dumping data for table `prosentit`
--

INSERT INTO `prosentit` VALUES (1,'tatael',0.189,'Työnantajan TYEL16 (TYEL 2015 19%)'),(2,'tatel',0.1608,'Työnantajan TyEL >53v (EI KÄYTÖSSÄ_08)'),(3,'tatyotvak',0.01,'Työnantajan työttömyysvakuutus2016 (15:0,08)'),(7,'tttyotvak',0.0115,'TyöntekijänTyöttömyysvakuutus2016 (15:0,0065)'),(5,'tapatvak',0.005953,'Tapaturmavakuutus 2010 (-09 0.0075)'),(6,'rhvak',0.0007,'Ryhmähenkivakuutus2016'),(4,'sotu',0.0212,'Sosiaaliturvamaksu 2016 (15: 0,0208) '),(10,'lomak',0.115,'Lomakorvaus 2009 11,5%'),(8,'tttael',0.057,'Työntekijän TyEL 2016<53v (15:0.057)'),(9,'tttel',0.065,'Työntekijän TyEL (yli 53 v)EI KÄYTÖSSÄ-10'),(11,'oskuprossa',0.07,'Osuuskunnan provisio'),(12,'bpalkkapk',0.729215,'Brpalkka tyel-palkkakust:sta 2015(14:0.735753)'),(13,'tbpalkpros',0.764705,'Bpalkka (YLI53v) palkkakustannuksi 2008 EI KÄYTÖS '),(14,'rilypros07',0.871608,'EiTyelEiTyötvakmaksuja-prosenttiYli65V_2013'),(16,'pääomatulo',0.28,'Korkotulojen veroprosentti'),(17,'YleinenALV',24,'Yleinen arvonlisäverokanta'),(18,'minimip',57.51,'Työeläkevakuutetun palkan minimisumma-16 €/kk');

--
-- Table structure for table `sessiot`
--

CREATE TABLE `sessiot` (
  `sid` varchar(60) NOT NULL DEFAULT '',
  `uid` int(11) NOT NULL DEFAULT '0',
  `aika` datetime NOT NULL DEFAULT '0000-00-00 00:00:00',
  `ip` varchar(25) NOT NULL DEFAULT '',
  KEY `uid` (`uid`)
) ENGINE=MyISAM DEFAULT CHARSET=latin1;

--
-- Dumping data for table `sessiot`
--

INSERT INTO `sessiot` VALUES ('d4b591b4ba4deb20017a15171ea079a8',48,'2016-12-27 09:18:27','');

--
-- Table structure for table `tapaturmavakuutus`
--

CREATE TABLE `tapaturmavakuutus` (
  `nimike` varchar(50) NOT NULL,
  `ammattiluokka` varchar(5) NOT NULL,
  `vastuuluokka` tinyint(4) DEFAULT NULL,
  `maksupromille` float NOT NULL,
  `vikapaivitys` date DEFAULT NULL,
  PRIMARY KEY (`ammattiluokka`)
) ENGINE=MyISAM AUTO_INCREMENT=60 DEFAULT CHARSET=latin1 COMMENT='Ammattiluokitus palkanlaskun tapaturmavakuutuspromillien mää';

--
-- Dumping data for table `tapaturmavakuutus`
--

INSERT INTO `tapaturmavakuutus` VALUES ('Toimittajat','060 A',1,4.47,'2015-01-24'),('Graafikot ','072 F',2,6.09,'2015-01-24'),('Muusikot ','076 B',1,4.37,'2011-01-02'),('Terapeutit','110 D',3,8.11,'2015-01-24'),('Hallinto- ja toimistotyöt','240 A',80,2.9,'2011-01-02'),('Atk-henkilöstö ','250 A',80,3.11,'2015-01-24'),('Soitintyöntekijät ','863 A',4,10.78,'2015-01-24'),('Kääntäjä','090C',1,4.47,'2015-01-24'),('Elokuvantekijä','791A',1,4.376,'2010-12-28'),('Teollinen muotoilija','073E',2,6.09,'2015-01-24'),('Kuvataiteilija','072C',2,6.1,'2015-01-24'),('Markkinointityö','301K',80,2.914,'2010-12-28'),('Toimistotyö','240 Y',80,3.09,'2015-01-24'),('Valokuvaajat ','074E',2,6.09,'2015-03-02');

--
-- Table structure for table `tiedostot`
--

CREATE TABLE `tiedostot` (
  `nimi` tinytext,
  `sarja` int(11) DEFAULT '0',
  `kuvaus` mediumtext,
  `polku` tinytext NOT NULL,
  `mime` tinytext,
  `koko` int(11) DEFAULT NULL,
  `omistaja` tinytext,
  `tallennettu` date DEFAULT NULL,
  `tallentaja` int(11) DEFAULT NULL,
  `tila` tinyint(4) DEFAULT NULL COMMENT 'Lähinnä pöytäkirjoja varten ajateltu attribuutti',
  `id` int(11) NOT NULL AUTO_INCREMENT,
  PRIMARY KEY (`id`),
  KEY `sarja` (`sarja`)
) ENGINE=MyISAM AUTO_INCREMENT=322 DEFAULT CHARSET=latin1;

--
-- Dumping data for table `tiedostot`
--

INSERT INTO `tiedostot` VALUES ('hpk1_01',2,'Perustamiskokouksen yhteydessä 8.4.01 pidetty ensimmäinen hallituksen kokous, jossa mm. valittiin Otso Harju vpj:ksi.','PkH1.rtf','text/richtext',0,'Eeva Silvennoinen','2001-04-08',0,100,12),('hpk2_01',2,'Toinen hallituksen kokous (23.4.01), jossa keskusteltiin laskutuksen ja hinnoittelun - kertoimen - periaatteista, kaavailtiin ensimmäistä talousarviota ja valittiin mm. pankkia sekä vakuutusyhtiötä.','HPK2.rtf','text/richtext',0,'Eeva Silvennoinen','2001-04-23',0,100,13),('hpk3_01',2,'10.10.01 pidetty kokous, jossa käsiteltiin Suomen Viestintä -lehdelle tehtävää tarjousta. Hyväksyttiin Tiina Palin-Brummer jäseneksi.','HPK3.rtf','text/richtext',0,'Eeva Silvennoinen','2001-10-10',0,100,14),('opk2_01',1,'Ensimmäinen perustamiskokouksen jälkeinen osuuskunnan kokous, pidettiin 14.5.2001. Kokouksessa hyväksyttiin Otso Harjun ero ja tehtiin sitä seuranneet muutokset. Jouni Nurmi valittiin vpj:ksi ja Arja Krank hallituksen jäseneksi sekä Milan Annerkivi varajäseneksi.','opk2_01.DOC','application/msword',0,'Jouni Nurmi','2001-05-22',0,100,11),('hpk4_01',2,'17.12.01 pidetty kokous, jossa osuuskuntaa esiteltiin Inka Ruokolaiselle ja Kirsi Rautiolalle sekä käsiteltiin ajankohtaisia asioita.','hpk17[1].12.01A.DOC','application/msword',0,'Eeva Silvennoinen','2001-12-17',0,100,15),('opk1_02',1,'24.1.02 pidetty kokous, jossa edellisen vuoden lopussa hyväksytyt uudet jäsenet - Kirsi Rautiola, Taija Niemi ja Raija Mäki - tutustuivat Acamediaan. Päätettiin tehdä www-sivut kevään aikana ja keskusteltiin markkinoinnista.','OKpk1_2002.DOC','application/octet-stream',0,'Eeva Silvennoinen','2002-01-24',0,100,16),('opk2_02',1,'4.6.2002 pidetty kevätkokous, jossa hyväksyttiin tilinpäätös.','ok2_02.DOC','application/msword',0,'Eeva Silvennoinen','2002-06-04',0,100,17),('opk3_02',1,'26.9.2002 pidetty osuuskunnan syyskokous, jossa hyväksyttiin uusi hallitus. Soila Mäkitalo tuli jäseneksi.','OSK2pk260902.rtf','text/richtext',0,'Annikki Kilgast','2002-09-26',0,100,18),('hpk1_02',2,'10.1.02 pidetty kokous, jossa päätettiin hakeutua ALV-velvolliseksi, keskusteltiin juoksevien asioiden hoitamisesta, toimivallasta sekä hallituksen kokoonkutsumisen säännöistä.','PkH1_02.rtf','text/richtext',0,'Eeva Silvennoinen','2002-01-10',0,100,19),('hpk4_02',2,'17.12.02 pidetty kokous, jossa päätettiin kirjanpitäjän vaihtamisesta ja todettiin taloudellinen tilanne vuoden lopussa. Arja ehdotti menettelyä, jolla laitteita hankittaisiin osuuskunnan nimiin ja jäsenten käyttöön. ','acam_ptk171202.DOC','application/octet-stream',0,'Soila Mäkitalo','2002-12-17',0,100,20),('hpk1_03',2,'23.1.2003 pidetty kokous, jossa hyväksyttiin Kimmo Arho ja Ritva-Liisa Yrjölä jäseniksi sekä Tiina Pohjansara kirjanpitäjäksi.','OSKH1PK_230103.doc','application/msword',0,'Eeva Silvennoinen','2003-01-23',0,100,21),('hpk2_03',2,'10.3.2003 pidetty kokous, jossa keskusteltiin jäseneksi hyväksymisen kriteereistä, uusista jäsenehdokkaista sekä todettiin uuden kirjanpitäjän aiheuttama epävarmuus. Päätettiin pitää osuuskunnan 2-vuotispäivät 12.4. yhteisenä juhlana.','OSKH2PK_170303.doc','application/octet-stream',0,'Arja Krank','2003-03-10',0,100,22),('hpk3_03',2,'Kokouksessa päätettiin hallituksen säännölliseksi kokousajaksi joka kuun ensimmäinen maanantai ja päätettiin vaihtaa SMALLBUSINESS-palveluun int2000.netin palvelimella.\r\nKolmen kuukauden koeajalla hyväksyttiin Mauno Martikainen, Jussi Seppänen ja Mirkka Tynkkynen uusiksi jäseniksi.','hpk303_200303.rtf','text/richtext',0,'Eeva Silvennoinen','2003-03-20',0,100,23),('HPK4_03',2,'Päätettiin lopettaa Mirkka Tynkkysen pyynnöstä hänen jäsenyytensä koeaika ja myöntää hänelle Acamedia osuuskunnan täysjäsenyys. Päätettiin ottaa Tarja Vahronen osuuskunnan kirjanpitäjäksi vuoden 2003 kirjanpidosta alkaen. Esiteltiin luonnos vuoden 2003 talousarvioksi ja keskusteltiin siitä. Päätettiin osuuskunnan pankkikortista ja tilinkäyttöoikeudesta. Lisäksi käsiteltiin pöytälevyä, työttömyysturva-adressia ja Acamedian 2-vuotisjuhlien järjestelyä koskevat asiat ','AcamHPK_07042003.rtf','text/richtext',0,'Raija Mäki','2003-04-07',0,100,24),('HPK5_03',2,'1.Tina Pohjansaran tekemää tilinpäätöstä vuodelta 2002 ei ollut voitu hyväksyä, perustelut.\r\n2. Päätettiin kutsua osuuskunnan ylimääräinen kokous 13.5.05 ja pitää sitä ennen hallituksen kokous.\r\n3. Haastateltin jäsenehdokas Ulla Kytöstä ja päätettiin hyväksyä hänet koejäseneksi.\r\n4. Keskustelua jäsenmaksuista sekä 10.5. Tiinalla pidetystä asiaillasta.','acam_hpk503_05052003.doc','application/msword',0,'Eeva Silvennoinen','2003-05-05',0,100,25),('HPK2_02',2,'Hallitus hyväksyi vuoden 2001 tilinpäätöksen ja päätti rekisteröidä acamedia.fi -nettiosoitteen ja laatia www-sivut.\r\nValmistauduttiin YLEn Opinportti -ohjelmaan, jossa Arja ja Seppo esiintyisivät.','PkH2_02.rtf','text/richtext',0,'Eeva Silvennoinen','2002-04-07',0,100,26),('HPK6_03',2,'Hyväksyttiin tilikauden 2002 tilinpäätös. Liikevaihto oli 4831,63 €, tilikauden tappio 236 €, liikevaihto on kasvanut 166 %.  Kirjanpitäjä Tarja Vahrosen lasku 100 € + ALV päätettiin hyväksyä. Päätettiin tehdä osuustodistukset osuuskunnan jäsenille. Keskusteltiin hallitusjärjestelyistä, joita tehtäisiin samana päivänä klo 18 alkavaksi suunnitellussa osuuskunnan kokouksessa.','HPK6_13052003.doc','application/octet-stream',0,'Annikki Kilgast','2003-05-13',0,100,27),('HPK7_03',2,'Päätettiin maksaa Milanin lehti-ilmoitus Naisten leiristä. Antti Kolari otettiin koejäseneksi. Päätettiin pyytää kirjanpitäjältä kustannusarvio taloushallinnon hoitamisesta. Nykyisten koejäsenien kolme kuukautta tulee täyteen. Ilmoitetaan. Hankitaan matkapuhelinliittymä myöhemmin.','HPK7_03.doc','application/octet-stream',0,'Arja Krank','2003-06-02',0,100,28),('HPK8_03',2,'Sähköpostitse käyty kokous. Päätettiin ulkoistaa pääosa taloushallinnosta. Päätettiin tärkeimmistä työnjaoista. Päätettiin hankkia puhelinliittymä.','HPK8_03.doc','application/msword',0,'Arja Krank','2003-06-12',0,100,29),('OPK1_03',1,'Toiseksi tilintarkastajaksi valittiin Kim Jacobson. Hallitus järjestäytyi uudelleen, kun hallituksen puheenjohtaja ja kaksi hallituksen jäsentä ilmoittivat eroavansa hallituksesta. Seppo Kilgast on työharjoittelijana Acamediassa. Hänen tehtävänsä on suunnitella ja tehdä käsiesite osuuskunnlle. Osuuskunnan markkinointia ulospäin suunniteltiin Tiina Palin-Brummerin johdolla.','poytakirja13.5.ok.doc','application/octet-stream',0,'Kirsi Rautiola','2003-05-13',0,100,30),('HPK9_2003',2,'Osuuskunnan koejäsen Ulla Kytösen jäsenyys Acamedia osuuskunnassa vahvistettiin. Päätettiin toimista liittymis- ja osuusmaksujen saamiseksi ajallaan sekä jäsenyyden raukeamisesta, mikäli maksuja ei makseta. Osuuskunnan osoite on edelleen Eevan osoite. Osuuskunnan rahatilanne ja hallituksen tehtävien jako. Hallituksen kokoonpano muuttui, kun Kirsi Rautiola erosi sekä hallituksen että osuuskunnan jäsenyydestä. Työvoimatoimiston vastaus hallituksenjäsenen työttömyysturvakysymykseen saatu kirjallisena. Osuuskunnan aivoriihitapaamisen järjestäminen.','HALLITUKSENKOKOUS-1.9.2003.doc','application/octet-stream',0,'Raija Mäki','2003-09-01',0,100,35),('Muistio ',1,'Ei virallinen ok:n kokous. Keskustelua käytiin monista asioista: hinnoittelusta, markkinoinnista, yrityshautomosta, tilasta, tuotteista, www-sivuista, käyntikorttien printtaamisesta, menettelytavoista ym.','memo240903.doc','application/octet-stream',0,'Eeva Silvennoinen','2003-09-24',0,100,36),('OPK2_03',1,'Osuuskunnan kevätkokous 4.6.2003. Hyväksyttiin tilit ja myönnettiin vastuuvapaus vastuuvelvollisille. Valittiin tilintarkastajat ja varatilintarkastajat kuluvalle kaudelle. Käsiteltiin vuoden 2003 toimintasuunnitelma ja talousarvio. Muina asioina keskusteltiin osuuskunnan palkkojen ja laskujen maksusta ja sen antamisesta kirjanpitäjä Tarja Vahrosen tehtäväksi.','Osuuskunnankevatkokous4.6.2003.doc','application/octet-stream',0,'Seppo Kilgast','2003-06-04',0,100,34),('uutiskuva',4,'','Nunu.gif','image/gif',0,'','2003-10-11',0,NULL,43),('HPK10_2003',2,'Käyntikortit ja esitteet printataan osuuskunnan printterillä, joka Arjan luona. Uutta liiketoimintakonseptia, erilaistumista, suhdetoimintaa ja markkinointia suunnitellaan. Www-sivujen uudistamista varten työryhmä. Kruununhaan tilaa ei vuokrata.','poytakirjaacamedia071003.doc','application/octet-stream',0,'Ulla Kytönen','2003-10-06',0,100,44),('Koeputki',13,'Kytönen Ulla','intra_etu.jpg','image/pjpeg',47576,'18','2004-01-10',0,NULL,70),('HPK11_2003',2,'Osuuskunnalle ostetaan puhelin. Eeva käy ostamassa. Puhelin ja sim-kortti annetaan Ullan käyttöön. Osuuskunna sääntömääräinen syyskokous pidetään lauantaina 29.11. Kokouksen jatkoksi pidetään osuukunnan pikkujoulu. ','HALLITUKSENKOKOUS-3.11.2003.doc','application/msword',41984,'Raija Mäki','2003-11-03',0,100,45),('uutiskuva',4,'Martikainen Mauno ','kukat.jpg','image/pjpeg',2823,'Martikainen Mauno ','2003-11-19',0,NULL,47),('uutiskuva',4,'Martikainen Mauno ','kukat.gif','image/gif',3217,'Martikainen Mauno ','2003-11-19',0,NULL,48),('uutiskuva',4,'Eeva Silvennoinen','voikukka.jpg','image/pjpeg',31878,'Eeva Silvennoinen','2003-11-19',0,NULL,51),('uutiskuva',4,'Eeva Silvennoinen','lemmikit.jpg','image/pjpeg',45991,'Eeva Silvennoinen','2003-11-19',0,NULL,50),('uutiskuva',4,'Eeva Silvennoinen','Nunu.gif','image/gif',4810,'Eeva Silvennoinen','2003-11-20',0,NULL,59),('Koeputki',13,'Eeva Silvennoinen','acalogo7.jpg','image/pjpeg',24174,'8','2004-01-09',0,NULL,69),('omakuva',3,'Krank Arja','arja.jpg','image/jpeg',32768,'Krank Arja','2005-02-23',5,NULL,143),('omakuva',3,'Tynkkynen Mirkka','mirkka_tynkkynen.jpg','image/jpeg',4995,'Tynkkynen Mirkka','2003-11-22',16,NULL,62),('Uutiset',13,'Kytönen Ulla','liiketoimintasuunnitelma2004_051203.doc','application/msword',112640,'18','2003-12-07',0,NULL,67),('Uutiset',13,'Martikainen Mauno ','joulukynttila.swf','application/x-shockwave-flash',20982,'17','2003-12-14',0,NULL,68),('Uutiset',13,'Eeva Silvennoinen','liiketoimintasuunnitelma2004.doc','application/msword',116736,'8','2003-11-30',0,NULL,65),('Neuvola',13,'Kytönen Ulla','meilit.jpg','image/pjpeg',32171,'18','2004-01-21',0,NULL,71),('OPK3_03',1,'Osuuskunnan syyskokous, jossa esiteltiin TE-keskuksessa käynti, jäsenkyselyn tulokset ja tämän vuoden toimintaa. Jäsenkyselyn tuloksen perusteella sovittiin osuuskunnan osuusprosentit 10 ja 17 sekä laskutuksen tuntihinnat erilaisille töille: 48 euroa/h, 33 euroa/h ja 17 euroa/h. Puhuttiin markkinoinnista ja siihen liittyen www-sivujen uudistamisesta. Mauno Martikainen ja Mirkka Tykkynen valtuutettiin tekemään ehdotus leiskaksi. Päätettiin, ettei hallituksen jäsenille toistaiseksi makseta palkkaa eikä palkkiota. Osuuskunnan puheenjohtajaksi valittiin Raija Mäki. Hallitus kooksi päätettiin viisi jäsentä ja kaksi varajäsentä: Antti Kolari, Arja Krank, Seppo Kilgast ja Eeva Silvennoinen, sekä Annikki Kilgast ja Ulla Kytönen. Osuuskunnan juoksevien asioiden hoitajiksi valittiin Eeva Silvennoinen ja Arja Krank.','Osuuskunnansyyskokous29.11.2003.doc','application/msword',54272,'Antti Kolari','2003-11-29',0,100,84),('HPK2_2004',2,'Keskustelua uusista kotisivuista, kirjanpidosta ja juoksevista asioista. Varapj:ksi E. Silvennoinen.','hpk2_2004.doc','application/msword',49152,'Eeva Silvennoinen','2004-03-01',0,100,83),('Uutiset',13,'Kytönen Ulla','tarjous.pdf','application/pdf',32679,'18','2004-02-03',0,NULL,73),('omakuva',3,'Niemi Taija','taisku06.jpg','image/pjpeg',52345,'Niemi Taija','2004-02-29',11,NULL,76),('HPK4_04',2,'1) Veroilmoituksen myöhästyminen, 2) Kolarin ja Kytösen esitys osuuskunnan aputoiminimestä, 3) Kolarille ja Kytöselle myönnettiin erot hallituksen jäsenyydestä.','HPK4_2004.doc','application/msword',29696,'Eeva Silvennoinen','2004-05-03',0,100,96),('Neuvola',13,'Kytönen Ulla','avoin_yrittajakurssi_1_ilta.doc','application/msword',64000,'18','2004-03-02',0,NULL,78),('Neuvola',13,'Kytönen Ulla','avoin_yrittajakurssi_2_ilta.doc','application/msword',63488,'18','2004-03-02',0,NULL,79),('Neuvola',13,'Kytönen Ulla','avoin_yrittajakurssi_3_ilta.doc','application/msword',89088,'18','2004-03-04',0,NULL,80),('Neuvola',13,'Kytönen Ulla','avoin_yrittajakurssi_4_ilta.doc','application/msword',70656,'18','2004-03-04',0,NULL,81),('Neuvola',13,'Kytönen Ulla','avoin_yrittajakurssi_5_ilta.doc','application/msword',61952,'18','2004-03-27',0,NULL,85),('Neuvola',13,'Kytönen Ulla','avoin_yrittajakurssi_6_ilta.doc','application/msword',64000,'18','2004-03-27',0,NULL,86),('Neuvola',13,'Kytönen Ulla','avoin_yrittajakurssi_7_ilta.doc','application/msword',54784,'18','2004-03-27',0,NULL,87),('Neuvola',13,'Kytönen Ulla','avoin_yrittajakurssi_8_ilta.doc','application/msword',71680,'18','2004-03-27',0,NULL,88),('Neuvola',13,'Kytönen Ulla','acamedia_tuntilista.doc','application/msword',56832,'18','2004-03-30',0,NULL,89),('Neuvola',13,'Kytönen Ulla','acamedia_tuntilista.doc','application/msword',58368,'18','2004-03-30',0,NULL,90),('Neuvola',13,'Kytönen Ulla','acamedia_tuntilista.doc','application/msword',58368,'18','2004-03-30',0,NULL,91),('Neuvola',13,'Kytönen Ulla','acatuntilista.doc','application/msword',57344,'18','2004-03-30',0,NULL,92),('HPK3_2004',2,'Kotisivut, markkinointi, Tiina Palin-Brummerin ero vahvistettiin, Somaliliiton sivut.','HPK3_2004.doc','application/octet-stream',40448,'Annikki Kilgast','2004-04-05',0,100,93),('HPK1_2004',2,'1. Uuden hallituksen järjestäytyminen 2. Risteily 3. Markkinointi 4. Muut mahdolliset asiat. Varapj ei valittu. Tallinnan risteily siirrettiin. Markkinoinnissa ongelma referenssien puute. Tunnuskuva uudistettava. Pankkioikeudet ja nimenkirjoitusoikeus Arja Krankille Annikki Kilgastin sijaan. ','2004.01Hallitus.doc','application/msword',45056,'Raija Mäki','2004-01-12',0,100,94),('HPK6_2004',2,'- Sekaannus veroviraston kanssa, joka aiheutui keskeneräisen tilinpäätöksen pohjalta tehdystä veroilmoituksesta (kirjanpitäjän sairaus).\r\n- Jos positiivinen välitilinpäätös pitää paikkaansa, aiheellista alkaa maksaa kokouspalkkioita hallituksen jäsenille. Tila harkintaan.\r\n- Annikki ja Seppo Kilgastille päätettiin kustantaa matkalippu hallituksen kokouksiin tulemista varten.\r\n- Eeva Silvennoisen aiempi kulukorvaus (welho-laajakaistamaksu) päätettiin vaihtaa toisensisältöiseen, mutta samansuuruiseen korvaukseen (sähkö+helvempi HomePNA=30+10e/kk).\r\n- Helena Paimelalle myönnettiin ero ja osuusmaksu päätettiin palauttaa.','HPK6_2004.doc','application/msword',33792,'Eeva Silvennoinen','2004-08-23',0,100,100),('OPK1 2004',1,'Tilinpäätösasiat päätettiin siirtää 17.6.2004 pidettävään kevätkokouksen jatkokoukseen. Tilintarkastajille päätettiin maksaa kohtuullinen korvaus sen mukaan, mitä pyytävät. Tilintarkastajiksi valittiin Ritva Vaure ja Paul Stålhane. Vuoden 2004 toimintasuunnitelma hyväksyttiin. Budjetti päätettiin laatia kevätkokouksen jatkokoukseen mennessä. Päätettiin, että hallitusta ei nyt täydennetä, vaikka hallituksesta on eronnut yksi varsinainen jäsen ja yksi varajäsen. Päätettiin perustaa aputoiminimi Akkumedia Antti Kolarin ja Ulla Kytösen yritysviestintään keskittyvien töiden markkinointibrandiksi.','Osuuskunnankevatkokous10.6.2004.doc','application/octet-stream',45568,'Raija.Mäki','2004-06-10',0,100,98),('HPK5 2004',2,'1. Kevätkokouksen valmistelu: Toimintakertomus vuodelta 2003 hyväksyttiin, tilinpäätös esiteltiin, mutta ei hyväksytty siinä olleen virheellisen kirjauksen takia, toimintasuunnitelma vuodelle 2004 esiteltiin ja hyväksyttiin, budjetti päätettiin valmistella seuraavaan kokoukseen. 2. Vastuuvakuutuksesta keskusteltiin, mutta ennen päätöksentekoa haluttiin perehtyä asiaan tarkemmin. 3. Päätettiin vaihtaa pankkiautomaattikortti pankkikorttiin ja antaa Arja Krankille ja Eeva Silvennoiselle käyttöoikeus. ','OSUUSKUNNAN HALLITUKSEN KOKOUS10.6.2004.doc','application/octet-stream',43008,'Raija Mäki','2004-06-10',0,100,99),('HPK7 2004',2,'1. Syyskokouksen valmistelu. Paikka ja aika: Punavuoren Ahven –ravintolan kabinetti 3. joulukuuta 17.30 alkaen. 2. Hyväksyttiin uusi jäsen graafinen suunnittelija Tuula Kakko. 3. Muut asiat: -Budjetti näyttäisi tämänhetkisten laskelmien perusteella olevan 500 euroa plussalla. - Sääntömuutosta ei nyt tehdä, koska akuutit asiat, jotka muutosta kaipaisivat, voidaan toteuttaa nykyisten sääntöjen puitteissa. - Päätettiin pitää osuuskunnan pikkujoulu osuuskunnan syyskokouksen jatkoksi. Pikkujoulussa päätettiin arpoa osuuskunnan lahjoittama magnum-pullo kuohuviiniä.','OSUUSKUNNAN HALLITUKSEN KOKOUS72004.doc','application/msword',48640,'Raija Mäki','2004-10-25',0,100,101),('OPK3_04',1,'SYYSKOKOUS:\r\nPJ:ksi valittiin Raija Mäki. Hallituksen varsinaisiksi jäseniksi valittiin Tuula Kakko, Annikki Kilgast ja Eeva Silvennoinen sekä varajäseniksi Seppo Kilgast ja Ritva-Liisa Yrjölä.\r\n\r\nHallituksen jäsenille päätettiin alkaa maksaa kokouspalkkioita 10e/kokous/äänivaltainen jäsen.   \r\n\r\nKokous valtuutti hallituksen kutsumaan koolle osuuskunnan kokouksen jäsen- ja liittymismaksujen korottamiseksi.','OKpk_syys_04.rtf','application/rtf',18333,'Eeva Silvennoinen','2004-12-03',0,100,102),('Kanslia',13,'Mäki Raija','Acamedia_osuuskunnan_säännöt.rtf','text/richtext',23799,'10','2005-01-01',0,NULL,103),('HPK1_05',2,'Asioiden valmistelu ylimääräiseen yhtiökokoukseen, jossa on määrä muuttaa osuuskunnan sääntöjä mm. osuus- ja liittymismaksun korotuksen vuoksi \r\n\r\nUudet jäsenehdokkaat: Irmeli Jokinen tulee haastateltavaksi ennen kokouksen alkua \r\n','OPK_03_01_2005.doc','application/octet-stream',68608,'Tuula Kakko','2005-01-03',0,100,104),('Projektiteksti',14,'9 esimerkkiprojektin teksti+lisäprojektit, eng+suom/käännöspohja','projektit.doc','application/msword',38400,'Eeva Silvennoinen','2005-02-06',111,NULL,121),('Esittely, haku ja kumppanit',14,'Esittelyteksti, hakuohjeet ja kumppaniteksti suomeksi','esitt_haku_kumpp.doc','application/msword',44544,'Eeva Silvennoinen','2005-02-06',111,NULL,123),('Projektikanta98_02',14,'Tietokantaan syötettävä luettelo vanhemmista 98-02 projekteista','projektit_98_02.xls','application/vnd.ms-excel',40960,'Eeva Silvennoinen','2005-02-06',111,NULL,124),('Projektikanta_03',14,'Tietokantaan vietävät vuoden 2003 projektit','2003_projektit.xls','application/vnd.ms-excel',34304,'Eeva Silvennoinen','2005-02-06',111,NULL,125),('Projektikanta_04',14,'Tietokantaan vietävtä kokouksen 4.3.2004 projektit','04_03_04_projektit.xls','application/vnd.ms-excel',29696,'Eeva Silvennoinen','2005-02-06',111,NULL,126),('Maaluettelo_1',14,'Tietokantaan vietävä maaluettelo (vain nimet)','maaluettelo.xls','application/vnd.ms-excel',15872,'Eeva Silvennoinen','2005-02-06',111,NULL,127),('Projektikanta_vajaa',14,'Tietokantaan projektiluettelo, sis kaikki projektit, mutta esim. paikkakunnat puuttuvat','kaikki_projektit.xls','application/vnd.ms-excel',65536,'Eeva Silvennoinen','2005-02-06',111,NULL,128),('ENG_esittelyteksti',14,'Varsinainen käännöspohja, esittelyt+hakuohjeet+kumppanit englanniksi','yh_eng_teksti.doc','application/msword',44544,'Eeva Silvennoinen','2005-02-07',111,NULL,129),('Tekstiluettelo',14,'Luettelo siitä, mitä tekstejä tulee millekin sivulle','tekstiluettelo.doc','application/msword',23552,'Eeva Silvennoinen','2005-02-07',111,NULL,130),('YH-RANSKA',14,'Esittelyteksti, hakuohjeet ja kumppaniteksti ranskaksi','yh_teksti_fr.doc','application/msword',52224,'Eeva Silvennoinen','2005-02-15',111,NULL,131),('YH-ESPANJA',14,'Esittelyteksti, hakuohjeet ja kumppaniteksti espanjaksi','yh_esp_teksti.doc','application/msword',50688,'Eeva Silvennoinen','2005-02-15',111,NULL,132),('YH-VENÄJÄ',14,'Esittelyteksti, hakuohjeet ja kumppaniteksti venäjäksi','russian_yh.doc','application/msword',51712,'Eeva Silvennoinen','2005-02-15',111,NULL,133),('PROJEKTIT-VENÄJÄ',14,'Projektit venäjäksi','projektit russian.doc','application/msword',25600,'Eeva Silvennoinen','2005-02-15',111,NULL,134),('PROJEKTIT-RANSKA',14,'Projektit ranskaksi','projektit_fr.doc','application/msword',40960,'Eeva Silvennoinen','2005-02-15',111,NULL,135),('PROJEKTIT-ESPANJA',14,'Projektit espanjaksi','projektit.espanja.doc','application/msword',22528,'Eeva Silvennoinen','2005-02-15',111,NULL,136),('YH-PORTUGALI',14,'Esittelyteksti, hakuohjeet ja kumppaniteksti portugaliksi','yh_tekstiPORT.doc','application/msword',46592,'Eeva Silvennoinen','2005-02-15',111,NULL,137),('PROJEKTIT-PORTUGALI',14,'Projektit portugaliksi','projektitPORT.doc','application/msword',23040,'Eeva Silvennoinen','2005-02-15',111,NULL,138),('Päävalikko-PORTUGALI',14,'PÄÄVALIKON linkkitekstit portugaliksi','paavalikkosanatPORT.doc','application/msword',8192,'Eeva Silvennoinen','2005-02-15',111,NULL,139),('OPK2_04',1,'Edellisen tilikauden toimintakertomuksen hyväksyminen. Tilinpäätöksen vahvistaminen. Vastuuvapauden myöntäminen vastuuvelvollisille. Tilikauden 2003 tappio 502,01 päätettiin kirjata edellisten kausien tulostilille. Päätettiin aloittaa osuuskunnan sääntömuutoksen valmistelu. Perehdyttiin Ulla Kytösen pyytämiin vastuuvakuutus-tarjouksiin. Päätöksiä vakuutuksista ei tehty.','Osuuskunnankevatjatkokokous17.6.2004.doc','application/octet-stream',44032,'Antti Kolari','2004-06-17',0,100,140),('Kanslia',13,'Mäki Raija','Kokouskutsu Acamedia osuuskunnan ylimääräiseen osuuskunnan kokoukseen.doc','application/octet-stream',21504,'10','2005-02-23',0,NULL,144),('HPK6_05',2,'Päätettiin ottaa viulunrakentaja Marko Pennanen koejäseneksi. Päätettiin vaihtaa matkapuhelinliittymä Kolumbuksen K1-liittymään, jossa on pieni kuukausimaksu. Päätettiin ilmoittaa Eeva Silvennoinen puhelimen vastuuhenkilöksi. ','HALLITUKSEN KOKOUS14.7.2005.doc','application/octet-stream',43520,'Raija Mäki','2005-07-14',0,100,151),('HPK8_2004',2,'Päätettiin maksaa Milan Annerkiven matkat syyskokoukseen. Hyväksyttiin uusiksi jäseniksi kolmen kuukauden koeajalle Hanna Yrjönen ja Anders Jansson. Päätettiin ehdottaa syyskokoukselle hallituksen kokouspalkkioksi 10-20 euroa/kokous. Keskusteltiin uudelle jäsenelle annettavista jäsenohjeista.','HALLITUKSEN KOKOUS25.11.2004.doc','application/octet-stream',43520,'Raija Mäki','2004-11-25',0,100,147),('OPK1_05',1,'Osuuskunnan ylimääräinen kokous, jossa korotettiin liittymismaksua 200 Euroon, tehtiin osuuskunnan sääntömuutoksia koskien toimialoja, tilintarkastusta, kokouskutsua ja toiminimen kirjoittamista.','1110541899.2.doc','application/msword',41984,'Hanna Yrjönen','2005-03-04',0,100,148),('HPK2_05',2,'Eläketurvavakuutukset maksetaan samoin kuin tähänkin asti. Keskusteltiin osuuskunnan sääntömuutoksista. Päätettiin avustaa Aasian katastrofiavustusjärjestöjä puhelimitse. Ulla Kytösen ero.','HPK2_2005[1].doc','application/msword',22528,'Seppo Kilgast','2005-02-08',0,100,149),('HPK4_05',2,'Tomi Brotheruksen, Irmeli Jokisen ja Petja Jäppisen jäsenyyksistä päättäminen (Liite 1). Pohditittiin osuuskunnan sääntömuutoksia (Liite 2)ja kevätkokouksen päivämäärää. Matkakorvauksista osuuskunnan kokouksiin. Jari Tenhunen uudeksi koejäseneksi. Raija Mäki pyysi pohtimaan hallitukselle uutta puh.johtajaa.','HPK4_2005.doc','application/msword',38400,'Seppo Kilgast','2005-04-11',0,100,150),('HPK3_05',2,'Hanna Yrjönen ja Anders Jansson hyväksyttiin varsinaisiksi jäseniksi. Petja Jäppistä, Irmeli Jokista ja Tomi Brotherusta haastateltiin. Tuula Kakko hyväksyttiin varapj:ksi. Yrjölälle myönnettiin markkinointimaksu.','HPK3_05.doc','application/msword',12800,'Eeva Silvennoinen','2005-04-03',0,100,152),('HPK5_05',2,'Osuuskunnan tilinpäätös osoittaa tilikauden tulokseksi 127,46 euron ylijäämää. Hallituksen ehdotus ylijäämän käytöstä. - Hyväksyttiin tilinpäätös ehdotetussa muodossa, päätettiin esittää se osuuskunnan kokoukselle ja allekirjoitettiin tilinpäätösasiakirjat. - Keskusteltiin kirjanpitäjän palkkiosta ja uudesta kirjanpitäjästä. - Päätettiin kutsua kevätkokouksen jatkokokous koolle, kun tilintarkastajat ovat tarkastaneet tilit. - Päätettiin hyväksyä valokuvaaja Katarina Koskivaara koejäseneksi osuuskuntaan. - Osuuskunnan jäsenten tutustumistilaisuus päätettiin järjestää syksyn aikana. ','HALLITUKSEN KOKOUS11.6.2005.doc','application/octet-stream',48640,'Raija Mäki','2005-06-11',0,100,154),('HPK8_05',2,'Tomi Brotheruksen ja Jari Tenhusen jäsenyyden hyväksyminen. Avustupuhelut. Tilinpäätös PRH:een. Kannettavan tietokoneen ja Adobe CS:n ostaminen. Osuuskunnan syyskokouksen suunnittelua.','Poytakirja.doc','application/msword',44032,'Seppo Kilgast','2005-09-05',0,100,155),('HPK9_05',2,'Marko Pennasen jäsenyyden hyväksyminen. Osuukunnan syyskokouksen valmistelu; hallituksen kokoonpano, Patentti- ja rekisterihallituksen osakasluettelon osakkaiden niminen tarkennukset, käytännön toimet kokousta varten. Päätös CS:n aktivoimisesta vain osuuskunnan omaan koneeseen.','Hllituksenko9.doc','application/octet-stream',43008,'Seppo Kilgast','2005-11-01',0,100,156),('OPK2_05',1,'Kokouksen olisi pitänyt olla kevätkokous, jossa hyväksyttäisiin tilit, mutta nämä eivät olleet valmistuneet kirjanpitäjästä johtuvista syistä, minkä vuoksi sääntöjen mukaiset asiat siirrettiin jatkokokoukseen. Hanna Yrjönen tuli hallituksen jäseneksi. Jouni Nurmen ero osuuskunnasta hyväksyttiin. Sääntöjen toimialapykälään lisättiin \'taloushallinto\'','acaKevat080605.doc','application/msword',34304,'Eeva Silvennoinen','2005-06-08',0,100,158),('OPK3_05',1,'Vuoden 2004 tilit ja toimintakertomus hyväksyttiin. Tilikauden tuloksen voitonjakokelpoinen erä, 127 euroa, päätettiin siirtää vararahastoon, vastoin hallituksen esitystä. Tilintarkastajaksi valittiin Ritu Vaure. Sääntömuutos hyväksyttiin.','Kevatjatkokous140705.doc','application/msword',45568,'Tuula Kakko','2005-07-14',0,100,166),('omakuva',3,'Jansson Anders ','anders.jpeg','image/pjpeg',42224,'Jansson Anders ','2006-03-14',22,NULL,167),('HPK7_05',2,'Päätös kirjanpitäjän palkkion maksamisesta. Markku Helmisen hyväksyminen koejäseneksi. Katarina Koskivaaran hyväksyminen jäseneksi.','HPK7_05.doc','application/msword',27136,'Hanna Yrjönen','2005-08-08',0,100,163),('HPK10_05',2,'Markku Helmisen jäsenyyden hyväksyminen. Juha van Ingenin ja Markku Hyvösen koejäsenyyden hyväksyminen. Päätettiin hakea EU -verkkotunnuksia. Todettiin sääntömuutosehdotuksen olevan Pellervon lakimiehen tutkittavana. Päätettiin olla muuttamatta tässä vaiheessa palkasta tapahtuvaa kulujen vähennyssysteemiä.  ','HPK10_05.doc','application/msword',26112,'Hanna Yrjönen','2005-12-19',0,100,164),('OPK4_05',1,'Hallitukseen 2006 valittiin Raija Mäki (pj), Tuula Kakko, Jari Tenhunen, Eeva Silvennoinen ja Hanna Yrjönen. Varajäsenet ovat Antti Kolari, Marko Pennanen ja Seppo Kilgast. Edelleen käsiteltiin sääntömuutosta. Ulkopuolisille annettavat todistukset voi allekirjoittaa pj, 2 hallituksen jäsentä yhdessä tai Arja tai Eeva yksin. Tekijänoikeudet kuuluvat pääsääntöisesti tekijälle, ellei osuuskunta toimi rahoittajana.','Acasyyskokous19.11.2005.doc','application/octet-stream',48128,'Tenhunen/Silvennoinen','2005-11-19',0,100,165),('HPK2_06',2,'Vpj Hanna Yrjönen. Nimenkirjoitus: Raija Mäki, Arja Krank, Eeva Silvennoinen ja 2 hall. jäsentä yhdessä. Tilintarkastajan palkkio. Ritu Vaure jäseneksi, Markku Hyvönen ei. Kokeillaan palkka- ja työtodistusta, jossa allekirjoitus on  kuvana. Kevätkokouksen valmistelu. Kasettimaksu+ pienlaitevakuutuksista keskustelua.','HPK170306_2.doc.doc','application/octet-stream',60416,'Eeva Silvennoinen','2006-03-17',0,100,168),('OPK1_06',1,'Vuoden 2005 tilit ja toimintakertomus hyväksyttiin ja tilinpäätös vahvistettiin. Vastuuvelvollisille myönnettiin vastuuvapaus. Tilikauden tulos oli 921,23 euroa alijäämäinen. Tulos päätettiin kirjata edellisten kausien tulostilille. Tilintarkastajaksi valittiin Ritva Vaure ja varatilintarkastajaksi Markku Helminen. Koeajalla olleen Ritva Vauren jäsenyys päätettiin vahvistaa. ','Acamedian kevatkokous 2006 poytakirja.doc','application/octet-stream',44032,'Ritva Vaure','2006-05-13',0,100,169),('HPK4_06',2,'E.Silvennoisen työharjoittelu, päätös matkakorvauksista osuuskunnan kokouksiin, tilinpäätöksen vieminen Patentti- ja rekisterihallitukseen','HPK4_06.doc','application/octet-stream',15872,'Hanna Yrjönen','2006-06-15',0,100,170),('HPK_5_2006',2,'keskustellaan koneiden ja laitteiden ostamisesta osuuskunnan kautta.\r\nPitäisi sopia menettelytavoista ja käytännöistä, miten toimitaan.\r\n-keskustellaan jäsenen mahdollisuudesta käyttää osuuskunnan rahaa tai sijoittaa \r\nomaa rahaa väliaikaisesti tuotantoonsa tai työhönsä kuuluviin hankintoihin, jotka \r\nlaskutetaan aikanaan asiakkaalta ','HPK_5_06.doc','application/octet-stream',48640,'Tuula Kakko','2006-08-23',0,100,171),('HPK1_06',2,'Juha van Ingenin jäsenyys vahvistettiin. Tilinpäätös vuodelta 2005 hyväksyttiin ja allekirjoitettiin. Sääntömuutospaperit tarkistettiin ja todettiin tarkennuksen jälkeen olevan valmiit toimitettavaksi Patentti- ja rekisterihallitukseen. Eeva Silvennoiselle päätettiin maksaa 100 euroa kuukaudessa palkkaa osuuskunnan kirjanpidosta ja käytännön asioiden hoitamisesta.','Hallitus1.2006.6.2.2006.doc','application/msword',46592,'Antti Kolari','2006-02-06',0,100,172),('HPK3_06',2,'Sopimus Taitaja –lehden kanssa Jari Tenhusen päätoimittajuudesta. Kevätkokous ja 5-vuotisjuhla päätettiin pitää 13.5.2006. Tarjoilun ja juhlan valmistelijoiksi nimettiin Jari Tenhunen, Eeva Silvennoinen sekä Hanna Yrjönen. Acamedia.eu -tunnus on varattu. Päätettiin, että osuuskunta ryhtyy Sonja Silvennoisen sponsoriksi koulussa tapahtuvaan Unicef-kävelyyn 22.4.2006. Kävelyn tuotto menee lapsityön ja lapsikaupan vastaiseen toimintaan Länsi-Afrikassa, Beninissä. ','Hallitus3.2006.doc','application/octet-stream',52736,'Eeva Silvennoinen','2006-04-20',0,100,173),('omakuva',3,'Pakkanen Esko','SPA50211.JPG','image/pjpeg',413963,'Pakkanen Esko','2006-11-02',31,NULL,174),('HPK 6 06',2,'Oy 24H Enterprises Ltd:n lasku, Eafons Oy:n Taitaja-sopimuksen irtisanominen, hallituksen kulukorvaukset, ulkoisten verkkosivujen päivitys: markkinointisivu','HPK6_06.doc','application/octet-stream',14848,'Hanna van Ingen','2006-10-03',0,100,175),('omakuva',3,'Pakkanen Esko','SPA50211.JPG','image/pjpeg',413963,'Pakkanen Esko','2006-11-13',31,NULL,176),('OPK2_06',1,'Hallituksen jäsenille päätettiin maksaa 10 € kulukorvaus kokoukselta hyväksyttäviä kuitteja vastaan. Hallituksen puheenjohtajaksi valittiin Arja Krank. Hallituksen varsinaisiksi jäseniksi valittiin Tuula Kakko, Raija Mäki, Marko Pennanen ja Eeva Silvennoinen ja varajäseniksi Juha van Ingen, Seppo Kilgast, Antti Kolari ja Katarina Koskivaara. Päätettiin, että budjettiesitys käsitellään kevätkokouksessa.','Acamedia syyskokous 2006 poytakirja.doc','application/octet-stream',49152,'Ritva Vaure','2006-10-28',0,100,177),('HPK7_06',2,'Esko Pakkanen hyväksyttiin Acamedian jäseneksi kolmen kuukauden koeajalla. Jari Tnhusen laskuttamat Eafons Oy:n saatavat päätettiin antaa perintätoimisto Intrum justitian perittäviksi. Samalla päätettiin, että hallitus tekee vuosisopimuksen perintätoimiston kanssa. Päätettiin maksaa Tomi Brotheruksen laskuttamat saatavat hänen yrityksensä Oy 24H Enterprises Ltd:n laskulla. Päätettiin antaa Brotherukselle varoitus ilman valtuuksia tehdystä leasing-sopimuksesta Varimport Oy:n kanssa. Keskusteltiin syyskokouksen jäjestelyistä ja mahdollisuuksista korottaa osakepääomaa rahastoannin kautta. ','HPK_07.2006.doc','application/msword',68608,'Eeva Silvennoinen','2006-10-24',0,100,178),('HPK1_07',2,'Kaikki osuuskunnan eläkevakuutukset päätettiin siirtää Eteraan. Postilokero-osoite PL 958, 00101 Helsinki päätettiin päivittää osuuskunnan sivuille ja jakaa yhteistyökumppaneille. Keskusteltiin kotisivujen kehittämisestä ja päivittämisestä. Valmisteltiin asioita ylimääräiseen osuuskunnan kokoukseen, jossa valitaan uusi puheenjohtaja ja hallitus sekä jaetaan osuuskunnan tehtävät. Esko Pakkasen jäsenyyden vahvistaminen päätettiin siirtää helmikuulle. Käsiteltiin Jari Tenhusen eläkevakuutuksen maksua, Tael- vai Tel-eläkevakuutus. Hallituksen kokousten vakituiseksi päiväksi päätettiin ottaa kuukauden viimeinen tiistai. Päätettiin menettelystä varajäsenen kutsumiseksi hallituksen kokoukseen, jos varsinainen jäsen on estynyt tulemasta. Eeva Silvennoinen ilmoitti alustavan vuoden 2006 tilinpäätöksen tuloksen. ','HPK_1_07.doc','application/msword',57344,'Raija Mäki','2007-01-08',0,100,179),('HPK8_06',2,'-hallituksen järjestäytyminen: varapuheenjohtajan valinta, tehtävien jakaminen \r\n-taloushallinnon tehtävien jakaminen: laskut, palkanmaksu, kirjanpito ja muut työt \r\n-nimenkirjoitusoikeudet, pitääkö muuttaa \r\n-osuuskunnan ylimääräisen kokouksen järjestäminen: hallituksen puheenjohtajan valinta (Syyskokouksessa valittu uusi hallituksen puheenjohtaja Arja Krank on ilmoittanut, ettei ota tehtävää vastaan.), muut kokousasiat \r\n-tilintarkastusasiat \r\nmuut mahdolliset asiat: 1. uusi jäsenehdokas, \r\n2. ehdotus jäsenmaksun perimisestä, 	\r\n3. hallituksen kulukorvaukset \r\n','HPK_8_06.doc','application/octet-stream',59904,'Tuula Kakko','2006-11-27',0,100,180),('OPK1_07',1,'Uusi hallituksen puheenjohtaja, hallitus ja osuuskunnan tehtävien jako. Lyhyt katsaus vuoteen 2006.','Acamedia kokouksen 2007 poytakirja.doc','application/msword',47104,'Seppo Kilgast','2007-02-10',0,100,181),('Uutiset',13,'Kolari Antti','tyosopimus_yleisehdot toukokuussa 2007.doc','application/msword',39424,'19','2007-05-11',0,NULL,182),('omakuva',3,'Jansson Anders ','foni.jpg','image/jpeg',43709,'Jansson Anders ','2007-05-18',22,NULL,183),('OPK2-07',1,'Vuoden 2006 tilit ja toimintakertomus hyväksyttiin ja tilinpäätös vahvistettiin. Vastuuvelvollisille myönnettiin vastuuvapaus. Tilikauden tulos oli edellisten vuosien tappion ja verojen vähentämisen jälkeen 1597,47 euroa ylijäämäinen. Koko ylijäämä päätettiin siirtää lakisääteiseen vararahastoon. Tilintarkastajaksi valittiin edelleen Ritva Vaure. Lisäksi keskusteltiin puheenjohtaja-kysymyksestä ja Acamedia osuuskunnan ja jäsenen välisestä työsopimuksesta. ','OPK.2.2007.doc','application/msword',59904,'Raija Mäki','2007-05-26',0,100,184),('HPK2_07',2,'Käsiteltiin ja allekirjoitettiin vuoden 2006 tilinpäätös. Päätettiin kevätkokouksesta. Keskusteltiin työsopimuksen yleisistä ehdoista. Päätettiin aktivoida eu-tunnus verkkouudistuksen yhteydessä. Keskusteltiin mahdollisuudesta hakea työllisuustukena ns. Helsinki-lisää jäsenen palkkaamiseksi osuuskunnan sisäisiin kehitystehtäviin. Osuuskunnan puhelin on Antti Kolarin hallussa ainakin verkkosivujen uudistuksen ajan. Muita asioita: Esko Pakkasen koejäsenyys raukeaa. Liisa Poikolaisen jäsenhakemus. Paula Lehtimäen laskutusoikeus. Akkumedian toimialan muutos, jos sitä aletaan käyttää Eeva Silvennoisen ja Juha van Ingenin projektin laskutuskanavana.','HPK_2_07.doc','application/msword',312832,'Katarina Koskivaara-Ilmonen','2007-04-17',0,100,185),('OPK3-07',1,'Syyskokous. Katarina Koskivaara aloittaa pj:na 12.9. Muu uusi hallitus aloittaa vuoden 2008 alusta. Kokoonpano pj:n lisäksi: Antti Kolari, Raija Mäki, Eeva Silvennoinen, Jari Tenhunen. Varajäsenet: Anders Jansson, Tuula Kakko, Seppo Kilgast.','syyskokous2007.doc','application/msword',35328,'Eeva Silvennoinen','2007-09-11',0,100,186),('HPK3_07',2,'Päätettiin pitää syyskokous 11.09.2007 klo 17.30 alkaen Annantalon kahvilassa Annankatu 30, Helsinki. Päätettiin yksimielisesti, että kokous on syyskokous, jossa valitaan hallituksen puheenjohtaja, joka astuu toimeensa heti 11.09.2007 syyskokouksen jälkeen, ja hallitus, jonka toimikausi alkaa 01.01.2008.	','HPK3_07.doc','application/msword',50176,'Raija Mäki','2007-08-29',0,100,187),('HPK4_07',2,'Osuuskunnan nimenkirjoitusoikeudet päivitettiin ; Esko Pakkasen jäsenyys vahvistettiin ; Päätettiin palauttaa eläkevakuutusyhtiön osuuskunnalle palauttamat Ritva-Liisa Yrjölän työeläkemaksut ja työttömyysvakuutusmaksut hänen palkkapottiinsa; Päätettiin aloittaa sääntömuutoksen valmistelu mm. tilintarkastuspykälän ja osuusmaksun osalta ; Keskusteltiin pikkujoulun vietosta ; Eeva Silvennoisen opinnäytetyö osuuskunnille tehty taloushallintajärjestelmä on valmistunut. Keskusteltiin työn käytännön toteutuksesta ja rahoituksesta ; Seuraava kokous päätettiin pitää 26.11.2007 klo 17.30','HPK4_07.doc','application/octet-stream',94208,'Raija Mäki','2007-10-29',0,100,188),('HPK5_07',2,'Intrum Justitian kanssa on jatkettu perimissopimusta ; Jari Tenhusen saatavien perinnän yhteydessä saatu korkotulo vähennettynä osuuskunnan osuudella päätettiin maksaa Jari Tenhuselle ; Vuoden 2007 kokouspalkkiot päätettiin maksaa kulukorvauskuitteja vastaan ; Päätettiin pikkujoulusta ja ylimääräisestä yhtiökokouksesta ; Hallituksen puheenjohtaja  jää äitiyslomalle joulukuussa.  ','HPK5_07.doc','application/octet-stream',94720,'Raija Mäki','2007-11-26',0,100,189),('Uutiset',13,'Arho Kimmo','_ilmainen lippu sisään kun ilmoittautuu_ka.pdf','application/pdf',96261,'14','2008-02-29',0,NULL,190),('HPK1_08',2,'Hallituksen järjestäytyminen. - Taloushallinnon työt: hinnoittelu ja työnjako. - Keskusteltiin Internet-sivujen ylläpidosta sekä teknisestä että sisällöllisestä. - Keskusteltiin tiedottamisesta jäsenille: sähköpostitse, intrassa. - Keskusteltiin sääntömuutoksesta tilintarkastuspykälän poiston sekä voitonjaon tarkemman määrittämisen suhteen. - Hyväksyttiin jäsenehdokas Sami Waulu jäseneksi kolmen kuukauden koeajalle. ','HPK1_08.doc','application/octet-stream',100864,'Raija Mäki','2008-02-19',0,100,191),('HPK2_08',2,'08	Hyväksyttiin 2007 tilinpäätös, voitto (1166,91) vararahastoon (60) ja voitto-tappiotilille (1106,91). Hyväksyttiin sääntömuutosesitys osuuskunnan kokoukseen (maksut 100+200) ja tilintarkastuspykälä pois. Päätettiin kevätkokouksen kutsumisesta.','HPK2_08.doc','application/msword',50176,'Eeva Silvennoinen','2008-03-31',0,100,193),('HPK4_08',2,'Hallituksen järjestäytyminen:varapuheenjohtajaksi valittiin Kimmo Arho, varajäsenen tehtävät määriteltiin, nimenkirjoitusoikeudet päivitettiin, osuuskunnan työsopimukseen liittyviä asioita päätettiin täsmentää. Työsopimusluonnos jätettiin valmisteltavaksi. Intran laskutusosiota uudistavat Eeva Silvennoinen ja Sami Waulu. Päätettiin hankkia Acamedialle siirtokovalevy ja viedä osuuskunnan kannettava tietokone korjattavaksi. Päätettiin vastata jäsenehdokkaalle, joka on kiinnostunut osuuskunnastamme myyntityön tekemisen kanavana. Päätettiin selvittää edelleen korkeamman osuusmaksun vaikutusta osuuskunnan luottokelpoisuuden parantamiseksi.','HPK4_08.doc','application/octet-stream',100352,'Raija Mäki','2008-06-16',0,100,195),('HPK5_08',2,'Päätettiin tilata käyntikortit halvimman tarjouksen perusteella ja maksaa Tuula Kakolle sovittu korvaus käyntikorttien PDF-tiedostoista. - Keskusteltiin CS2 lisenssistä ja ohjelmistopaketin asentamisesta Tuula Kakolle. Entinen asennus osuuskunnan koneelle päätettiin purkaa. Keskusteltiin myös uusien lisenssien hankkimisesta osuuskunnalle. - Osuuskunnan viivästyskorkoprosentiksi päätettiin 16 %. - Perinnästä saatava korko päätettiin maksaa palkansaajalle osuuskunnan osuus vähennettynä joko pääoman korkotulona tai palkkapottiin. - Päätettiin, että Kimmo Arho hoitaa kokouksien paikanvaraukset ja tarjoilusta sopimisen tai tarvikkeiden ostamisen. - Päätettiin tehdä Acamedian nettisivuille muutamia korjauksia, jotka Annikki Kilgast hoitaa.  ','HPK5.2_08.doc','application/octet-stream',103424,'Raija Mäki','2008-08-04',0,100,196),('HPK6_08',2,'Päätettiin hallituksen kokousten kulukorvauksista. Keskusteltiin hankinnoista, erityisesti liikunta- ja kulttuuriseteleistä. Päätettiin, että Tuula Kakko saa asentaa koneelleen Acamedian omistaman Adoben CS 2 ohjelmistopaketin. Päätettiin, että jäsen voi laskuttaa asiakkaalta kuluja ja kilometrikorvauksia niin, että asiakkaan maksamasta korvauksesta ei vähennetä osuuskunnan prosenttiosuutta, vaan jäsen saa korvauksen täysimääräisenä. Palkkakuluiksi ei voi laittaa asiakaslahjoja eikä edustuskuluja. Päätettiin alustavasti pitää osuuskunnan Syyskokous ja kokouksen jatkoksi pikkujoulu Medioma 2:n tiloissa marraskuussa mahdollisesti torstaina 20.11.2008. Päätettiin, että osuuskunnalle hankitaan toinen pankkikortti.   ','HPK6_08.doc','application/octet-stream',99840,'Raija Mäki','2008-10-06',0,100,197),('HPK7_08',2,'Sähköpostikokos 24.10.-29.10.2008. Syyskokouksen järjestäminen: asialista ja järjestelyt. Kokouspaikka Medioma 2 Ruskeasuolla. Eeva Silvennoisen palkka koodaustyöstä jäi päättämättä, mutta Eeva lupasi lähettää tuntikirjanpidon tehdystä työstä.','HPK7_08.doc','application/octet-stream',96256,'Raija Mäki','2008-10-24',0,100,198),('OPK1-08',1,'Kevätkokous. Toimintakertomus vuodelta 2007 esitettiin ja hyväksyttiin. Eeva Silvennoinen esitteli tilinpäätäksen. Tilikauden tulos osoittaa verojen jälkeen 1 166,91 euron ylijäämää. Tilintarkastuskertomus esiteltiin. Tilintarkastaja Ritva Vaure puolsi lausunnossaan tilinpäätöksen 	vahvistamista. Tilinpäätös vahvistettiin ja hallitukselle myönnettiin vastuuvapaus. Tilikauden ylijäämä 1 166,91 euroa päätettiin käyttää siten, että 60 euroa siirretään vararahastoon ja loppu 1106,91 euroa jätetään edellisten vuosien voitto-tappiotilille. Tilintarkastajalle päätettiin maksaa palkkio laskun mukaan. Tilintarkastajaksi valittiin edelleen Ritva Vaure, varatilintarkastajaksi Arja Krank. Valittiin uusi hallitus: Hallituksen puheenjohtajaksi valittiin Raija Mäki ja hallituksen jäseniksi Kimmo Arho, Annikki Kilgast, Eeva Silvennoinen ja Jari Tenhunen, varajäseniksi Tuula Kakko, Seppo Kilgast, Antti Kolari ja Esko Pakkanen. Osuuskuntaprovisio on edelleen 10 %. Lisäksi keskusteltiin sääntömuutoksesta.','OPK.1.2008.doc','application/octet-stream',94208,'Raija Mäki','2008-05-24',0,100,199),('OPK2-08',1,'Syykokous. Hallituksen jäsenten palkkiot: kulukorvaus 10 euroa kokoukselta kuitteja vastaan. Hallituksen puheenjohtajalle lisäksi 10 euroa kokouksen järjestämiskuluista. Kokouksen tarjoilun järjestämisestä syntyneistä järjestely- ja muista kuluista saa 10 euron korvauksen. Vaihtoehtoisesti kulukorvauksen voi saada palkkiona. Hallitus 2009: puheenjohtaja Katarina Koskivaara, hallituksen jäsenet: Kimmo Arho, Esko Pakkanen, Eeva  Silvennoinen ja Jari Tenhunen, varajäsenet: Tuula Kakko, Annikki Kilgast, Seppo Kilgast ja Raija Mäki. Keskusteltiin lisäksi laman vaikutuksesta osuuskunnan toimintaan ja liikunta- ja kulttuurisetelien sekä Finnkinon elokuvalippujen hankkimisesta henkilöstöetuna osuuskunnassa työskenteleville ja luottamushenkilöille. ','OPK.2.2008.doc','application/octet-stream',95232,'Raija Mäki','2008-11-20',0,100,200),('HPK3_08',2,'Sähköpostikokous 8.5.-10.5.2008. Kevätkokouksen valmistelu aloitettiin, Sami Waulun jäsenyys vahvistettiin koeajan jälkeen, acamedia.eu -tunnuksen varaamisesta edelleen luovuttiin, Kevätkokouksen kokouskutsu muotoiltiin ja lähetettiin. ','HPK.3_08.doc','application/octet-stream',43008,'Raija Mäki','2008-06-08',0,100,201),('HPK1_09',2,'Hallituksen järjestäytyminen. Päätettiin, että korvauksena Eeva Silvennoisen osuuskuntatyöstä siirretään 15 €/h hänen palkkapottiinsa.\r\nTästä lähin toivotaan, että myös muut palkkionsaajat pitäisivät tuntipäiväkirjaa, jotta vuoden päästä voitaisiin laskea mikä on heidän Acamedia osuuskunnalle tekemänsä keskimääräinen työn suuruus.\r\nEdellisten kausien voitto päätettiin jättää voitto-tappiotilille. Määräaikaistiliä päätettiin jatkaa 5-6 kk määräajalle. Kevätkokouksen mahdolliset ajat ovat 16.5. ja 6.6. Osuuskunnan kannattava tietokone päätettiin luovuttaa sille osuuskunnan jäsenelle, joka sen haluaa korjauttaa. Kimmo Arho otti koneen haltuunsa. Jos jollakin muulla on koneeseen liittyviä intressejä, hän ilmoittakoon niistä, jotta voidaan päättää siirtyykö omistajuus Kimmo Arholle.','HPK1_09.rtf','application/rtf',1021641,'Jari Tenhunen','2009-03-26',0,100,202),('OPK1_09',1,'Toimintakertomus vuodelta 2008 hyväksyttiin. Tilinpäätös esiteltiin. Tilikauden tulos on verojen jälkeen 638,04 euroa ylijäämäinen. Tilintarkastaja puolsi lausunnossaan tilinpäätöksen vahvistamista. Tilinpäätös vahvistettiin ja hallitukselle ja toimihenkilöille myönnettiin vastuuvapaus. Tilikauden ylijäämä 638,04 euroa päätettiin käyttää siten, että siitä siirretään lakisääteinen 1/20 eli 31,90 euroa, pyöristettynä 40 euroa vararahastoon. Loput 598,04 euroa kirjataan 	voitto/tappiotilille eikä osinkoja jaeta. Tilintarkastuta koskevat kohdat päätettiin poistetaan säännöistä. Päätettiin myös, ettei tilintarkastajaa ja varatilintarkastajaa valita. Osuuskunnan proviisio päätettiin laskea toistaiseksi 10%:sta 9%:iin. Vahvistettiin hallituksen kokouksessa tehty päätös osuuskunnan intrassa olevan laskutusjärjestelmän uusimisesta ja siitä työstä maksettavasta palkkiosta Eeva Silvennoiselle ja Sami Waululle.','OPK.1.2009.2.doc','application/octet-stream',39936,'Eeva Silvennoinen','2009-06-06',0,100,203),('HPK2_09',2,'Päätettiin, että Annikki Kilgast hoitaa myyntireskontran ja palkanmaksun, kun Raija Mäki jää vuorotteluvapaalle. Päätettiin, että osuuskunnan hyväksi työtä tekevän täytyy tuntikirjanpidolla osoittaa, miten paljon aikaa kuluu tehtävien hoitoon. Hyväksyttiin Merja Syrjänen osuuskunnan osuuskunnan jäseneksi koeajalle. Päätettiin, että osuuskunta voi antaa todistuksen jäsenen oman työtilan käytöstä työhuoneena verottajalle annettavaksi työhuonevähennystä varten. Päätettiin valtuuttaa Sami Waulu ja Eeva Silvennoinen tekemään muutos, joka tuottaisi pdf-muotoisen laskun ja muita parannuksia. Työstä maksetaan molemmille sovittu palkkio. ','HPK2_09.doc','application/octet-stream',42496,'Eeva Silvennoinen','2009-06-06',0,100,204),('HPK3_09',2,'Päätettiin avata asiakkuus ja määräaikaistili Sofia Pankkiin 18.11.2008. Valtuutettiin Raija Mäki avaamaan asiakkuus ja määräaikaistili 10000 euron summalle puoleksi vuodeksi 2,5 % korolla. Päätettiin antaa tilinkäyttöoikeus Sofia Pankkiin samoille henkilöille, joilla on tilinkäyttöoikeus OP-Pankissa.\r\n-tilinkäyttöoikeudet Sofia Pankkiin','HPK3_09.2.odt','application/vnd.oasis.opendocument.text',38144,'Raija Mäki','2009-11-17',0,100,205),('OPK2_09',1,'Hallituksen jäsenille päätettiin maksaa vuonna 2010 kulukorvauksena 15 euroa kokoukselta kulukuitteja vastaan tai 20 euroa kokoukselta palkkiona. Hallituksen puheenjohtajaksi valittiin yksimielisesti Katarina Koskivaara. Hallituksen jäseniksi valittiin Kimmo Arho, Annikki Kilgast, Eeva Silvennoinen, Jari Tenhunen ja Raija Mäki sekä varajäseniksi Hanna van Ingen, Tuula Kakko, Seppo Kilgast ja Esko Pakkanen. Osuuskunnan provisiota päätettiin laskea 9%:sta 8%:iin vuoden 2010 alusta lukien. Lisäksi päätettiin asettaa provisiokatto 3000 euroon. Osuuskunnan laskuttaneille jäsenille ja hallinnollista työtä tehneille päätettiin maksaa ylimääräinen palkka vuoden 2009 ja mahdollisesti myös 2008 laskutuksen perusteella. Intranetin kehitykseen päätettiin varata 5000 euroa, johon sisältyy Kevätkokouksessa jo myönnetty 2400 + 643,45 euroa Eeva Silvennoiselle ja Sami Waululle. ','OPK2_2009.rtf','application/rtf',41040,'Raija Mäki','2009-11-28',0,100,206),('HPK4_09',2,'Merja Syrjäsen jäsenyys vahvistettiin. Todettiin, että 10000 euron määräaikaistili on avattu 18.11.2009 Sofia-Pankkiin puoleksi vuodeksi. Todettiin, että kaikki osuuskunnan laskutus on nykyään arvolisäverollista, myös lehtijutut, jos niiden tekijänoikeus jää jutun tekijälle. Päätettiin, että osuuskunnan intranetin kehittämistä jatketaan. Päätettiin, että Acamedia osuuskunnan palvelintilaan ei laiteta muita kuin osuuskunnan asioita, ei omiin kansioihinsa eikä omaan tietokantaan. Päätettiin kokeilla kokousten pöytäkirjojen tallentamista skannattuina allekirjoituksineen. Päätettiin osuuskunnan taloushallinnon palkoista. Päätettiin hyväksyä 3000 euron provisiokatto laskuttaville osuuskunnan jäsenille.  ','HPK4.2009.rtf','application/rtf',55113,'Raija Mäki','2009-11-28',0,100,207),('HPK_1_2010',2,'Hallituksen varapj:ksi 2010 valittiin Eeva Silvennoinen. Antti Saarela hyväksyttiin koejäseneksi. Seppo Kilgast valittiin jäsenvastaavaksi ja hänelle päätettiin maksaa palkkio 25e liittyneeltä ja 10e liittymättömältä jäseneltä. Päätettiin ostaa Font Folio 5 käyttäjälle, mikäli löytyy ainakin kolme, jotka maksavat arvonlisäverottoman hinnan omaan käyttöönsä tulevasta lisenssistä.','HPK_1_2010 001.zip','application/x-zip-compressed',929508,'Eeva Silvennoinen','2010-01-18',0,100,208),('HPK_2_2010',2,'Hyväksyttiin tilinpäätös 2009, jonka voitto verojen jälkeen on 2458,75. Päätettiin ehdottaa OK:n kokoukselle, että voitosta 715 euroa käytetään vararahaston korottamiseksi lain vaatimaan vähimmäismäärään (2500e) ja loppu 1743,68 lisätään voitto/tappiotilille. Sen saldo olisi lisäyksen jälkeen 3488,63e. Päätettiin ehdottaa OK:n kokoukselle sääntömuutosta, jossa osuusmaksuksi tulisi 150e ja liittymismaksun summa määritettäisiin uudelleen. Vanhojen 26 jäsenen osalta osuusmaksun korotus (100e) katettaisiin voitto/tappiotililtä.\r\n\r\nVahvistettiin Taija Niemen ero. \r\n\r\nTodettiin, ettei edellisessä kokouksessa päätetty fonttihankinta toteudu nyt, koska ei löydy riittävästi omaan käyttöönsä tulevien lisenssien maksajia.','HPK_2_2010 002.zip','application/x-zip-compressed',808788,'Annikki Kilgast','2010-02-15',0,100,209),('HPK3_2010',2,'Leila Tarvainen haastateltiin ja keskustelun jälkeen päätettiin hyväksyä jäseneksi koeajalle, joka kestää 15.6.2010 saakka. Osuusmaksun ja liittymismaksun summien suuruuden muutos: 150 e ja 150 e.  Muutosteksti myös lisäyksenä sääntöihin, muutosehdotus hyväksyttiin esitettäväksi osuuskunnan kevätkokouksessa. \r\nHallitus esittää osuuskunnan kokoukselle, että korotetaan osuuspääomaa siten, että osuuskunta maksaa voittovaroista voitto/tappiotililtä osuusmaksun sadan (100) euron korotuksen kaikille kahdellekymmenellekuudelle (26) osuuskunnan jäsenelle (yhteensä 2 600 euroa). Tämä koskee kaikkia päätöksentekohetkellä vanhoilla maksuilla tulleita jäseniä.\r\nLiikaa peritty sotu-maksu päätettiin maksaa jäsenille palkkapottiin Ritva Vauren ehdotuksen mukaisesti,','HPK3_2010.doc','application/msword',51712,'Tuula Kakko','2010-03-15',0,100,210),('OPK_10',1,'Esiteltiin ja hyväksyttiin tilikauden 2009 toimintakertomus ja tilintarkastuskertomus ja päätettiin tilintarkastuksesta ja sääntöjen muutoksista sekä tilintarkastuksessa että toimialoissa. Tilintarkastuspykälä muotoillaan uuden lain mukaiseksi. Ritva Vaure tarkastaa edelleen tilit. Hallitukselle ja työntekijöille myönnettiin vastuuvapaus. Leila Tarvaisen jäsenyys vahvistettiin. ','OPK1_10.doc','application/octet-stream',53248,'Annikki Kilgast','2010-05-22',0,100,211),('omakuva',3,'Pääkkönen Jukka','Omakuva.jpg','image/jpeg',199033,'Pääkkönen Jukka','2010-06-02',37,NULL,212),('HPK5_10',2,'Päätettiin tehdä talletus Aktia-pankkiin 12 kk korko 2 prosenttia. Haastateltiin jäsenehdokkaat Sakari Hannula ja Jukka Pääkkönen ja päätettiin hyväksyä heidät koejäseniksi. Keskusteltiin mahdollisesta toimitilasta ja päätettiin käydä katsomassa sitä. Raija Mäki nimitettiin PRH-vastaavaksi. ','HPK5_10.doc','application/msword',56320,'Annikki Kilgast','2010-06-01',3,100,213),('omakuva',3,'Toimela Christina','kasvo_08.jpg','image/jpeg',1184869,'Toimela Christina','2010-09-03',40,NULL,214),('omakuva',3,'Toimela Christina','kasvo_08.jpg','image/jpeg',1184869,'Toimela Christina','2010-09-03',40,NULL,215),('HPK6_10',2,'Vahvistettiin koejäsenten Katja Kotikoski, Sakari Hannula ja Jukka Pääkkönen jäsenyys. Hyväksyttiin koejäseniksi Kaarina Leppämäki, Anitra Rönkkö ja Christina Toimela. Päätettiin korjaavat muotoilut osuuskunnan kokoukselle esitettäviksi sääntökohdissa, joihin Kaupparekisteri vaatii muutokset.','HPK6_10.doc','application/octet-stream',59392,'Eeva Silvennoinen','2010-08-30',0,100,228),('HPK4_2010',2,'Hyväksyttiin tilintarkastuskertomus. Eeva Silvennoinen laatii veroilmoituksen. Antti Saarela hyväksyttiin jäseneksi. Katja Kotikoski hyväksyttiin koejäseneksi. Hallitus esittää osuuskunnan kokoukselle sääntömuutosta: osuusmaksun korotus 150 euroon, liittymismaksun alennus 200 eurosta 150 euroon. Osuuskunnan kevätkokous päätettiin pitää 22.5.2010 Harakassa. Raija Mäki nimitettiin kaupparekisteriasioista vastaavaksi, jos suostuu tehtävään. ','HPK4_2010.doc','application/msword',530554,'Kimmo Arho','2010-04-19',0,100,217),('HPK8_2010',2,'Sääntömuutos hyväksytty Kaupparekisterissä 16.9.2010: uusi osuusmaksu 150 euroa, josta osuuskunnan voitosta maksetaan jokaiselle jäsenelle 75 euroa ja jäsen itse maksaa 25 euroa, eräpäivä 31.10.2010; liittymismaksu 150 euroa. Osuuskunnan toimiala nyt: yleistoimiala. Eeva Silvennoinen esitteli taloushallinto-intran tilannetta ja hänelle päätettiin maksaa tuntilistan mukainen palkka. Acamedian ulkoisia sivuja päivitetään ja uusitaan (Anitra Rönkkö ja Annikki Kilgast). Christina Toimelan tarjous Acamedian liittämisestä Facebookiin hyväksyttiin, CH selvittää myös Twitterin, LinkedInin ja Google AdWordsin mahdollisuuksia markkinoinnissa.  ','HPK8_2010.doc','application/msword',80384,'Annikki Kilgast','2010-09-27',0,100,218),('HPK_7_2010',2,'Päätettiin tilata uudet pankkikortit (Silvennoinen, Tenhunen) ja luopua paperitiliotteesta. Käsiteltiin laskuja, joiden suoritukset olivat menneet jäsenten henkilökohtaisille tileille. Päätettiin pyytää Christina Toimelalta eritys Facebookiin kirjautumisesta.','HPK7_10.doc','application/msword',64000,'Eeva Silvennoinen','2010-09-11',0,100,219),('OPK3_2010',1,'Uuden hallituksen puheenjohtajaksi valittiin yksimielisesti Raija Mäki. Uuden hallituksen jäseniksi valittiin Annikki Kilgast, Eeva Silvennoinen,Jukka Pääkkönen ja Anitra Rönkkö, varajäseniksi Kimmo Arho, Tuula Kakko, Seppo Kilgast ja Arja Krank. Kokospalkkiot päätettiin pitää entisellään paitsi puheenjohtajan palkkiota päätettiin korottaa 25 euroon/kokous. Keskusteltiin 10-vuotisjuhlan tilanteesta ja rahoituksesta. Keskusteltiin Acamedian ulkoiste sivujen edistymisestä. Tilannekatsaus sosiaalississa medioissa Facebook, Twitter, Linkedin, Adwords. Intran tilannekatsaus.','OPK3_2010.doc','application/msword',48640,'Seppo Kilgast','2010-11-20',0,100,248),('HPK9_2010',2,'Keskusteltiin syyskokoukseen sopivasta paikasta ja kustannuksista. Todettiin, että kokous pitää kutsua koolle viimeistään 5.11.2010. Keskusteltiin myös 10-vuotisjuhlasta, ja päätettiin tarjota juhlatoimikunnan johtajan tehtävää Kimmo Arholle. Keskusteltiin osuuskunnan rahan lainaamisesta jäsenten hankintoihin ja kirjattiin ylös toimintaperiaatteet. Maksumuistutuksista huolehtii ensisijaisesti laskuttava jäsen itse, mutta tarvittaessa hän voi pyytää apua. Päätettiin, että sivuja ei uusita kokonaan, vaan tehdään pintaremontti: uusitaan tekstejä ja vaihdetaan kuvia. Teetetään käyntikortteja niille, jotka ovat marraskuun loppuun mennessä niitä tilanneet. Keskusteltiin Ultimate Light -palvelusta, mutta selvitetään asiaa edelleen.Päätettiin, että jos osuusmaksun korotusosaa ei ole maksettu määräaikaan mennessä,  jäseneen otetaan yhteyttä puhelimitse, sähköpostilla ja kirjeitse, ennen kuin jäsen tulkitaan eronneeksi osuuskunnasta maksamattomien lisäosuuksien vuoksi.  ','HPK9_2010.doc','application/octet-stream',47104,'Tuula Kakko','2010-10-25',0,100,227),('omakuva',3,'Toimela Christina','chrisse_02-1.jpg','image/jpeg',387815,'Toimela Christina','2010-11-01',40,NULL,229),('OPK2_10',1,'Päätettiin muuttaa Kaupparekisterin vaatimat sääntökohtien muutokset: päätettiin poistaa sääntöjen 4. pykälästä maininta vapaaehtoisista osuusmaksuista. Pykälästä 14 täytyy poistaa myös viimeinen kohta ”hyväksyä jäsenten ylimääräiset osuusmaksut” sekä muuttaa kohdan 14 muotoilu hallituksen kokousten päätösvaltaisuudesta muotoon: ”Hallitus kokoontuu puheenjohtajan tai varapuheenjohtajan kutsusta ja on päätösvaltainen, kun enemmän kuin puolet hallituksen jäsenistä on paikalla.”\r\nKatarina koskivaara ilmoitti, ettei ole käytettävissä enää hallituksen puheenjohtajana, joten tehtävässä jatkaa loppukauden Raija Mäki. ','OPK2_2010.odt','application/vnd.oasis.opendocument.text',92014,'Eeva Silvennoinen','2010-09-11',0,100,236),('HPK10_2010',2,'Koeajalla olleiden jäsenten Anitra Rönkön, Christina Toimelan ja Kaarina\r\nLeppämäen jäsenyys vahvistettiin. Annikki Kilgastille päätettiin maksaa\r\npalkkio esitettyjen tuntilistojen mukaan. Christina Toimela on saanut\r\nosuuskunnan Fb, Twitter -sivustot julkaisua vaille valmiiksi. Kaikki,\r\npaitsi yksi jäsen, ovat maksaneet osuusmaksun korotusosan (25 euroa)\r\nosuuskunnan tilille. 10-vuotisjuhlatoimikunta on kokoontunut kerran\r\nideoimaan ja tehnyt juhlan suunnittelutyötä. WWW-palvelinsopimus\r\npäätettiin vaihtaa laajempaan Ultimate -sopimukseen. Palvelualustan vaihto\r\npäätettiin tehdä silloin, kun tehdään muitakin muutoksia. Osuuskunnalle\r\ntehtävän työn tuntihintaa päätettiin korottaa 15 eurosta 20 euroon.','HPK10_2010.doc','application/msword',45568,'10','2010-11-15',8,100,253),('HPK12_2010',2,'Leila Tarvaisen eläke- ja henkivakuutuksen siirto Acamedia osuuskunnalle.\r\n10-vuotisjuhlan Valssaamon tilavaraus on peruutettu\r\n10-vuotisjuhlatoimikunnan päätöksellä. 10-vuotisjuhlatoimikunnan kokousten\r\nmatkakorvauksen käsittely päätettiin siirtää vuoden 2011 hallituksen\r\nensimmäiseen kokoukseen.\r\n','HPK12_2010.doc','application/msword',47616,'10','2010-12-21',8,100,254),('HPK_11_2010',2,'Päätettiin 13. kuun palkasta. Päätettiin osuuskunnassa tehtävien töiden palkkioista. Vahvistettiin hallituksen kokouspalkkiot 2010. Päätettiin laskutusraja vuodelle 2011. Keskusteltiin 10-vuotistapahtumasta sekä Facebookista ja Twitteristä.','HPK11_2010.doc','application/octet-stream',58368,'4','2010-11-29',4,100,251),('HPK_1_2011',2,'- Järjestäytyminen: vpj:ksi Jukka Pääkkönen. \r\n- Kokoukset kuun 15. päivän jälkeisenä maanantaina, jos on asiaa.\r\n- Sopimus intran edelleenkehittelystä Acamedian ja Silvennoisen välillä.\r\n- Ulkoisten sivujen uudistustyöstä.\r\n- Aputoiminimen perustaminen.\r\n- 10v juhlat ja toimikunnan jäsenten palkkiot.\r\n- Pienosuuskuntakilpailu','POYTAKIRJAT/hpk/HPK1_2011.doc','',0,'8','2011-01-19',8,100,255),('HPK_2_2011',2,'Hyväksyttiin vuoden 2010 tilinpäätös,joka osoittaa 861,12 euron ylijäämää. Annikin ja Hannan työpalkkiot korotettiin maaliskuun alusta 150 euroon (palkkapottiin) töiden lisääntymisen vuoksi. Tehtiin sopimus intran ylläpidosta. Jäsenet, jotka tarvitsevat palvelua ostolaskujensa käsittelyssä, maksavat erillisen korvauksen. Työterveys-, markkinointivastaava-ja pienosuuskuntakilpailuasioita vietiin eteenpäin.','POYTAKIRJAT/hpk/HPK2_2011.doc','',0,'8','2011-02-21',8,100,256),('HPK3_2011',2,'Kaupparekisterin pyytämään tarkennuspyyntöön aputoiminimeä Tulotili päätettiin ehdottaa seuraavia nimiehdotuksia: 1. Tulotili ++ 2. Tulotili tt ja 3. Taloushallinto Tulotili. Tehtiin täsmennys Eeva Silvennoisen ja Acamedia osuuskunnan väliseen intraa koskevaan sopimukseen. Päätettiin Acamedian 10-vuotisjuhlassa soittavien muusikoiden palkkiosta. Tilinpäätös vuodelta 2010 on valmis. Kuluvan vuoden kirjanpidon perusteella voitaisiin ehdottaa Kevätkokoukselle osuuskunnan provisioprosentin laskemista.','POYTAKIRJAT/hpk/HPK3_2011.odt','application/vnd.oasis.opendocument.text',38965,'10','2011-03-21',10,100,257),('HPK4_2011',2,'Päätettiin pitää osuuskunnan Kevätkokous 4.6.2011. Paikka päätettiin ilmoittaa sitten, kun se on saatu varattua. Jukka Pääkkönen on ilmoittanut eroavansa osuuskunnan jäsenyydestä, ja Annikki Kilgast ilmoitti kokouksen kuluessa eroavansa osuuskunnan hallituksen jäsenyydestä. 10-vuotisjuhlanäyttely päätettiin alistaa osuuskunnan kokouksen päätettäväksi. Päätettiin maksaa Eeva Silvennoiselle ja Leila Tarvaiselle 10-vuotisjuhlien tarjoilun kuljetuksesta juhlapaikalle sovitun taksan mukaisesti. Eeva Silvennoinen ilmoitti luopuvansa osuuskunnan pankkikortista. Vielä ei päätetty siitä, kenelle pankkikortti siirtyisi. Kevätkokouspaikaksi varmistui myöhemmin Harakan saari.','POYTAKIRJAT/hpk/HPK4_2011.doc','',0,'10','2011-04-28',10,100,259),('HPK5_2011',2,'Päätettiin siirtää erääntynyt 10.000 euron määräaikaistalletus korkoineen Aktia-pankista OP-pankkiin ja valtuutettiin Eeva Silvennoinen hoitamaan siirto. Päätettiin maksaa Eeva Silvennoiselle intran tekemisestä ja muista töistä kertyneet työtunnit esitettävän tuntikirjan mukaisesti. Päätettiin, että hallituksen kokouksen pöytäkirjan kirjoittamisesta maksetaan tästä lähin 	viiden (5) euron palkkio kulukorvauksen lisäksi. ','POYTAKIRJAT/hpk/HPK5_2011.doc','',0,'10','2011-06-06',10,100,260),('OPK1_2011.doc',1,'Toimintakertomus vuodelta 2010 esiteltiin ja hyväksyttiin. Tilikauden 2010 tilinpäätös esiteltiin. Tilikauden tulos on 861,12 euroa ylijäämäinen. Tilinpäätös vahvistettiin. Vastuuvapaus myönnettiin hallituksen jäsenille ja työntekijöille. Ylijäämä päätettiin kirjata voitto/tappiotilille eikä osinkoa jaeta. Päätettiin, ettei tehdä tilintarkastusta. Hallitukseen valittiin Leila Tarvainen ja Jari Tenhunen irtisanoutuneiden hallituksen jäsenten tilalle. Päätettiin äänestyksen jälkeen, ettei 10-vuotisjuhlanäyttelyä järjestetä.','POYTAKIRJAT/opk/OPK1_2011.2.doc','application/octet-stream',95232,'10','2011-06-04',10,100,261),('HPK_6_2011',2,'Päätettiin maksaa Eeva Silvennoiselle esitetyn tuntilistan mukaan\r\ntämänvuotiset intraa koskevat työtunnit ja pyydettiin häntä jatkamaan\r\nintraan liittyvää työtä tietoturvan osalta. Päätettiin hallituksen\r\nkokouksiin kutsumisesta, kokouspalkkioiden maksamisesta ja kokousten\r\npöytäkirjojen allekirjoittamisesta. Käsiteltiin\r\ntyöterveyshuoltosuunnitelmaa. Päätettiin pitää osuuskunnan Syyskokous\r\n12.11.2011. Päätettiin hallituksen kokousten kokouspäivät syyskaudeksi, jotka ovat 13.9.,18.10., (15.11.) ja 13.12.\r\n','POYTAKIRJAT/hpk/HPK6_2011.doc','',0,'39','2011-08-24',39,100,262),('HPK_7_2011_1.odt',2,'Valokuvaaja Timo Ripatti hyväksyttiin koejäseneksi 13.9.2011 alkaen. Jatkettiin lakisääteisen työterveyshuollon suunnittelua sekä huollon piirin oikeutettujen jäsenten valintakriteerien määrittelyä. Työterveyshuoltoon liittyvä työpaikkakäynti päätettiin toteuttaa jäsenkokoontumisena jonkin jäsenen työpaikalla yhdessä työterveyshoitajan kanssa. Keskusteltiin pöytäpaikan vuokraamisesta Jari Tenhusen työtilasta jäsenistön käyttöön. Päätettiin pitää hallituksen kokoukset vastaisuudessa em. tilassa kertakorvausta vastaan. Päätettiin lähettää jäsenistölle sähköpostitiedote syyskokouksesta, työterveyshuollosta, uudesta koejäsenestä, hallituksen seuraavista kokoontumispäivistä sekä kysely pöytäpaikasta kiinnostuneista.','POYTAKIRJAT/hpk/HPK_7_2011-1.doc','application/msword',45568,'35','2011-09-13',35,100,263),('OPK2_2011',1,'Päätettiin hallituksen jäsenten kulukorvauksista. Hallituksen puheenjohtajaksi valittiin Raija Mäki. Päätettiin, että hallitukseen valitaan puheenjohtajan lisäksi neljä (4) jäsentä ja neljä (4) varajäsentä. Jäseniksi valittiin Kimmo Arho, Anitra Rönkkö, Eeva Silvennoinen ja Leila Tarvainen. Varajäseniksi valittiin Hanna van Ingen, Antti Saarela, Jari Tenhunen ja Pirita Tiusanen. Sääntömääräisten asioiden lisäksi keskusteltiin Osuuskuntasopimuksesta ja osuuskunnan provisiosta, mutta ei tehty päätöksiä.','POYTAKIRJAT/opk/OPK2_2011.doc','application/octet-stream',40448,'30','2011-11-12',10,100,264),('HPK_9_2011',2,'Päätettiin \r\n- Seppo Kilgastin erosta hallituksesta ja jäsenvastaavan tehtävästä. Uusi jäsenvastaava on Hanna van Ingen\r\n- Päätettiin maksaa hallituksen kokouspalkkiot 2011\r\n- Päätettiin jakaa 13. kuun palkka\r\n- Korotettiin Raija Mäen ja Eeva Silvennoisen palkkioita\r\n-  Lisäksi keskusteltiin talletuksesta, intran päivityksistä, perinnästä, ostolaskujen käsittelemisestä, Ritva-Liisa Yrjölän näyttelyn tukemisesta sekä työterveyshuollosta','POYTAKIRJAT/hpk/HPK9_2011_v2.rtf','',0,'8','2011-12-13',8,100,265),('HPK1_2012',2,'Hallituksen varapuheenjohtajaksi valittiin Leila Tarvainen. Päätettiin, että nimenkirjoitusoikeudet pidettiin entisellään. Hallituksen kokouspäiviksi päätettiin kuukauden toinen tiistai kevätkaudeksi: 14.2., 13.3., 10.4., ja 8.5. ja paikaksi Jari Tenhusen työhuone Haahkatie 2 Lauttasaaressa. Päätettiin palkanmaksun käytännöstä. Päätettiin valtuuttaa pankkioikeudet omaava henkilö tallettamaan määräaikaiselle tilille 5000-10000 euroa kevään aikana. Intraan on nyt tehty vain pieniä osia, ei  suurempia kokonaisuuksia. Työterveystarkastukseen oikeutettuja päätettiin kehottaa menemään tarkastukseen tai luovuttamaan vuoronsa seuraavalle oikeutetulle. Keskusteltiin alihankintaan liittuvistä ostolaskuista ja niiden kierrätyksestä ja maksamisesta osuuskunnan tililtä ennen kuin asiakas, jolta ko. laskun summa  peritään, on maksanut tehtyä työtä koskevan laskun.','POYTAKIRJAT/hpk/HPK1_2012.doc','',0,'10','2012-01-10',10,100,266),('HPK2_2012_2',2,'Hyväksyttiin tilinpäätös.','POYTAKIRJAT/hpk/HPK2_2012_2.rtf','',0,'39','2012-04-10',39,100,267),('HPK8_2011.rtf',2,'Keskusteltiin työterveyshuoltosopimuksesta mm. miten Markon terveyshuolto toteutetaan. Keskusteltiin jäsensopimuksen sisällöstä. Eeva Silvennoinen kertoi www.tulotili.fi –sovelluksestaan. Hyväksyttiin Pirita Tiusanen jäseneksi kolmen kuukauden koeajalla. ','POYTAKIRJAT/hpk/HPK8_2011.rtf','',0,'24','2012-05-10',24,100,268),('HPK3_2012',2,'Sähköpostikokous, jossa valmisteltiin kevätkokousta ja sovittiin kokouksen käytännön järjestelyistä. Leila Tarvainen osallistuu YES ry:n järjestämään graafisen suunnittelun 	palvelujen tarjouskilpailuun. Hän tekee tarjouksen, vastaa sopimuksen solmimisesta, allekirjoittamisesta ja työn toteuttamisesta. Osuuskunnan laskuissa käytetään 10,5% korkoprosenttina. Kuluttajakaupassa sovelletaan kuitenkin korkolain mukaista korkoprosenttia, joka on nyt 8%.  ','POYTAKIRJAT/hpk/HPK3_2012.doc','',0,'10','2012-05-08',10,100,269),('OPK1_2012',1,'Käsiteltiin ja hyväksyttiin edellisen vuoden tilinpäätös sekä valtuutettiin hallitus laskemaan provisiota 8:sta 7 prosenttiin heinäkuun alusta lähtien.','POYTAKIRJAT/opk/OPK1_2012.doc','',0,'8','2012-05-26',8,100,270),('HPK4_2012',2,'Todettiin, että Kevätkokouksessa keskusteltu osuuskuntaprovision lasku 8% -> 7% heinäkuun alusta lukien on toteutettu. Päätettiin, että osuuskunnan tilillä olevaa rahaa ei nyt kannata tallettaa määräaikaiselle tilille, koska tuotto-odotukset ovat nyt pienet. Alkutuottajarekisteri, DVD ja muiden tallennusvälineiden tallennuskorvausmaksulta välttyminen omaan tuotantoon hankittavien välineiden osalta ja postilokero-osoitteen muuttaminen jäivät edelleen selvitettäviksi asioiksi. Syyskokousta valmisteltiin. Keskusteltiin toimeksiantoon liittyvän maksun maksamisesta etukäteen ennen palkan maksua, mahdollisesta pankinvaihdosta, jos Op-pankki muuttaa toimintojaan ulkomaille ja työterveyshuollon, Eiran sairaalan, mahdollisista rahoittajakytköksistä ulkomailla, jolloin veroja ei maksettaisi Suomeen.','POYTAKIRJAT/hpk/HPK4_2012.doc','',0,'10','2012-10-02',10,100,271),('HPK5_2012',2,'Vuoden 2012 alustavan tuloksen perusteella bonusta ei kannata jakaa, koska jaettavaa on vähän. \r\nVuoden 2013 hallituksen järjestäytymiskokous päätettiin pitää 9. tammikuuta 2013 klo 17.30, jolloin jäsenehdokkaat kutsutaan haastatteluun. Vuoden 2012 hallituspalkkiot siirretään palkkapottiin.','POYTAKIRJAT/hpk/HPK5_2012.doc','',0,'10','2012-12-19',10,100,272),('OPK2_2012',1,'Vuoden 2013 hallitukseksi valittiin Raija Mäki (pj), Kimmo Arho, Eeva Silvennoinen, Leila Tarvainen ja Jari Tenhunen. Varajäseniksi valittiin Hanna van Ingen ja Annikki Kilgast.\r\n\r\nTodettiin, että Timo Ripatin ja Pirita Tiusasen jäsenmaksut oli unohdettu periä, asia hoidetaan kuntoon.\r\n\r\nPäätettiin, että jäsenillä on oikeus aputoiminimiin Acamedian sisällä. ','POYTAKIRJAT/opk/OPK2_2012.doc','',0,'8','2012-11-24',8,100,273),('HPK1_2013',2,'Hallituksen järjestäytymiskokous. Varapuheenhjohtajaksi valittiin Leila Tarvainen. Nimenkirjoitusoikeudet jäivät entiselleen. Suostumus toimia hallituksen jäsenenä / varajäsenenä allekirjoitettiin. Päätettiin kevään kokouspäivät.  Työterveystarkastukseen tänä vuonna oikeutetut ja sinne menevät jäsenet. Haastatellut kolme jäsenehdokasta hyväksyttiin jäseniksi kolmen kuukauden  koeajalle 9.1.2013 alkaen. Sopimus aputoiminimestä Leila Tarvaisen kanssa. Keskusteltiin osuuskunnan kehittämistoimista. ','POYTAKIRJAT/hpk/HPK1_2013.doc','',0,'10','2013-01-09',10,100,274),('HPK3-2013',2,'Päätettiin hyväksyä Miina Karske, Eeva Puhakainen ja Tiina Rantanen Acamedia osuuskunnan jäseniksi ja vahvistaa jäsenyys. Hallituksen jäsenten Leila Tarvainsen ja Kimmo Arhon sekä hallituksen puheenjohtajan Raija Mäen ero hallituksesta. Kevätkokouksen järjestäminen. Acamedian palvelujen tuotteistaminen ja nettisivujen rakenteellinen uudistaminen käyntiin.','POYTAKIRJAT/hpk/HPK3_2013.doc','',0,'14','2013-04-03',14,100,275),('HPK2-2013',2,'Vuoden 2012 tilinpäätöksen käsittely ja hyväksyminen. Osuuskunnan verokanta-prosentin laajentaminen laskutuksessa. Aputoiminimi Blondi Productions. Acamedian kehittäminen, palvelujen tuotteistaminen.','POYTAKIRJAT/hpk/HPK2_2013.doc','',0,'35','2013-03-12',35,100,276),('OPK1_2013',1,'Kevätkokous 18.5.2013, jossa vahvistettiin tilikauden 2012 tilit ja valittiin uudeksi puheenjohtajaksi Ritva Vaure sekä hallitukseen Annikki (varsinaiseksi) ja Esko (varajäseneksi) Raijan ja Kimmon erotessa hallituksesta.\r\nNimenkirjoitusoikeudet ja hallituksen kokouspalkkiot säilyivät entisellään.','POYTAKIRJAT/opk/OPK1_2013.doc','',0,'8','2013-05-18',8,100,277),('HPK4_2013',2,'Aputoiminimi Blondi Productions rekisteröinti. Tukkukortit Heinon tukkuun. Acamedian palvelujen tuotteistaminen ja markkinointi. Kevätkokouksen valmistelu. ','POYTAKIRJAT/hpk/HPK4_2013.doc','',0,'10','2013-05-08',10,100,278),('HPK6_2013',2,'Päätettiin pitää osuuskunnan syyskokous 16.11. Hyväksyttiin Antti Saarelan laatima ’Työsopimus Acamedia osuuskunnassa– Yleiset ehdot’ osuuskunnan yleiseksi työsopimustekstiksi. Hyväksyttiin toiminnanvastuuturva- ja oikeusturvavakuutukset. Keskustelua työsopimustekstin tulkinnasta.','POYTAKIRJAT/hpk/HPK6_2013.doc','',0,'35','2013-11-16',35,100,279),('Hallitus 5/2013',2,'Eeva varapuheenjohtajaksi, Facebook sivut päivitettävä, työajan seurantajärjestelmää kehitettävä, otetaan työn keskeytymisvakuutus tarvitseville, selvitetään yritysvakuutuksia, päätettiin pitää kehittämiskokous','POYTAKIRJAT/hpk/HPK5_2013.rtf','',0,'24','2013-12-12',24,100,280),('OPK2_2013',1,'Syyskokous 16.11.2013: Halituksen puheenjohtajan ja hallituksen jäsenten ja varajäsenten valinta vuodelle 2014. Keskustelua osuuskunnan uusista käytännöistä ja toiminnan organisoinnin 	vaihtoehdoista.','POYTAKIRJAT/opk/OPK2_2013.doc','',0,'10','2013-11-16',10,100,281),('HPK7_2013',2,'Sähköpostikokous\r\n* Päätettiin jakaa bonus\r\n* Jaettava summa on 1500e\r\n* Laskentaväli on 16.12.2012-15.12.2013\r\n* Peruste potitukset','POYTAKIRJAT/hpk/hpk2013_7.doc','',0,'30','2013-12-19',30,100,282),('HPK2_2014',2,'* Päätettiin laajentaa työterveyshuollon sopimus sisältämään myös sairaudenhoito\r\n* Päätettiin pyytää sairauskuluvakuutuksen tarjoukset myös Ifistä ja Pohjolasta\r\n* Päätettiin työajanseurantajärjestelmästä\r\n* Päätettiin hyväksyä Leilan luonnostelema www-sivujen uudistus\r\n* Todettiin Leilan päivittäneen FB-sivut\r\n* Päätettiin, että vastedes hallituksen pöytäkirjat tarkistaa yksi pöytäkirjantarkastaja, sähköpostikokoukset allekirjoittavat kaikki','POYTAKIRJAT/hpk/HPK2_2014.doc','',0,'8','2014-02-27',8,100,283),('OPK1_2014',1,'Kevätkokouksen sääntömääräiset asiat: tilinpäätöksen 2013 käsittely ja hyväksyminen, Annikki Kilgast valittiin uudelleen hallituksen jäseneksi, keskusteltiin osuuskunnan myynnistä, markkinoinnista ja investoinneista, Eeva Silvennoinen kertoi 28.4.2014 pidetyn Työn tulevaisuus -seminaari itsensä työllistäjistä annista osuuskunnan näkökulmasta.','POYTAKIRJAT/opk/OPK1_2014.doc','',0,'10','2014-05-24',10,100,284),('HPK5_2014',2,'Keskusteltiin Acamedian imagosta, mm. logo, FB, käyntikortit, lomakkeet, Internet-sivut ym. Acamedian intraaan on tulossa työajan seuranta, josta osa jo valmiina testattavaksi. Keskusteltiin myös osuuskunnan markkinoinnista.\r\n','POYTAKIRJAT/hpk/HPK5_2014.docx','',0,'10','2014-05-24',10,100,285),('HPK8_2014',2,'* Eeva Silvennoinen esitti tekemänsä työajanseurannan Annikki Kilgastin työtehtävistä. Kirjanpitoa jatketaan. Tehtävien hoitamiseen budjetoitiin 5 h/kk. Annikki Kilgastin vaatimusta palkkion nostamisesta ei hyväksytty.  * Arja Krankille myönnettiin oikeus työharjoitteluun Acamediassa, ohjaajana Jari Tenhunen.  * Päätettiin, että bonusta ei jaeta, koska jaettavaa on vähän ja koska voi olla hyödyllisempää kasvattaa omaa pääomaa, mikäli vuosi päättyy voitollisena.  * Todettiin, että kevätkokouksen valitsemat tositetarkastajat Kristiina Karvonen ja Antti Saarela eivät ole käytettävissä. Päätettiin, että varalle valittu Ritva Vaure tekee tositetarkastuksen vuodelta 2013.  * Päätettiin, että kaikki osuuskunnan keskeneräiset pöytäkirjat tulee olla valmiina ja hyväksyttynä osuuskunnan syyskokoukseen 29.11.2014 mennessä.  * Käsiteltiin eri pankkien tarjouksia yrityspankkipalveluista. Vaikka oli saatu kuukausimaksuiltaan edullisempia tarjouksia, päätettiin pitää osuuskunnan tili edelleen OP:ssa. Tilin vaihtaminen on häiriöitä aiheuttava prosessi, jota saavutettava hintaetu ei riittäisi korvaamaan.  * Päätettiin, että Eeva Silvennoisen tehtävistä käytetään vast’edes titteliä 	hallintopäällikkö.','POYTAKIRJAT/hpk/HPK8_2014.doc','',0,'35','2014-11-06',35,100,290),('HPK1-2014',2,'Eeva Silvennoinen varapuheenjohtajaksi. Hallinnon työntekijöiden palkkiot pidetään samoina. Lennart Takanen Jäseneksi. Leila Tarvainen päivittää FB-sivut. Ritva Vaure tehnyt tositetarkistuksen. Työterveyshultoon oikeutetut: Tiina Rantanen, Timo Ripatti, Eeva Puhakainen, Kimmo Arho, Annikki Kilgast ja Ritva-Liisa Yrjölä. Tiina Rantaselle tarjotaan kuukausipalkkaista sopimusta.','POYTAKIRJAT/hpk/HPK1_2014.rtf','',0,'24','2014-01-23',24,100,286),('HPK6-2014',2,'Eini Nymanin jäsenyys vahvistettiin. Käyntikortteja tilataan. Nettisivut edistyvät. Kirjepohja valmistuu. Loppuvuoden hallituksen kokoukset kuun ekoina torstaina. Syyskokous pidetään 22.11.. Vanessa Riki otettiin koejäseneksi.','POYTAKIRJAT/hpk/HPK6_2014.rtf','',0,'24','2014-09-04',24,100,287),('HPK_7_2014',2,'Kokouksen 2.10.14 asiat:\r\n* Syyskokous 29.11. Ravintola Graniittilinnassa\r\n* Tarjoukset pankkipalveluista\r\n* Marika Lohi  kertoi Pankki2.0-aloitteesta\r\n* Annikki Kilgast ei ole enää marrkaskuun 2014 alusta käytettävissä Acamedian tehtäviin. Mikäli palkkiota nostetaan, myöhemmin ehkä on. Eeva Silvennoinen hoitaa Annikin tehtävät lokakuussa ja tekee työaikakirjanpidon, mistä nähdään miten paljon aikaa ao tehtäviin kuluu.\r\n* Päätettiin nostaa osuuskunnan sisäisten töiden palkkio 20 eurosta 28 euroon 2015 alusta. (Palkkapotin eli palkkakustannusten kokonaissumma)\r\n* Käyntikortteja oli halunnut 11 henkilöä, joille on painettu kaikkiaan 13 erilaista korttia.','POYTAKIRJAT/hpk/HPK7_2014.doc','',0,'8','2014-10-02',8,100,288),('HPK_201404',2,'Päätettiin kevätkokouksen ajasta ja paikasta: Eläintarhantie 18 lauantaina toukokuun 24. klo 14.00 alkaen.\r\nEeva Silvennoinen kertoi intraprojektin  vaiheesta.\r\nLeila Tarvaisella on meneillään osuuskunnen imagon kehittäminen, mistä enemmän kokouksessa.\r\n','POYTAKIRJAT/hpk/HPK_201404.doc','',0,'30','2014-05-24',30,100,289),('HPK9_2014',2,'* Päätettiin olla vahvistamatta Vanessa Rikin jäsenyyttä. * Päätettiin, että Facebookissa riittää olemassaolo ja yhteystiedot. * Todettiin, että Arja Krank voisi tehdä osuuskunta-aiheisia videoita työharjoittelujaksollaan 1.-3.2015. * Ritva Vaure listaa v. 2014 hallituksen kokoukseen osallistuneet tehtävineen. * Sovittin, että Leila Tarvaiselle maksetaan v. 2014 aikana 2000 euroa ja työn edettyä v. 2015 500 euroa osuuskunnalle tekemistä projekteista; logo, yritysilme, käyntikortit, kirjelomakkeet, nettisivujen rakenne, ilme, WordPress-pohja. * Hyväksyttiin Eeva Silvennoisen v. 2014 aikana tekemien intran päivitystöiden palkkakustannuksiksi 986 euroa esitetyn työaikakirjan pidon pohjalta. * Eeva Silvennoinen ei pyytänyt korvausta 10.-12.2014 hoitamistaan Annikki Kilgastin tehtävistä, koska ko. työtunnit mahtuivat Eevan omaan tuntimäärään. * Pankkipalvelut vaihdetaan Osuuspankin yrityspankkiin. Tilinkäyttöoikeudet myönnettiin Eeva Silvennoiselle, Hanna van Ingenille ja Jari Tenhuselle. Eeva pääkäyttäjäksi. * Päätettiin kysyä jäsenistöltä alustavaa mielipidettä Acamedian yhtiömuodon muuttamisesta osakeyhtiöksi. Samalla kysytään jäsenten toimialoista nettisivuja varten. * Tutkitaan edelleen toimitilatarjontaa. * Muodostetaan työryhmä uusien nettisivujen palvelulistan muodostamista varten. *  Päätettiin budjetoida Hanna van Ingenin tekemistä töistä 1.2015 alkaen 5 h/kk, 28e/h.','POYTAKIRJAT/hpk/HPK9_2014_.pdf','',0,'35','2014-12-04',35,100,291),('HPK3_2014',2,'Eini Nyman hyväksyttiin jäseneksi. * Eeva Silvennoinen kertoi käynnistään luovan työn tekijöiden taloudellista turvallisuutta koskevassa tilaisuudessa. * Päätettiin alustavasti kevätkokouksen pitopäiväksi 17.5. Ideoitiin koulutusosuutta. * Päätettiin tiedustella jäsenten tarpeita työajan seurannan suhteen. * Ideoitiin verkkokaupan liittämistä rakenteilla oleville nettisivuille. * Työterveyshuollon päivitys. Uuteen sopimukseen sisältyy myös sairaudenhoito. Joiden jäsenten lääkärikäynnit eivät kuuluneetkaan Kela-korvauksen piiriin. * Eeva Silvennoinen kertoi käynnistään RVM Investumissa. ','POYTAKIRJAT/hpk/HPK3_2014.doc','',0,'35','2014-03-27',35,100,292),('OPK_2_2014',1,'Syyskokous 29.11.14. Päätettiin osuuskunnan toimintatapojen muutoksista ja valittiin hallitus 2015: Ritva Vaure (pj), Timo Ripatti, Eeva Silvennoinen, Leila Tarvainen ja Jari Tenhunen. Varajäsenet Raija Mäki ja Anitra Rönkkö.','POYTAKIRJAT/opk/OKP_2_2014_29112014.doc','',0,'8','2014-11-29',8,100,293),('Hallitus_kokous_1_2015',2,'Päätettiin työterveyshuoltoon oikeutetut: Rantanen, Karske, Ripatti, Arho ja Rönkkö. Päätettiin Suvilahden kalustebudjetista: 350 €. Pidetään edelleen postilokero 958, Suvilahdessa on lukollinen postilaatikko no 38.Osuuskunta osallistui Vantaan Nice Heartsin yhteisöbondiin 200 €:lla. Päätettiin edelleen kehittää viestintää tiedotusta. Keskusteltiin osakeyhtiön perustamisesta, ja aiheesta jatketaan tulevissa kokouksissa. Tilauslomaketta ja www-sivuja kehitetään edelleen.','POYTAKIRJAT/opk/Hallitus_kokous_1_2015.docx','',0,'30','2015-02-05',30,100,294),('HPK_2_2015',2,'* Päätettiin työterveyshuoltoon oikeutetut 2015\r\n* Hyväksyttiin kalusto-ostot Suvilahteen\r\n* Päätettiin Acamedian hallintotöiden järjestämisestä huhtikuusta 2015 alkaen\r\n','POYTAKIRJAT/hpk/HKP_2_2015_05032015.doc','',0,'8','2015-03-05',8,100,295),('HPK4_2015',2,'* Hyväksyttiin 2014 tilinpäätös ja toimintakertomus\r\n* Päätettiin kutsua kevätkokous 5.6.2015 17:30\r\n* Päätettiin lopettaa Elisan puhelinliittymä ja vaihtaa prepaidiin\r\n* Päätettiin osuuskunnan työsopimuksista ja -suhteista','POYTAKIRJAT/hpk/HKP_4_2015_16052015.doc','',0,'8','2015-05-16',8,100,296),('HPK6_2015',2,'Haastateltiin kaksi mahdollista hallinnon työntekijää, jotka olivat Ella Tarvainen ja Sonja Silvennoinen. Päätettiin yrittää supistaa Eini Nymanin sopimusta 7,5 tuntiin, jotta saataisiin tunteja jaettua Ella Tarvaisen ja Sonja Silvennoisen töihin. Eeva Silvennoisella ja Eini Nymanilla on uuden toimistotilan avaimet. Kimmo Arho hankkii itselleen, Ritva Vaureelle ja Leila Tarvaiselle uudet avaimet. He maksavat ne itse. Tilaan ei liitetä käyttömaksuja ainakaan nyt. Postilaatikon avain jää toimistoon. Seuraavan vuoden hallitus päivittää nimenkirjoitusoikeudet. Kimmo Arho selvittää tilintarkastuksen hintaa. Ritva Vaureen mielestä tilintarkastus olisi asiallista. Puhelinliittymää vaihdettaneen taas. Eeva Silvennoinen päivittää työterveyshuollon suunnitelman. Hallituksen jäseniä kehotettiin aktiivisuuteen vanhojen kokousten pöytäkirjojen käsittelyn loppuunsaattamiseksi. Osuuskunnan syyskokous päätettiin pitää toimiston läheisyydessä, jotta halukkaat voivat tutustua tilaan. Hanna Kangasniemen jäsenyys vahvistettiin. Päätettiin jälleen kerran pitää osuuskunnan postiosoite postilokerolla. Osuuskunnan hallitus päätettiin kouluttaa hallintotöihin. Se sovitaan nettikalenterin avulla. ','POYTAKIRJAT/hpk/HPK6_2015.rtf','',0,'24','2015-10-14',24,100,297),('HPK5_2015',2,'Kokous 5/2015\r\n* Tilakysymykset Suvilahden jälkeen\r\n* Osoitteena jatkuu PL\r\n* Paluu kiinteään puhelimeen\r\n* Keskustelua hallinnon työntekijöistä\r\n* Alustavasti osuuskunnan kokous 28.11.','POYTAKIRJAT/hpk/HKP_5_2015_25092015.doc','application/msword',80384,'8','2015-09-25',8,1,298),('OKK1_2015',1,'Kevätkokous 05.06.2015, jossa vahvistettiin tilikauden 2014 tilinpäätös.Tlintarkastajaksi vuodelle 2015 valittiin Hanna van Ingen ja varatilintarkastajaksi Ritva Vaure. Hyväksyttiin koejäseniksi Hanna Kangasniemi ja Liisa Louhio. Katsottiin Katja Kotikoski eronneeksi jäsenyydestä.','POYTAKIRJAT/opk/OKKevatkokous2015.rtf','',0,'42','2015-06-05',42,100,299),('Acamcdia_HPK7_2015',2,'Päätettiin pankkiasioista käytöstä.','POYTAKIRJAT/hpk/Acamedia_HPK7_2015.docx','',0,'30','2015-11-20',30,100,300),('HPK8_2015',2,'Osuuskunnan syyskokous päätettiin pitää lauantaina 28.11.2015 alkaen klo 15:00. Keskusteltiin uuden tilan käytöstä ja avaimista. Todettiin, että työterveyshuolto Eiran sairaalaan on päivitetty seuraavaksi kaudeksi. Päätettiin, että Ella Tarvaiselle hankitaan oikeudet ja valtuudet osuuskunnan verotilille sekä oikeudet ilmoittaa TYEL Eteraan ja että Eeva Silvennoinen hoitaa asian Ella Tarvaisen työhön perehdyttämisen yhteydessä. Osuuskunnan pöytäkirjat hoidettava ajan tasalle ennen syyskokousta.','POYTAKIRJAT/hpk/HPK8_2015.rtf','',0,'10','2015-11-12',10,100,301),('20151128_Acamedia_syyskokous',1,'Syyskokous 28.11.2015 Acamedia osuuskunnan hallituksen jäseniksi vuodelle 2016 valittiin Ritva Vaure (pj) Kimmo Arho, Raija Mäki ja Leila Tarvainen. Varajäseniksi valittiin Lennart Takanen ja Eini Nyman. Kokouspalkkioita korotettiin.','POYTAKIRJAT/opk/20151128_Acamedia_syyskokous.doc','',0,'24','2015-11-28',24,100,302),('HPK_9_2015_281115',2,'Hallituksen kokous 28.11.2015. Lakkautettiin aputoiminimi Tulotili tt. Vahvistettiin Kaarina Leppämäen ero. Muokattiin Ella Tarvaisen työsopimusta ja valtuutettiin Eeva Silvennoinen allekirjoittamaan muokattu versio. ','POYTAKIRJAT/hpk/HPK_9_2015_281115.doc','',0,'24','2015-11-28',24,100,303),('HPK1-2016',2,'* Hallituksen varapuheenjohtajaksi valittiin Raija Mäki. * Kirjattiin osuuskunnan toimitilan avainten ja ovikorttien määrä ja haltijat. * Annikki Kilgastille ja Seppo Kilgastille myönnettiin ero osuuskunnasta, jäsenmaksu palautetaan. * Raija Mäki valtuutettiin ilmoittamaan Kaupparekisteriin rekisteröidyissä tiedoissa tapahtuneet muutokset. * Keskusteltiin Acamedian maksukorteista, pankkioikeuksista, osuuskunnan hallinnossa työskentelevien työsopimuksista sekä intrasta. * Osuuskunnan uusien nettisivujen sisällöntuotanto etenee aikataulussa. * Päivitettiin osuuskunnan nimenkirjoitusoikeutetut. Keskusteltiin eri tilimahdollisuuksista. * Allekirjoitettiin 2015 pöytäkirjoja.','POYTAKIRJAT/hpk/HPK1-2016.odt','',0,'35','2016-01-21',35,100,305),('HPK3_2016',2,'Vuoden 2016 hallituksen jäsenet ja nimenkirjoitusoikeutetut on päivitetty Kaupparekisteriin ja tilinkäyttöoikeutetut päivitetty pankkiin. Ketkä ovat vuonna 2016 oikeutetut terveystarkastukseen, Eeva Silvennoinen ilmoittaa. Uudeksi työterveyshuollon yhteyshenkilöksi valittiin Leila Tarvainen, koska Eeva Silvennoinen on ilmoittanut lopettavansa yhteyshenkilönä. Keskusteltiin vuoden 2015 alustavastaa tilinpäätöksestä. Päätettiin että kirjanpitäjän ja palkanmaksajan tehtävänä on seurata palkanmaksutilannetta tilikauden aikana, jotta yksittäisten palkkapottien vaikutus suhteessa osuuskunnan palkkoihin ja jaksotettaviin palkkoihin ei muodosta huomattavaa epäsuhtaa.','POYTAKIRJAT/hpk/HPK3_2016.rtf','',0,'10','2016-03-05',10,100,306),('HPK10-2015',2,'* Päätettiin maksaa Eeva Silvennoisen perustyöajan ylittäviltä työtunneilta tammi-marraskuulta 2015 tuntikirjanpidon mukaan sekä joulukuulta 2015 toteutuneiden työtuntien mukaan. * Valtuutettiin Eeva Silvennoinen lisäämään Sairaala Eiran  työterveyshuollon toimintasuunnitelmaamme Varhaisen tuen mallin sekä Päihdemallin. * Päätettiin muodostaa työryhmä uusien nettisivujen tekstisisällön tuottamiseksi. Ryhmään kuuluvat Eeva Puhakainen, Jari Tehnunen ja Leila Tarvainen. Kuvat suunnitellaan tekstin edistyessä. Kuvaryhmään kuuluvat Jari Tenhunen, Leila Tarvainen sekä Kimmo Arho, joka osallistuu kuvasuunnitteluun 10.1.2016 jälkeen. Kartoitettiin osittain projektin kustannuksia. Kustannukset tarkentuvat projektin käynnistymisen jälkeen. Alustavan suunnitelman mukaan sivut saadaan julkaisukuntoon keväällä 2016. * Kevään 2016 hallituksen kokoukset pidetään torstaisin 21.1., 18.2., 17.3. ja 21.4.','POYTAKIRJAT/hpk/HPK10-2015.odt','',0,'35','2015-12-09',35,100,304),('OPK1_2016',1,'Päätettiin taloudellisen tilanteen osittaiseksi vakauttamiseksi nostaa osuuskunnan provisiota seitsemästä prosentista (7%) kahdeksaan prosenttiin (8%) huhtikuun alusta alkaen. Taloudellisen tilanteen kohentamiseksi keskusteltiin muista toimenpiteistä. Todettiin, että tekeillä olevat uudet nettisivut saadaan julkaistuksi kevään 2016 aikana.','POYTAKIRJAT/opk/OPK1_2016.rtf','',0,'10','2016-03-05',10,100,307),('HPK4_2016',2,'Eeva Silvennoisen ja Antti Saarelan ero osuuskunnasta. Pï¿½ï¿½tettiin, ettï¿½ pyydetï¿½ï¿½n Eeva Silvennoinen tulemaan seuraavaan kokoukseen esittelemï¿½ï¿½n tasekirja ja tilinpï¿½ï¿½tï¿½s. Tyï¿½terveyshuollon yhteyshenkilï¿½ksi nimettiin Leila Tarvainen. Tyï¿½suojelupï¿½ï¿½llikï¿½n valinta siirrettiin seuraavaan kokoukseen. Eeva Silvennoinen irtisanoutui myï¿½s hallintopï¿½ï¿½llikï¿½n toimestaan. Irtisanomisaika pï¿½ï¿½ttyy 30.4.2016. Pï¿½ï¿½kï¿½yttï¿½jï¿½ksi osuuskunnan pankkitilille pï¿½ï¿½tettiin valita Kimmo Arho irtisanoutuneen Eeva Silvennoisen tilalle. Eevalta poistetaan tilinkï¿½yttï¿½oikeus ja pankkikortti 1.5.2016 alkaen.','POYTAKIRJAT/hpk/HPK4_2016.rtf','',0,'10','2016-03-31',10,100,308),('HPK5_2016',2,'Jï¿½senehdokas Katariina Hellas-Honkasaloa haastateltiin. Eeva Silvennoinen ei tullut paikalle esittelemï¿½ï¿½n tilinpï¿½ï¿½tï¿½stï¿½ eikï¿½ kertomaan hallintopï¿½ï¿½llikï¿½n ja kirjanpitï¿½jï¿½n tehtï¿½vistï¿½, jotta ne voitaisiin siirtï¿½ï¿½ muille osuuskunnan tyï¿½ntekijï¿½ille. Hï¿½n vastasi sï¿½hkï¿½postitse hï¿½nelle etukï¿½teen esitettyihin kysymyksiin. Kï¿½siteltiin tilinpï¿½ï¿½tï¿½stï¿½ vuodelta 2015. Osuuskunnan huonon taloustilanteen vuoksi eronneille ei palauteta osuusmaksua heti, vaan osuuskuntalain 17. luvun salliman mï¿½ï¿½rï¿½ajan kuluessa. ','POYTAKIRJAT/hpk/HPK5_2016.rtf','',0,'10','2016-04-07',10,100,309),('HPK6_2016',2,'Eeva Silvennoinen ei tullut pyynnï¿½stï¿½ huolimatta paikalle esittelemï¿½ï¿½n tilinpï¿½ï¿½tï¿½stï¿½, joten sitï¿½ ei nyt kï¿½sitelty. Keskusteltiin tyï¿½terveystarkastukseen oikeutuksen perusteista, voisiko niitï¿½ muuttaa. Tarkastukseen oikeutetut nykyisten perusteiden mukaan pï¿½ï¿½tettiin nimetï¿½ ja antaa oikeutetuille tiedoksi. Varmistetaan, ettï¿½ Eeva ohjeistaa ja delegoi intraan liittyvï¿½t tehtï¿½vï¿½t, jotka hï¿½n on yksin hoitanut tï¿½hï¿½n asti. Tï¿½ytettiin esimerkkimalli tyï¿½sopimukseksi Tyï¿½sopimuskaavakkeelle, jota jatkossa tullaan kï¿½yttï¿½mï¿½ï¿½n laadittaessa tyï¿½sopimuksia Acamedia osuuskunnan ja jï¿½senten vï¿½lillï¿½. Pï¿½ï¿½tettiin pitï¿½ï¿½ kevï¿½tkokous perjantaina 10.6.2016 klo 17.30 alkaen.','POYTAKIRJAT/hpk/HPK6_2016.rtf','',0,'10','2016-04-22',10,100,310),('HPK7_2016',2,'Katariina Hellas-Honkasalon jï¿½senyys, veroilmoitus, edustusoikeus, Eeva Silvennoisen kï¿½yttï¿½oikeudet Acamedian intraan ja sï¿½hkï¿½postiin suljetaan, yhteyshenkilï¿½t siirtymï¿½kaudella. ','POYTAKIRJAT/hpk/HPK7_2016.rtf','application/msword',6642,'10','2016-04-28',10,100,311),('HPK12-2016',2,'* Mari Meriläinen liittyi osuuskuntaan 7.7. * Osuuskunnan taloudellisen tilan kohtemiseen haetaan ratkaisuja kulujen leikkaamisella sekä jäsenhankinnalla. * Päätettiin irtisanoa toimitila ja myydä kalusteet. * OP-pankin uusi yhteyshenkilömme on Raija Mäki, pankin käyttöoikeudet poistettiin Eini Nymanilta ja Ritva Vaurelta.\r\n','POYTAKIRJAT/hpk/HPK12_2016.odt','',0,'35','2016-08-30',35,100,312),('HPK11-2016',2,'* Jäsenmaksut palautetaan eronneille jäsenille osuuskuntalain puitteissa. * Kiinteiden kulujen supistuskohteiksi nähtiin tilan irtisanominen ja taloushallinnon kulujen pienentäminen toteutunutta työmäärää vastaavaksi.','POYTAKIRJAT/hpk/HPK11_2016.odt','',0,'35','2016-08-10',35,100,313),('HPK10-2016',2,'* Jäsenehdokas Mari Meriläisen haastattelu. * OP-pankin kanssa on tehty verkkopalvelusopimus, pääkäyttäjänä Ella Tarvainen, Eini Nyman, yhtyshenkilö Kimmo Arho. * Päätettiin pyytää kirjanpitäjä Eila Farid katsomaan vuoden 2015 tilinpäätös sekä tase ja antamaan lausunnon niistä.','POYTAKIRJAT/hpk/HPK10_2016.odt','',0,'35','2016-07-07',35,100,314),('HPK9_2016',2,'* Hallituksen jäsenet allekirjoittivat 2015 tilinpäätöksen. Kommentoitiin kirjanpitäjän toimintaa v. 2015. * Kutsutaan kevätkokouksen jatkokous. * Taloushallinnon työntekijöiden palkat ja työajan tasaus 2-5/2016 sekä kesälomat. * Todettiin, että osuusmaksuja ja vararahastoa varten on mahdollista avata pankkitili, jonka avaamiseen on oikeus Kimmo Arholla. * Raija Mäki tulee pyytämään OP-vakuutuksesta tarjouksen lakisääteisistä vakuutuksista hintavertailua varten. * Osuuskunnan taloutta seurataan kuukausittain. Keskusteltiin kirjanpitopalvelujen hankkimista mm. intran toimintojen takia.','POYTAKIRJAT/hpk/HPK9_2016.odt','',0,'35','2016-06-21',35,100,315),('HPK8_2016',2,'* Uudet yhteyshenkilöt: If-vakuutusyhtiö, Eini Nyman ja Ella Tarvainen; Kiinteistöyhtiö IVG Polar, Kimmo Arho. Työsuojelupäällikköä ei vielä valittu. * Christina Bonare eroaa osuuskunnasta, koska asuu pysyvästi ulkomailla. * Ritva Vaure ilmoitti 23.5. eroavansa osuuskunnan puheenjohtajan tehtävästä. * Taloushallinnon työntekijöiden toteutuneiden työaikojen tarkastelu. * Otetaan yhteyttä jäsenehdokas Katariina Hellas-Honkasaloon. * Todettiin, että taseen ja tilinpäätöksen viimeisin versio allekirjoitetaan kevätkokouksessa. * Peruutetaan Eeva Silvennoisen ja Ritva Vauren nimenkirjoitusoikeudet, myönnetään nimenkirjoitusoikeus Kimmo Arholle. * Kevätkokouksen valmistelu. * Myönnettiin Kimmo Arholle oikeus perustaa osuuskunnalle tili OP-pankkiin osuuspääomaa ja vararahastoa varten hallituksen myöhemmin päättämänä ajankohtana.','POYTAKIRJAT/hpk/HPK8_2016.odt','',0,'35','2016-05-25',35,100,316),('HPK13_2016',2,'LakisÃ¤Ã¤teiset vakuutusten vaihto If:stÃ¤ OP-vakuutukseen 1.10.2016 alkaen. Toimitila on irtisanottu 1.9.2016 alkaen. Vuorasopimus pÃ¤Ã¤ttyy marraskuun lopussa. Kalusteet on laitettu myyntiin tori.fi. PÃ¤Ã¤tettiin tehdÃ¤ intran virheellisten vientien korjaukset suoraan tietokantaan. PyydetÃ¤Ã¤n Lennart Takasen tekemÃ¤Ã¤n ne. Tiina Rantasen Espanjan viinimatkan pÃ¤ivÃ¤rahat maksetaan, kun saadaan hÃ¤neltÃ¤ matkalasku. Aloitettiin syyskokouksen valmistelu. ','POYTAKIRJAT/hpk/HPK13_2016.pdf','application/pdf',148435,'10','2016-09-27',10,100,317),('HPK13_2016',2,'LakisÃ¤Ã¤teiset vakuutusten vaihto If:stÃ¤ OP-vakuutukseen 1.10.2016 alkaen. Toimitila on irtisanottu 1.9.2016 alkaen. Vuorasopimus pÃ¤Ã¤ttyy marraskuun lopussa. Kalusteet on laitettu myyntiin tori.fi. PÃ¤Ã¤tettiin tehdÃ¤ intran virheellisten vientien korjaukset suoraan tietokantaan. PyydetÃ¤Ã¤n Lennart Takasen tekemÃ¤Ã¤n ne. Tiina Rantasen Espanjan viinimatkan pÃ¤ivÃ¤rahat maksetaan, kun saadaan hÃ¤neltÃ¤ matkalasku. Aloitettiin syyskokouksen valmistelu. ','POYTAKIRJAT/hpk/HPK13_2016.pdf','application/pdf',148435,'10','2016-09-27',10,100,318),('HPK14_2016',2,'Toimistokalusteiden myynti jatkuu. Acamedian uusi toimitila on osoitteessa Haahkatie 2, 00200 Helsinki. Leila Tarvainen esitteli uusille nettisivuille suunnittelemaansa sisÃ¤ltÃ¶Ã¤. Tiina Rantasen Espanjan viinimatkan pÃ¤ivÃ¤raha on maksettu. Matkalasku ja kuitit pitÃ¤Ã¤ vielÃ¤ laittaa tositteiksi pÃ¤ivÃ¤rahavientiin. PÃ¤Ã¤tettiin, ettÃ¤ hallitus ei tee toistaiseksi mitÃ¤Ã¤n Blondi Productions -aputoiminimen irroittamiseksi Acamediasta. PÃ¤Ã¤tettiin poistaa eronneiden acamedia.fi postilaatikot. PÃ¤Ã¤tettiin siirtÃ¤Ã¤ Leila Tarvaisen elÃ¤kevakuutus Acamedia osuuskunnasta hÃ¤nelle itselleen. PÃ¤Ã¤tettiin, ettei enÃ¤Ã¤ makseta Tiina Rantasen keskeytysvakuutusta, koska hÃ¤n on eronnut osuuskunnasta. ','POYTAKIRJAT/hpk/HPK14_2016.pdf','application/pdf',163047,'10','2016-10-11',10,0,319),('HPK15_2016',2,'Toimistokalusteista on vielÃ¤ osa myymÃ¤ttÃ¤, joten myynti jatkuu. PÃ¤Ã¤tettiin irtisanoa Intrumin sopimus ennen uuden perusmaksukauden alkua 8.11.2016. PÃ¤Ã¤tettiin siirtÃ¤Ã¤ syyskokouksessa pÃ¤Ã¤tettÃ¤vÃ¤ksi tÃ¤mÃ¤n vuoden tilinpÃ¤Ã¤tÃ¶ksen tekijÃ¤n valinta ja vuoden 2017 kirjanpitÃ¤jÃ¤n valinta sekÃ¤ tyÃ¶suojelupÃ¤Ã¤llikÃ¶n valinta. Osuuskunnan taloudellinen tila on hiukan kohentunut. Syyskokouksen yhteydessÃ¤ pÃ¤Ã¤tettiin juhlia pikkujoulua pienimuotoisesti 25.11.2016.','POYTAKIRJAT/hpk/HPK15_2016.pdf','application/pdf',171089,'10','2016-10-25',10,0,320),('HPK16_2016',2,'Mari MerilÃ¤isen jÃ¤senyys vahvistettiin. KirjanpitÃ¤jÃ¤ vuodelle 2017. TilinpÃ¤Ã¤tÃ¶s 2016 ja sen tekijÃ¤. Kalusteiden myynti, kuljetus ja sÃ¤ilytys toimitilan vuokrasopimuksen pÃ¤Ã¤tyttyÃ¤. Intran pÃ¤ivitykset skandi-ongelman tultua palveluntarjoajan ohjelmapÃ¤ivityksen jÃ¤lkeen. Ella Tarvaisen lÃ¤hdettyÃ¤ vuoden 2017 alussa opiskelijavaihtoon tarvitaan tekijÃ¤ hoitamaan taloushallinnon tÃ¶itÃ¤. ','POYTAKIRJAT/hpk/HPK16_2016.rtf','application/msword',256045,'10','2016-11-25',10,2,321);

--
-- Table structure for table `toimittajat`
--

CREATE TABLE `toimittajat` (
  `id` int(11) NOT NULL AUTO_INCREMENT,
  `nimi` varchar(100) NOT NULL,
  `iban` varchar(45) NOT NULL,
  `bic` varchar(20) NOT NULL,
  `kustannuspaikka` int(11) NOT NULL,
  `yhteyshlo` varchar(150) DEFAULT NULL,
  `sposti` varchar(150) DEFAULT NULL,
  `puh` varchar(50) DEFAULT NULL,
  `katuosoite` varchar(100) DEFAULT NULL,
  `postino` varchar(10) DEFAULT NULL,
  `postitoimip` varchar(50) DEFAULT NULL,
  `tunnus` varchar(10) DEFAULT NULL,
  `muuta` tinytext,
  PRIMARY KEY (`id`),
  KEY `Kustannuspaikat` (`kustannuspaikka`)
) ENGINE=MyISAM AUTO_INCREMENT=167 DEFAULT CHARSET=latin1 COMMENT='Ostolaskujen suoritusten saajat';

--
-- Dumping data for table `toimittajat`
--

INSERT INTO `toimittajat` VALUES (14,'Dick GmbH','DE91750700130920143500','DEUTDEMM741',26,'-','info@mehr-als-werkzeug.de','+499919109901','Donaustr. 51','94526','Metten, GERMANY','DE12770275',''),(15,'Marko Pennanen','FI96 5500 0820 0264 52','OKOYFIHH',26,'Marko Pennanen','marko.pennanen@acamedia.fi, marko@markopennanen.fi','050-4900515','Varkkavuorenkatu 19 B 67','20320','Turku','',''),(5,'Trio-Offset','FI3621671800060793','NDEAFIHH',1000,'Johan Heino','','','Atomitie 5 F','00370','Helsinki','','Käyntikorttien painopaikka 201, edullinen'),(6,'Eeva Silvennoinen','FI1358001350019500','OKOYFIHH',8,'Eeva Silvennoinen','eeva.silvennoinen@acamedia.fi','041-530 5335','Untuvaisentie 5 B 68','00820','Helsinki','',''),(7,'Hanna van Ingen','HvI Nordea','Nordea',21,'Hanna van Ingen','hanna.van.ingen@acamedia.fi','0456308262','Myllypadontie 5 D 4','00920','Helsinki','',''),(8,'IF VAKUUTUS','FI2057100410007454','OKOYFIHH',1000,'PIENYRITYSPALVELUT ','','0105141500','PL 2012','00025','IF','','Tapaturma-, työttömyys- ja ryhmähenkivakuutusten maksutili VaKNO0010905110 '),(9,'Sakari Hannula','FI4766010003604022','AABAFI22',38,'Sakari Hannula','sakari@hannulat.net','','','','','',''),(10,'Saunalahti Group Oyj','FI0580001470824575','DABAFIHH',21,'','','','PL 5','00061','ELISA','1064333-3',''),(11,'Itella Posti Oyj','FI4250000120008841','OKOYFIHH',0,'','','','Postintaival / A','00230','Helsinki','0109357-9','postilokero'),(12,'Elisa Oyj','FI03 5000 0120 1496 11','OKOYFIHH',1000,'','','','PL 80','00061','ELISA','1702473-8',''),(16,'Soitin Laine Oy','FI8557100420008633','OKOYFIHH',26,'Katri Pajala','katri.pajala@soitinlaine.fi','022761636','Maariankatu 10','20100','Turku','0853443-7',''),(50,'Fimeko Oy','FI6515723000220277','NDEAFIHH',42,'Jorma Teittinen','fimeko@fimeko.fi','096962280','Lönnrotinkatu 31','00180','Helsinki','0303487-1',''),(17,'Int2000','FI51 6601 0001 0367 48','AABAFI22',8,'info@int2000.net, laskutus@int2000.net','info@int2000.net','','Veistämönaukio 1-3','20100',' Turku','FI21077824',''),(18,'Kaupparekisteri','FI pankkikortti','op',8,'EevaS','','','','','','',''),(19,'Verohallinto','FI96 5000 0121 4211 59','OKOYFIHH',1000,'','','','','','','','Ennakkoverot kuluva vuosi '),(21,'TVT Asunnot Oy','FI6457100420276925','OKOYFIHH',26,'Minna Toivoniemi','minna.toivoniemi@turku.fi','02-2624156','Käsityöläiskatu 3','20100','Turku','0872109-9',''),(22,'Magister Varnish Products','NL29ABNA0497251817','ABNANL2A',26,'Koen Padding','info@classicalvarnish.com','+31355772285','Charles Weddepohllaan 8','3739','Le Hollandese Rading, The Netherlands','NL12024426',''),(23,'Suomen Energiayhtiö Oy','FI7331313001210160','HANDFIHH',26,'-','info@energiayhtio.fi','0207789150','Hermannin rantatie 24','00580','Helsinki','1951171-6',''),(24,'Erkki Kuuttila','FI0780002916104945','DABAFIHH',1000,'Erkki Kuuttila','','','','','Karkkila','','Esko Pakkasen lanko, joka soitti 10v-juhlissa 8.4.2011'),(25,'Riva-Liisa Yrjölä','','',15,'Riva-Liisa Yrjölä','rly@iki.fi',NULL,NULL,NULL,NULL,NULL,'Rily ite, jos on maksanut kaupassa ja kulut maksetaan Rilyn omalle tilille.'),(26,'S Kilgast','FI09 2124 2000 0695 29','Sepontili',1000,'SK','sekilgast@yahoo.com','','','','','',''),(27,'Kameraseura ry','FI6780001500054797','DABAFIHH',1000,'Leena Saarela','talous@kamera-lehti.fi','0968224910','Lastenkodinkatu 5','00180','Helsinki','0116582-7',''),(28,'Wulff','FI','fhg',1000,'jhghj','jhg@jhg','','','','','','Pikku-Huopalahden myymälä'),(29,'MARKETTI','FI','sdfg',1000,'dfg','sdfg@sdfg','sdfg','','','','','Tätä toimittajaa voi käyttää, kun ostetaan kaupasta tarjottavaa kokouksiin'),(30,'ALKO','FI','xcv',1000,'xcv','xcv@xcv','','xcv','','','','Mikä vain myymälä'),(31,'Kaisan Cafe','FI','vv',1000,'','','','Tapiolan Stockmann','','','','Myyvät hyviä kakkuja ulos'),(32,'Annin juhlapalvelu/Manteli Oy','FI','dfg',1000,'dfg','dsfasdf@sldfgj','','Energiakatu','','','','Täältä ostettiin 10v-juhlien voileipäkakut'),(33,'Parkkimaksut','FI','c',1000,'cv','xcv@xcv','','','','','','Toimittaja, jonka alle voi kirjata parkkimaksuja'),(34,'Leila Tarvainen','FI2540551820104903','HELSFIHH',1000,'Leila Tarvainen','leila.tarvainen@dlc.fi','','','','','',''),(160,'Studio Tomi Heikkinen','FI67 8024 0710 1030 81','DABAFIHH',48,'Tomi Heikkinen','','045-1141 231','Lehtikummuntie 32 B','01690','Vantaa','2054332-8',''),(36,'Anders Jansson','FI4457211540046492','OKOYFIHH',22,'Anders Jansson','ajansson@suomi24.fi','044-5644102','Pohjoiskaari 6A24','00200','Helsinki','',''),(37,'INT2000 Oy','FI51 6601 0001 0367 48','AABAFI22',1000,'','laskutus@int2000.net','','Veistämönaukio 1-3','20100','Turku','21077824',''),(128,'Leila Kilgast','FI86 1470 3500 0688 07','NDEAFIHH',3,'Leila Kilgast','lakilgast@gmail.com','0401312910','','','','',''),(39,'Smartum Oy','FI1457219420043307','OKOFIHH',1000,'smartum','asiakaspalvelu@smartum.fi','','Salomoninkatu 17','00100','Helsinki','1057647-6','liikunta-kulttuurisetelit'),(40,'Tuoterengas','FI17 5612 1120 0143 83','OKOYIFHH',0,'','','','','','','0993644-6',''),(41,'Hämeen Kirjapaino Oy','FI123456','123456',35,'Juha Vaara','juha.vaara@hameenkp.fi','050 462 3321','Lautatarhankatu 600580 HELSINKI','00580','Helsinki','0457991-0',''),(42,'studio apris','578038-267873','OKOYIFHH',21,'Marjo Koivumäki','marjo@studioapris.fi','','asemakuja 3','02770','ESPOO','2369170-5',''),(43,'Helsingin kaupunki','FI78 5000 0120 2715 48','OKOYIFHH',1000,'Kulttuurikeskus','','','','','','FI02012566',''),(44,'Humac Oy','FI ??????????????????','?????????',42,'????????????','?????????','0102307380','Kauppakeskus Itäkeskus, Piazza','00930','HELSINKI','0940379+7','Apple kännykät ja tietokoneet, oheistuotteet ja tarvikkeet.'),(45,'AM Print Oy','FI7112573000537565','NDEAFIHH',1000,'','','','KORNETINTIE 4B ','00380','HELSINKI','','Käyntikorttien toinen painopaikka'),(46,'Valofirma','FI57 1132 3000 4230 80','OKOYFIHH',14,'Kaisa Uusitalo','kaisa.uusitalo@valofirma.fi','040-5050303','Beckerintie 1','00410 ','Hki','',''),(47,'Suomalainen Kirjakauppa','FI','-',35,'-','-','-','Iskoskuja 3','01600','Vantaa','0205361-6','-'),(49,'Intrum justitia','FI43 5780 0720 0269 59','OKOYFIHH',0,'Wille Kurki','','','','','','1470246-8',''),(51,'MacPeople Oy','FI????????????????','??????',42,'1100','?????????','0102307340','Eteläinen Rautatiekatu 10','00100','HELSINKI','FI07281511',''),(108,'ARBORETT OY / INVOICER / SUOMEN PALKKA.EU','FI55 1745 3000 0563 92','NDEAFIHH',48,'Pönkkä Camilla','info@palkka.eu','0400 419 754','Jokelankuja 4','04480','HAARAJOKI','2175163-9',''),(63,'Thunder & Lightning Trading Oy','FI37 3131 1000 5143 19','HANDFIHH',24,'','niko.tanhuala@thunderlightning.fi','','','','','2283390-0',''),(64,'Intrum justitia','FI43 5780 0720 0269 59','OKOYFIHH',1000,'Wille Kurki','','','','','','1470246-8',''),(65,'Moonsoft Oy','FI56 5410 0220 1357 61','OKOYFIHH',3,'Jussi-Pekka Korpela','jussi-pekka.korpela@moonsoft.fi','0207 439 502','Kimmeltie 3, 4. krs','FI-02110','Espoo','1912540-1','Adoben ohjelmisto-myyjä VAT FI19125401'),(55,'H:ginKaupunkiPysäköinti/Aca','FI','BIC',1000,'','','','','','','',''),(56,'Sairaala Eira Oy','FI36 4055 1820 0003 333','HELSFIHH',1000,'Minna Kantonen','','','','','','1991869-8',''),(58,'Leffaliput','FI','Joku',1000,'Jari Tenhunen','','','','','','','Kun ostetaan hlöstölle leffalippuja'),(59,'Tietoarmada','FI30 5165 0720 0635 36','OKOYFIHH',34,'Matti Kekäläinen','matti.kekalainen@tietoarmada.fi','045 1167 320','Keskuskatu 2 A 11','881100','Kontiolahti','1999532-7',''),(60,'Multitronic Oy','FI34 5552 2520 0035 64 ','OKOYFIHH',34,'','info@multitronic.fi',' 06-3197700','Korsholmanpuistikko 38','65100 ','Vaasa','1008670-9',''),(61,'SDL Global Solutions','IE10 ULSB 9850 1012 5271 23','ULSB IE 2D',34,'','','+353 1 205 0200','La Vallee House, Upper Dargle Road,  Bray Co. Wicklow, Ireland','','','IE 4873368',''),(62,'Soluto Oy','FI52 8000 1671 2628 80','DABAFIHH',34,'Kalle Kosomaa','kalle.kosomaa@soluto.fi','0207 790070','Vanha talvitie 2-6 a 7','00580','Helsinki','2084582-8',''),(66,'Päijät-Hämeen koulutuskonserni','FI1756121120014383','OKOYFIHH',21,'Jenni Helin','','','','','','',''),(67,'Työttömyysvakuutusrahasto','FI2150000120276745','OKOYFIHH',1000,'Oma asno 1145916','','','','','','','Vuodesta 2013-2014 työttömyysvakuutukset maksetaan rahastolle eikä Ifille.'),(68,'Viestintävirasto','FI27 5000 0120 3778 08','nordea',8,'','','','','','','','Tulotilin verkkotunnus'),(72,'Etera ','FI1350000110040382','OKOYFIHH',1000,'','','','','','','0117086-1',''),(70,'Helmi ry','FI2510113000269729','NDEAFIHH',3,'Arto Mansikkavuori','arto.mansikkavuori@mielenterveyshelmi.fi','0400-327649','Pasilan puistotie 7','00240','Helsinki','','Mielenterveysyhdistys HELMI ry\r\nPL 32, 00241 Helsinki\r\nPuhelin (keskus): (09) 8689 070'),(71,'Katja Kotikoski','FI4812713500019199','NDEAFIHH',36,'','katja.kotikoski@gmail.com','','','','','',''),(80,'Globetel Oy','FI2910173000205925','NDEAFIHH',21,'','','','','','','1094711-8',''),(69,'Tiina Rantanen','','',44,'Tiina Rantanen','tiina.j.rantanen@kolumbus.fi',NULL,NULL,NULL,NULL,NULL,'Älä enää poista minua!'),(73,'Dna Oy','FI65 5000 0120 2295 87','OKOYFIHH',21,'','','','PL 10','01044','DNA','0592509-6',''),(74,'Varnia Oy','FI4654100220046992','OKOYFIHH',36,'','varnia@varnia.fi','027221202','Myllypakantie 2','25410','Suomusjärvi','0202891-2',''),(75,'Suunnittelutoimisto Nina Lehos','FI5810203500046741','wwww',1000,'Nina Lehos','','','Haahkatie 2 A 2','00200','Helsinki','1588020-7',''),(76,'Eeva Puhakainen','FI77 1181 5000 0571 80','NDEAFIHH',45,'Eeva Puhakainen','eeva.puhakainen@gmail.com','0405306677','Etumetsäntie 10 A','00620','Helsinki','',''),(78,'Lasipalatsin Mediakeskus Oy','FI9615723000332627','NDEAFIHH',36,'Aini Tolonen','laskutus@lasipalatsi.fi','','Mannerheimintie 22-24','00100','Helsinki','1456725-1',''),(79,'Printservice Oy','FI8022851800004749','NDEAFIHH',14,'','','','','','','1982153-8',''),(81,'Oy Sitehold Ab','FI5957230220086420','OKOYFIHH',36,'Kantakaupungin Isännöinti','noora.virta@kh-yhtiot.fi','0966893442','Viikinkaari 6','00790','Helsinki','0641171-6',''),(82,'Oy K.G. ÖHMAN Ab','FI2815743000000073','NDEAFIHH',36,'','','09-351790','Teerikukontie 10-12','00700','Helsinki','0116246-6',''),(83,'Suomen Ilmailumuseosäätiö','FI9131313001105949','HANDFIHH',42,'','','','','','','1442039-9',''),(84,'Ceracon Ky','FI8855504120000133','OKOYFIHH',36,'Britt-Marie Smeds','info@ceracon.fi','','Sabbelsvägen 8','25900','Dalsbruk','0566446-3',''),(85,'Suomen Hostingpalvelu Oy','FI0211123000369857','NDEAFIHH',36,'','laskutus@hostingpalvelu.fi','0942579805','Pasilanraitio 5','00280','Helsinki','2180456-9',''),(86,'BP Puhakainen','FI77 1181 5000 0571 80','NDEAFIHH',1001,'Eeva Puhakainen','eeva.puhakainen@gmail.com','0405306677','Etumetsäntie 10 A','00620','Helsinki','',''),(87,'BP Rantanen','FI03 5780 0720 0942 21  ','OKOYFIHH',1001,'','tiina.j.rantanen@kolumbus.fi','040 5671700','','','','',''),(88,'Saimaan Kameraseura','FI53 4108 0010 0870 40','HELSFIHH',42,'Tommi Joutjärvi','tommi.joutjarvi@gmail.com','0407780978','????????','?????','???????????','??????????',''),(92,'Viljakaisen Kuva Oy','FI23 5790 4320 0041 25','OKOYFIHH',1001,'Timo Viljakainen','Timo Viljakainen <timo.viljakainen@welho.com>','+358 400 465617','Vanha talvitie 11 A ','00580 ','Helsinki','2347138-2','\r\niPhone +358 400 465617 . e-mail; timo.viljakainen@welho.com www.studiotimoviljakainen.fi\r\nPankkiyhteys: 579043-24125 IBAN  SWIFT(BIC)  Y-tunnus '),(93,'Juha Helasto Tmi','FI5340550010131056','helsfihh',1001,'Juha Helasto','juha.helasto@gmail.com','','','','','',''),(107,'Gigantti Hyvinkää','FI15 8058 1710 0028 92','DABAFIHH',44,'Anton Molin','data.hyvinkaa@gigantti.fi','+358 44 558 5931','Sillankorvankatu 19','05800','Hyvinkää','2103987-9','JH Caps Oy on firman toinen nimi'),(95,'Lennart Takanen','FI1080000710175996','DABAFIHH',48,'Lennart takanen','lennart.takanen@gmail.com','0407082294','inkiväärikuja 5d44','00990','helsinki','',''),(96,'Moonsoft Oy','FI56 5410 0220 1357 61','OKOYFIHH',42,'Jaana Martikainen','invoicing@moonsoft.fi','+358 207 439507','Kimmeltie 3, 4. krs','02110','ESPOO','1912540-1',''),(97,'Pohjola','FI7150000120001820','OKOYFIHH',1000,'','','','','','','',''),(98,'Pohjola','FI7150000120001820','OKOYFIHH',44,'','','','','','','',''),(99,'Scanseri Oy','FI7180001502129167','DABAFIHH',36,'Juha Tuohino','','0207619500','Itälahdenkatu 20 A','00210','Helsinki','0113833-5',''),(100,'Kirjavälitys','FI4515763000000154','ndeafihh',1001,'Etunimi Sukunimi','etunimi.sukunimi@kirjavalitys.fi','','Hakakalliontie 10','05460','Hyvinkää','0110031-0',''),(101,'Fotohovi Oy / Digitarvike.fi','FI4457414020039371','OKOYFIHH',42,'Heidi Kukkohovi','heidi@digitarvike.fi','0504042969','PL 20','90501','OULU','1972559-7',''),(102,'LähiTapiola Keskinäinen Vakuutusyhtiö','FI4836363001009810','TAPIFI22',36,'','','010192780','','02010','LÄHITAPIOLA','0211034-2',''),(103,'DNA Oy','FI2050000120268130','OKOYFIHH',36,'','','044144044','','','','0592509-6',''),(104,'Tmi Juha Helasto','FI5340550010131056','HELSFIHH',44,'healsto','','','Pajalahdentie 4 A 2','00200','Helsinki','2202380-1',''),(105,'Pearco','FI7112573000527962','NDEAFIHH',44,'','','','','','','1909519-3',''),(156,'Grano Oy','FI9550000120334098','OKOYFIHH',14,'','','','','','','',''),(157,'Pappila Penkkala Group Oy','FI2657105220074289','OKOYFIHH',0,'','','','','','','',''),(109,'MonsterBeauty','FI69 5780 3820 0974 09','OKOYFIHH',48,'Elisa Koivuniemi','lennart.takanen@gmail.com','0407082294','Hämeentie 40 A 8','00500','Helsinki','2232078-5',''),(110,'Suomen kameraseurojenliitto RY','FI','bic',48,'sakari mäkelä','sakari@sakari.fi','','KORKEAVUORENKATU 2 B F 72','00140','HELSINKI','0276104-9','suomen kameraseurojen kurssit'),(111,'Databest Oy','FI8115723000202820','NDEAFIHH',34,'Jouko Niemenlehto','myynti@databest.fi','050 466 3496','Lönnrotinkatu 42','00180','Helsinki','FI07162715',''),(112,'OY OSK. RAJALA','FI52 2049 3800 0201 44','NDEAFIHH',34,'','laskutus@rajalacamera.fi','0207530201','Yliopistokatu 13 PL 175','20101','Turku','FI01975221',''),(113,'FOTOHOVI OY','FI4457414020039371','OKOYFIHH',34,'','asiakaspalvelu@digitarvike.fi','','Myyntimiehenkuja 10 A 3','90410','Oulu','1972559-7',''),(114,'Telefoto','FI3457800710003141','OKOYFIHH',34,'','asiakaspalvelu@telefoto.fi','045-234 9079','Liisankatu 7','00170','Helsinki','1639228-0',''),(115,'Color-Kolmio Oy','FI45 2049 1800 0811 57','NDEAFIHH',48,'Kai Toivakka','kai.toivakka@colorkolmio.fi','+358207530344','pl 255','20101','turku','0140082-3',''),(116,'Painomerkki Oy','FI0940551120052505','HELSFIHH',3,'Arto Lintunen','arto.lintunen@painomerkki.fi','0922929821','Ratavartijankatu 2','00520','HELSINKI','1993330-2','ALV tunnus FI19933302'),(166,'Studio Tomi Heikkinen_takanen','FI67 8024 0710 1030 81','ads',0,'Tomi Heikkinen','','','','','','',''),(118,'Valolla Ky','FI5951510320011741','OKOYFIHH',42,'Kirmo Wilen','kirmo.wilen@valolla.fi','0400701453','Kirjavalanraitti 9','59410','Kirjavala','2168462-4',''),(119,'Timo Ripatti','FI?????????????','??????',42,'?????????','timoripatti@me.com','0405793135','Vanttitie 3 G 29','00980','Helsinki','????????',''),(120,'A.S.A.P. - Yhtiöt Oy','FI7012573000537292','NDEAFIHH',36,'Laskutus','asiakaspalvelu@tavarataksit.fi','098387600','Ohtolankatu 1','01510','Vantaa','2137208-1',''),(121,'Seppo Kilgast','FI Nordea','NDEAFIHH',4,'Seppo Kilgast','sekilgast@yahoo.com','0503306298','Lampuotilantie 40','00630','Helsinki','','Sepon tili Nordea'),(122,'Kimmo ARho','FIxcv','xcv',1000,'xcv','xcv','xcv','xcv','xcv','xcv','xcv','PAM'),(127,'Milan Annerkivi','FI','',1,'','','','','','','',''),(125,'Annikki Kilgast','FI','NDEAFIHH',3,'Annikki Kilgast','annikki.kilgast@acamedia.fi','0503306298','','','','','Pankki AK Nordea'),(129,'NeoGenesis Oy','IBAN FI81 5780 4120 0185 74','OKOYFIHH',48,'Marko Pitkanen','god@bombsquad.org','','Kivenlahdenkatu 5 D 33','02320','Espoo','1702473-8',''),(57,'Annikin entinen','sdfg','dfsg',3,NULL,'annikki.kilgast@acamedia.fi',NULL,NULL,NULL,NULL,NULL,NULL),(130,'PicaScript Oy','FI7014053000022924','NDAEFIHH',0,'','mika@picascript.fi','','','','','0844302-6',''),(131,'PicaScript Oy','FI7014053000022924','NDAEFIHH',1000,'xxxx','mika@picascript.fi','096221120','Itälahdenkatu 18 C','00210','Helsinki','0844302-6','mm. käyntikortit'),(132,'A-lehdet Oy','FI93 5000 0120 1649 66','OKOYFIHH',21,'','','','','','','FI17087907',''),(133,'Ritva-Liisa Yrjölä','FI','',15,'Ritva-Liisa Yrjölä','rly@iki.fi','050 406 6230','Pohjoiskaari 19 F 19','00200','Helsinki','','xxx'),(134,'Miina Karske','FI','',46,'','miina.karske@gmail.com','040-5164348','Pitkänkalliontanhua 3 c 9','02170','Espoo','',''),(135,'Kirjapaino Topnova Oy','FI7157801020003417','',36,'Pekka Ylärakkola','pekka.ylarakkola@topnova.fi','0104211530','Laippatie 13','00880','Helsinki','1615827-5',''),(136,'PAM','FI8955412820000348','xxxxx',1000,'Kimmo Arho','xxxxx','xxx','xxxxx','00210','xxxxx','xxxxx','kokoustila'),(137,'DNA Oy','FI3816603001014664','NDEAFIHH',34,'','','','PL 20','01044 DNA','','0592509-6',''),(138,'Oy Osk. Rajala','FI5220493800020144','NDEAFIHH',42,'Jani Gerkman','laskutus@rajalacamera.fi','0207530201','Yliopistonkatu 13, PL 175','20101','TURKU','0197522-1',''),(139,'Antti Saarela','FI','',34,'','antti.saarela@welho.com','0440399599','Tusantie 3','63300','Alavus','',''),(140,'Magito Oy','FI94 3636 3002 0638 57','TAPIFI22',0,'Ossi Kajas','info@magito.fi','0400-602311','Kaasutehtaankatu 1','00540','Helsinki','0851016-0','vuokra'),(141,'E-Datec Finland Oy','FI4210953006104804','',34,'','','06-4149866','Koulukatu 22','60100','Seinäjoki','0940360-7',''),(142,'Ravintola Lämpö tms','FI','dsfg',1000,'dasf','@','','Kaasutehtaankatu 1','','','','Jos syödään osuuskunnan piikkiin osuuskunnan asioissa'),(143,'BENSA-ASEMA','FI','dgfs',1000,'sdfgs','@','','','','','','Kun Acamedian asioissa on ajoa ja joudutaan tankkaamaan'),(144,'HUUTOKAUPPA','FI','dsfasdf',1000,'asdf','@','','','','','','Ostettiin konttorikalusteita huutokaupasta 201502, toimittaja siltä varalta, että tarvitaan myöhemminkin'),(145,'YTK','FI9020831800001954','hgjhg',49,'','','','','','','','Työttömyyskassa'),(146,'Eatbest Oy','FI8517453000034027','NDEAFIHH',42,'Tomi Laurila','tomi.laurila@eatbest.fi','0445557988','Björkhagantie 44','01120','Västerskog','2102606-6',''),(147,'minä itse','FI','',15,'','','','','','','',''),(148,'Verkkokauppa','FI','fghdfgh',8,'','','','','','','',''),(149,'Lea Saarelan kuolinpesä','FI84 1275 5000 0571 04','NDEAFIHH',34,'Antti Saarela','antti.saarela@welho.com','0440399599','Tusantie 3','63300','Alavus','','Kustannuspaikka 34, toinen yhteyshlö Henriikka Saarela'),(151,'Hyperactive Oy','FI3157803820082088','OKOYFIHH',42,'Niko Helle','niko.helle@hyperactive.fi','0503606274','Sorvaajankatu 3 C 50','00880','Helsinki','2494129-4',''),(152,'IVG Polar Oy','FI4223331800002596','NDEAFIHH',1000,'Viktoria Mönkkönen','viktoria.monkkonen@newsec.fi','020 7420 400','Kumpulantie 3','00520','Helsinki','0112832-1','Vanhan talvitien vuokranantaja'),(153,'Hanna Kangasniemi','FI','',51,'','','','','','','',''),(154,'Ella Tarvainen','FI','afhkahfajkh',1000,'Ella Tarvainen','ella.tarvainen@aalto.fi','0504306308','Riihitie 2 A 3','00330','Helsinki','','Postimerkit yms.'),(155,'Eini Nyman','FI0480002535616485 ','DABAFIHH',49,'Eini Nyman','eini.nyman@acamedia.fi','0503774581','Luotsikatu 12 a 5','00160','Helsinki','',''),(158,'Lindorff/Lennart','FI8515963000073629','NDEAFIHH',48,'Lennart Takanen','lennart.takanen@gmail.com','','','','','','Koneen osamaksusopimuksen veloittaja'),(159,'DNA','FI20 5000 0120 2681 30','OKOYFIHH',49,'','','','','','','0592509-6',''),(161,'Studio Tomi Heikkinen','FI67 8024 0710 1030 81','DABAFIHH',48,'Tomi Heikkinen','','045-1141 231','Lehtikummuntie 32 B','01690','Vantaa','2054332-8',''),(162,'Mangala Oy','FI88 3939 0001 2877 70','SBANFIHH',1000,'Eeva Silvennoinen','eeva.silvennoinen@mangala.fi','0415305335','','00820','HELSINKI','',''),(163,'IKEA','FI','dfs',0,'','','','','','','',''),(164,'IKEA','FI','dfs',0,'','','','','','','',''),(165,'Ritva Vaure','FI','abc',1000,'Ritva Vaure','rvaure@gmail.com','','','','','','-');

--
-- Table structure for table `yritys`
--

CREATE TABLE `yritys` (
  `id` int(11) NOT NULL AUTO_INCREMENT COMMENT 'Paaavain',
  `nimi` varchar(40) NOT NULL,
  `ytunnus` varchar(10) NOT NULL,
  `yhtiomuoto` varchar(30) NOT NULL,
  `perustettu` date NOT NULL DEFAULT '0000-00-00',
  `rekisteroity` date NOT NULL DEFAULT '0000-00-00' COMMENT 'Ensimmäinen rekisteröinti',
  `vikayhtiojarjestys` date NOT NULL DEFAULT '0000-00-00' COMMENT 'Viimeisen yhtiöjärjestyksen rekisteröimispv',
  `iban` varchar(22) NOT NULL COMMENT 'Pääasiallisen käyttötilin numero',
  `bic` varchar(10) NOT NULL COMMENT 'Käyttötilin BIC',
  `katuosoite` varchar(60) NOT NULL,
  `postinumero` varchar(16) NOT NULL,
  `postitoimipaikka` varchar(25) NOT NULL,
  `puhelin` varchar(25) NOT NULL,
  `sahkoposti` varchar(25) DEFAULT NULL,
  `www` varchar(25) DEFAULT NULL COMMENT 'Internetosoite',
  `saannot` varchar(100) DEFAULT NULL COMMENT 'polku sääntöihin palvelimella',
  PRIMARY KEY (`id`)
) ENGINE=MyISAM AUTO_INCREMENT=2 DEFAULT CHARSET=latin1 COMMENT='Yrityksen perustiedot';

--
-- Dumping data for table `yritys`
--

INSERT INTO `yritys` VALUES (1,'Acamedia osuuskunta','1702473-8','Osuuskunta','2001-04-08','2001-06-18','2010-09-16','FI11 5724 1120 0307 31','OKOYFIHH','posti: PL 958 (käynti: Vanha talvitie 11 C, 6. krs Huone 10)','00101 (00580)','Helsinki','HUOM! Uusi 044 23 6446 8','acamedia@acamedia.fi','www.acamedia.fi','http://www.intra.acamedia.fi/intra.php?ylataso=2&vid=36');


